000
CXUS55 KLBF 261200
CF6BBW
PRELIMINARY LOCAL CLIMATOLOGICAL DATA (WS FORM: F-6)

                                          STATION:   BROKEN BOW
                                          MONTH:     MAY
                                          YEAR:      2017
                                          LATITUDE:   41 26 N
                                          LONGITUDE:  99 39 W

  TEMPERATURE IN F:       :PCPN:    SNOW:  WIND      :SUNSHINE: SKY     :PK WND
================================================================================
1   2   3   4   5  6A  6B    7    8   9   10  11  12  13   14  15   16   17  18
                                     12Z  AVG MX 2MIN
DY MAX MIN AVG DEP HDD CDD  WTR  SNW DPTH SPD SPD DIR MIN PSBL S-S WX    SPD DR
================================================================================

 1  54  35  45  -8  20   0 0.03    M    M 13.6 28 310   M    M   3        35 320
 2  61  38  50  -4  15   0 0.00    M    M  9.9 21 320   M    M   4        24 330
 3  61  37  49  -5  16   0 0.08    M    M 10.6 29 340   M    M   5        36 340
 4  69  38  54  -1  11   0 0.00    M    M  6.6 20 340   M    M   0        23 350
 5  77  34  56   1   9   0 0.00    M    M  2.9 12 230   M    M   0        20 150
 6  82  44  63   8   2   0 0.00    M    M  6.7 17 160   M    M   0        26 170
 7  86  48  67  11   0   2 0.00    M    M 13.7 30 160   M    M   0        38 180
 8  83  51  67  11   0   2 0.00    M    M  8.3 22  10   M    M   0        27 360
 9  73  55  64   8   1   0    T    M    M 10.0 17  70   M    M   5 3      23  70
10  59  50  55  -2  10   0 0.45    M    M  8.8 25 220   M    M   9 3      30 210
11  69  46  58   1   7   0 0.00    M    M 11.5 25  40   M    M   3        32  30
12  75  38  57  -1   8   0 0.00    M    M  7.0 16 160   M    M   0        27 210
13  79  43  61   3   4   0 0.00    M    M 15.8 32 170   M    M   0        38 180
14  83  47  65   7   0   0 0.00    M    M 11.5 29 350   M    M   0        34 360
15  80  55  68   9   0   3 0.02    M    M 13.2 43 170   M    M   0 3      56 170
16  81  55  68   9   0   3 0.30  0.0    0  8.9 24 120   M    M   2 3      34 100
17  60  49  55  -4  10   0 0.20    M    M 15.6 35 340   M    M   9 1      44 340
18  50  48  49 -11  16   0 0.14    M    M 17.8 30  40   M    M  10 13     37  30
19  50  43  47 -13  18   0 0.55    M    M 14.3 30  10   M    M  10 1      38  10
20  43  35  39 -21  26   0 0.62    M    M 17.6 28 330   M    M   9 1      35 320
21  69  35  52  -9  13   0 0.00    M    M  9.5 20 320   M    M   0        25 300
22  71  42  57  -4   8   0    T    M    M 12.7 30 340   M    M   2        36 350
23  58  46  52  -9  13   0    T    M    M 17.6 31 350   M    M   8        38 350
24  67  38  53  -9  12   0 0.00    M    M  9.0 18 160   M    M   2        26 190
25   M   M   M   M   M   M    M    M    M   M   M   M   M    M   M         M  M
================================================================================
SM 1640 1050       219  10  2.39     0.0 273.1          M       81
================================================================================
AV 68.3 43.8                              11.4 FASTST   M    M   3    MAX(MPH)
                                 MISC ---->  # 43 170               # 56  170
================================================================================
NOTES:
# LAST OF SEVERAL OCCURRENCES

COLUMN 17 PEAK WIND IN M.P.H.

PRELIMINARY LOCAL CLIMATOLOGICAL DATA (WS FORM: F-6) , PAGE 2

                                          STATION:  BROKEN BOW
                                          MONTH:    MAY
                                          YEAR:     2017
                                          LATITUDE:   41 26 N
                                          LONGITUDE:  99 39 W

[TEMPERATURE DATA]      [PRECIPITATION DATA]       SYMBOLS USED IN COLUMN 16

AVERAGE MONTHLY: 56.0   TOTAL FOR MONTH:   2.39    1 = FOG OR MIST
DPTR FM NORMAL:  -1.8   DPTR FM NORMAL:   -0.67    2 = FOG REDUCING VISIBILITY
HIGHEST:    86 ON  7    GRTST 24HR  0.62 ON 20-20      TO 1/4 MILE OR LESS
LOWEST:     34 ON  5                               3 = THUNDER
                        SNOW, ICE PELLETS, HAIL    4 = ICE PELLETS
                        TOTAL MONTH:   0.0 INCH    5 = HAIL
                        GRTST 24HR     0.0         6 = FREEZING RAIN OR DRIZZLE
                        GRTST DEPTH:   0           7 = DUSTSTORM OR SANDSTORM:
                                                       VSBY 1/2 MILE OR LESS
                                                   8 = SMOKE OR HAZE
[NO. OF DAYS WITH]      [WEATHER - DAYS WITH]      9 = BLOWING SNOW
                                                   X = TORNADO
MAX 32 OR BELOW:   0    0.01 INCH OR MORE:   9
MAX 90 OR ABOVE:   0    0.10 INCH OR MORE:   6
MIN 32 OR BELOW:   0    0.50 INCH OR MORE:   2
MIN  0 OR BELOW:   0    1.00 INCH OR MORE:   0

[HDD (BASE 65) ]
TOTAL THIS MO.   219    CLEAR  (SCALE 0-3)  13
DPTR FM NORMAL    18    PTCLDY (SCALE 4-7)   5
TOTAL FM JUL 1  5753    CLOUDY (SCALE 8-10)  6
DPTR FM NORMAL  -828

[CDD (BASE 65) ]
TOTAL THIS MO.    10
DPTR FM NORMAL   -10    [PRESSURE DATA]
TOTAL FM JAN 1    11    HIGHEST SLP M ON M
DPTR FM NORMAL   -10    LOWEST  SLP 29.36 ON 17

[REMARKS]
