185
CXUS55 KLBF 221200
CF6BBW
PRELIMINARY LOCAL CLIMATOLOGICAL DATA (WS FORM: F-6)

                                          STATION:   BROKEN BOW
                                          MONTH:     JULY
                                          YEAR:      2017
                                          LATITUDE:   41 26 N
                                          LONGITUDE:  99 39 W

  TEMPERATURE IN F:       :PCPN:    SNOW:  WIND      :SUNSHINE: SKY     :PK WND
================================================================================
1   2   3   4   5  6A  6B    7    8   9   10  11  12  13   14  15   16   17  18
                                     12Z  AVG MX 2MIN
DY MAX MIN AVG DEP HDD CDD  WTR  SNW DPTH SPD SPD DIR MIN PSBL S-S WX    SPD DR
================================================================================

 1  89  50  70  -3   0   5    T    M    M  7.4 20 240   M    M   2        28 250
 2  93  61  77   4   0  12 0.74    M    M  8.8 36  40   M    M   2 138    45  50
 3  87  59  73   0   0   8 0.00    M    M  6.1 18 360   M    M   0        24 340
 4  88  62  75   2   0  10 0.00    M    M  5.2 16 150   M    M   0        23 180
 5  92  62  77   3   0  12 0.00    M    M  7.5 15 160   M    M   0 1      19 150
 6 101  66  84  10   0  19 0.03    M    M  8.8 24  70   M    M   0 3      30  90
 7  84  59  72  -2   0   7    T    M    M  5.8 17  60   M    M   1        23  50
 8  96  58  77   3   0  12 0.00    M    M  4.4 22  80   M    M   1        29  90
 9 100  61  81   7   0  16 0.00    M    M  4.5 16 190   M    M   0        22 190
10  92  65  79   5   0  14 0.11    M    M  8.7 26 270   M    M   0 3      35 270
11  92  69  81   7   0  16 0.01    M    M  7.7 23 130   M    M   2 3      32 140
12  79  67  73  -1   0   8 0.17    M    M  7.3 28  50   M    M   5 13     38  40
13  86  62  74   0   0   9 0.00    M    M  6.7 13  10   M    M   1        17  10
14  91  59  75   1   0  10 0.00    M    M  5.0 17 170   M    M   4 12     25 180
15  96  60  78   4   0  13 0.00    M    M  4.3 16 180   M    M   0 1      26 190
16  95  62  79   4   0  14 0.00  0.0    0  4.7 20 180   M    M   0        26 190
17  92  65  79   4   0  14 0.02    M    M  9.5 29 210   M    M   1 138    40 200
18  89  68  79   4   0  14 0.10    M    M  7.8 22 180   M    M   2 3      27 180
19 100  71  86  11   0  21 0.00    M    M 10.8 29 190   M    M   2 12     40 190
20  92  68  80   5   0  15    T    M    M  8.7 21  70   M    M   1        29  90
21 103  68  86  11   0  21 0.00    M    M  5.8 22  50   M    M   0        32  40
================================================================================
SM 1937 1322         0 270  1.18     0.0 145.5          M       24
================================================================================
AV 92.2 63.0                               6.9 FASTST   M    M   1    MAX(MPH)
                                 MISC ---->  # 36  40               # 45   50
================================================================================
NOTES:
# LAST OF SEVERAL OCCURRENCES

COLUMN 17 PEAK WIND IN M.P.H.

PRELIMINARY LOCAL CLIMATOLOGICAL DATA (WS FORM: F-6) , PAGE 2

                                          STATION:  BROKEN BOW
                                          MONTH:    JULY
                                          YEAR:     2017
                                          LATITUDE:   41 26 N
                                          LONGITUDE:  99 39 W

[TEMPERATURE DATA]      [PRECIPITATION DATA]       SYMBOLS USED IN COLUMN 16

AVERAGE MONTHLY: 77.6   TOTAL FOR MONTH:   1.18    1 = FOG OR MIST
DPTR FM NORMAL:   3.5   DPTR FM NORMAL:   -0.80    2 = FOG REDUCING VISIBILITY
HIGHEST:   103 ON 21    GRTST 24HR  0.74 ON  2- 2      TO 1/4 MILE OR LESS
LOWEST:     50 ON  1                               3 = THUNDER
                        SNOW, ICE PELLETS, HAIL    4 = ICE PELLETS
                        TOTAL MONTH:   0.0 INCH    5 = HAIL
                        GRTST 24HR     0.0         6 = FREEZING RAIN OR DRIZZLE
                        GRTST DEPTH:   0           7 = DUSTSTORM OR SANDSTORM:
                                                       VSBY 1/2 MILE OR LESS
                                                   8 = SMOKE OR HAZE
[NO. OF DAYS WITH]      [WEATHER - DAYS WITH]      9 = BLOWING SNOW
                                                   X = TORNADO
MAX 32 OR BELOW:   0    0.01 INCH OR MORE:   7
MAX 90 OR ABOVE:  14    0.10 INCH OR MORE:   4
MIN 32 OR BELOW:   0    0.50 INCH OR MORE:   1
MIN  0 OR BELOW:   0    1.00 INCH OR MORE:   0

[HDD (BASE 65) ]
TOTAL THIS MO.     0    CLEAR  (SCALE 0-3)  19
DPTR FM NORMAL     0    PTCLDY (SCALE 4-7)   2
TOTAL FM JUL 1     0    CLOUDY (SCALE 8-10)  0
DPTR FM NORMAL     0

[CDD (BASE 65) ]
TOTAL THIS MO.   270
DPTR FM NORMAL    77    [PRESSURE DATA]
TOTAL FM JAN 1   508    HIGHEST SLP M ON M
DPTR FM NORMAL   129    LOWEST  SLP 29.67 ON 11

[REMARKS]
