000
CDUS46 KLOX 220913
CLICQT


CLIMATE REPORT
NATIONAL WEATHER SERVICE LOS ANGELES/OXNARD CA
112 AM PST SAT NOV 22 2014


...................................

...THE DOWNTOWN LOS ANGELES (USC) CA CLIMATE SUMMARY FOR NOVEMBER 21 2014...

CLIMATE NORMAL PERIOD 1981 TO 2010
CLIMATE RECORD PERIOD 1877 TO 2014


WEATHER ITEM   OBSERVED TIME   RECORD YEAR NORMAL DEPARTURE LAST
                VALUE   (LST)  VALUE       VALUE  FROM      YEAR
                                                  NORMAL
..................................................................
TEMPERATURE (F)
 YESTERDAY
  MAXIMUM         73   1241 PM  93    1924  71      2       65
  MINIMUM         55    608 AM  39    1905  51      4       57
  AVERAGE         64                        61      3       61

PRECIPITATION (IN)
  YESTERDAY        0.00          2.97 1967   0.04  -0.04     0.29
  MONTH TO DATE    0.18                      0.65  -0.47     0.34
  SINCE JUL 1      0.48                      1.60  -1.12     0.49
  SINCE JAN 1      5.59                     12.21  -6.62     3.12

SNOWFALL (IN)
  YESTERDAY        0.0
  MONTH TO DATE    0.0
  SINCE SEP 1      0.0
  SINCE JUL 1      0.0

DEGREE DAYS
 HEATING
  YESTERDAY        1                         5     -4        4
  MONTH TO DATE   17                        63    -46       21
  SINCE SEP 1     17                        83    -66       45
  SINCE JUL 1     17                        83    -66       45

 COOLING
  YESTERDAY        0                         1     -1        0
  MONTH TO DATE   41                        31     10       45
  SINCE SEP 1    646                       404    242      404
  SINCE JAN 1   1723                      1238    485     1209
..................................................................


WIND (MPH)
  HIGHEST WIND SPEED     7   HIGHEST WIND DIRECTION     W (280)
  HIGHEST GUST SPEED    11   HIGHEST GUST DIRECTION     W (270)
  AVERAGE WIND SPEED     1.5


SKY COVER
  POSSIBLE SUNSHINE  MM
  AVERAGE SKY COVER 0.1


WEATHER CONDITIONS
 THE FOLLOWING WEATHER WAS RECORDED YESTERDAY.
  NO SIGNIFICANT WEATHER WAS OBSERVED.


RELATIVE HUMIDITY (PERCENT)
 HIGHEST    86           300 AM
 LOWEST     40           400 PM
 AVERAGE    63

..........................................................


THE DOWNTOWN LOS ANGELES (USC) CA CLIMATE NORMALS FOR TODAY
                         NORMAL    RECORD    YEAR
 MAXIMUM TEMPERATURE (F)   71        89      1950
 MINIMUM TEMPERATURE (F)   50        36      1882


SUNRISE AND SUNSET
NOVEMBER 22 2014......SUNRISE   632 AM PST   SUNSET   446 PM PST
NOVEMBER 23 2014......SUNRISE   633 AM PST   SUNSET   446 PM PST


-  INDICATES NEGATIVE NUMBERS.
R  INDICATES RECORD WAS SET OR TIED.
MM INDICATES DATA IS MISSING.
T  INDICATES TRACE AMOUNT.




$$
