000
CDUS46 KLOX 280111
CLICQT


CLIMATE REPORT
NATIONAL WEATHER SERVICE LOS ANGELES/OXNARD CA
611 PM PDT WED APR 27 2016


...................................

...THE DOWNTOWN LOS ANGELES (USC) CA CLIMATE SUMMARY FOR APRIL 27 2016...
VALID TODAY AS OF 0600 PM LOCAL TIME.

CLIMATE NORMAL PERIOD 1981 TO 2010
CLIMATE RECORD PERIOD 1877 TO 2016


WEATHER ITEM   OBSERVED TIME   RECORD YEAR NORMAL DEPARTURE LAST
                VALUE   (LST)  VALUE       VALUE  FROM      YEAR
                                                  NORMAL
..................................................................
TEMPERATURE (F)
 TODAY
  MAXIMUM         70   1149 AM 102    2004  74     -4       82
  MINIMUM         55    512 AM  41    1900  55      0       57
  AVERAGE         63                        64     -1       70

PRECIPITATION (IN)
  TODAY            0.00          0.82 1960   0.02  -0.02     0.00
  MONTH TO DATE    0.24                      0.84  -0.60     0.13
  SINCE OCT 1      6.83                     14.22  -7.39     7.53
  SINCE JAN 1      5.80                     10.19  -4.39     2.92

SNOWFALL (IN)
  TODAY            0.0
  MONTH TO DATE    0.0
  SINCE MAR 1      0.0
  SINCE JUL 1      0.0

DEGREE DAYS
 HEATING
  TODAY            2                         3     -1        0
  MONTH TO DATE   20                        93    -73       37
  SINCE MAR 1     92                       250   -158       66
  SINCE JUL 1    732                      1025   -293      429

 COOLING
  TODAY            0                         2     -2        5
  MONTH TO DATE   81                        37     44       41
  SINCE MAR 1    104                        57     47      178
  SINCE JAN 1    179                        80     99      235
..................................................................


WIND (MPH)
  HIGHEST WIND SPEED    13   HIGHEST WIND DIRECTION     W (270)
  HIGHEST GUST SPEED    21   HIGHEST GUST DIRECTION     W (280)
  AVERAGE WIND SPEED     2.8


SKY COVER
  POSSIBLE SUNSHINE  MM
  AVERAGE SKY COVER 0.0


WEATHER CONDITIONS
 THE FOLLOWING WEATHER WAS RECORDED TODAY.
  HAZE


RELATIVE HUMIDITY (PERCENT)
 HIGHEST    77           100 AM
 LOWEST     42           200 PM
 AVERAGE    60

..........................................................


THE DOWNTOWN LOS ANGELES (USC) CA CLIMATE NORMALS FOR TOMORROW
                         NORMAL    RECORD    YEAR
 MAXIMUM TEMPERATURE (F)   74        96      2008
 MINIMUM TEMPERATURE (F)   55        41      1900
                                             1894


SUNRISE AND SUNSET
APRIL 27 2016.........SUNRISE   608 AM PDT   SUNSET   734 PM PDT
APRIL 28 2016.........SUNRISE   606 AM PDT   SUNSET   735 PM PDT


-  INDICATES NEGATIVE NUMBERS.
R  INDICATES RECORD WAS SET OR TIED.
MM INDICATES DATA IS MISSING.
T  INDICATES TRACE AMOUNT.




$$
