000
CDUS46 KLOX 170913
CLICQT


CLIMATE REPORT
NATIONAL WEATHER SERVICE LOS ANGELES/OXNARD CA
213 AM PDT THU APR 17 2014


...................................

...THE DOWNTOWN LOS ANGELES (USC) CA CLIMATE SUMMARY FOR APRIL 16 2014...

CLIMATE NORMAL PERIOD 1981 TO 2010
CLIMATE RECORD PERIOD 1877 TO 2014


WEATHER ITEM   OBSERVED TIME   RECORD YEAR NORMAL DEPARTURE LAST
                VALUE   (LST)  VALUE       VALUE  FROM      YEAR
                                                  NORMAL
..................................................................
TEMPERATURE (F)
 YESTERDAY
  MAXIMUM         73   1116 AM  91    2011  73      0       67
  MINIMUM         57    415 AM  42    1917  54      3       50
  AVERAGE         65                        63      2       59

PRECIPITATION (IN)
  YESTERDAY        0.00          2.10 1903   0.03  -0.03     0.00
  MONTH TO DATE    0.29                      0.57  -0.28      T
  SINCE JUL 1      6.02                     14.24  -8.22     5.14
  SINCE JAN 1      5.05                      9.92  -4.87     1.92

SNOWFALL (IN)
  YESTERDAY        0.0
  MONTH TO DATE    0.0
  SINCE MAR 1      0.0
  SINCE JUL 1      0.0

DEGREE DAYS
 HEATING
  YESTERDAY        0                         3     -3        6
  MONTH TO DATE   40                        60    -20       36
  SINCE MAR 1    103                       217   -114      131
  SINCE JUL 1    580                       992   -412      906

 COOLING
  YESTERDAY        0                         1     -1        0
  MONTH TO DATE   24                        16      8        2
  SINCE MAR 1     53                        36     17       15
  SINCE JAN 1     76                        59     17       23
..................................................................


WIND (MPH)
  HIGHEST WIND SPEED     9   HIGHEST WIND DIRECTION     W (270)
  HIGHEST GUST SPEED    18   HIGHEST GUST DIRECTION     W (270)
  AVERAGE WIND SPEED     2.5


SKY COVER
  POSSIBLE SUNSHINE  MM
  AVERAGE SKY COVER 0.3


WEATHER CONDITIONS
 THE FOLLOWING WEATHER WAS RECORDED YESTERDAY.
  HAZE


RELATIVE HUMIDITY (PERCENT)
 HIGHEST    86           100 AM
 LOWEST     53          1100 AM
 AVERAGE    70

..........................................................


THE DOWNTOWN LOS ANGELES (USC) CA CLIMATE NORMALS FOR TODAY
                         NORMAL    RECORD    YEAR
 MAXIMUM TEMPERATURE (F)   73        90      1999
 MINIMUM TEMPERATURE (F)   54        40      1896


SUNRISE AND SUNSET
APRIL 17 2014.........SUNRISE   620 AM PDT   SUNSET   726 PM PDT
APRIL 18 2014.........SUNRISE   618 AM PDT   SUNSET   727 PM PDT


-  INDICATES NEGATIVE NUMBERS.
R  INDICATES RECORD WAS SET OR TIED.
MM INDICATES DATA IS MISSING.
T  INDICATES TRACE AMOUNT.




$$
