000
CDUS46 KLOX 190115
CLICQT


CLIMATE REPORT
NATIONAL WEATHER SERVICE LOS ANGELES/OXNARD CA
615 PM PDT THU SEP 18 2014


...................................

...THE DOWNTOWN LOS ANGELES (USC) CA CLIMATE SUMMARY FOR SEPTEMBER 18 2014...
VALID TODAY AS OF 0600 PM LOCAL TIME.

CLIMATE NORMAL PERIOD 1981 TO 2010
CLIMATE RECORD PERIOD 1877 TO 2014


WEATHER ITEM   OBSERVED TIME   RECORD YEAR NORMAL DEPARTURE LAST
                VALUE   (LST)  VALUE       VALUE  FROM      YEAR
                                                  NORMAL
..................................................................
TEMPERATURE (F)
 TODAY
  MAXIMUM         81   1042 AM 103    1939  83     -2       79
  MINIMUM         67    552 AM  48    1884  63      4       63
  AVERAGE         74                        73      1       71

PRECIPITATION (IN)
  TODAY            0.00          1.39 1965   0.01  -0.01     0.00
  MONTH TO DATE    0.01                      0.09  -0.08     0.00
  SINCE JUL 1      0.05                      0.14  -0.09     0.09
  SINCE JAN 1      5.16                     10.75  -5.59     2.72

SNOWFALL (IN)
  TODAY            0.0
  MONTH TO DATE    0.0
  SINCE SEP 1      0.0
  SINCE JUL 1      0.0

DEGREE DAYS
 HEATING
  TODAY            0                         0      0        0
  MONTH TO DATE    0                         0      0        0
  SINCE SEP 1      0                         0      0        0
  SINCE JUL 1      0                         0      0        0

 COOLING
  TODAY            9                         8      1        6
  MONTH TO DATE  256                       157     99      187
  SINCE SEP 1    256                       157     99      187
  SINCE JAN 1   1333                       991    342      992
..................................................................


WIND (MPH)
  HIGHEST WIND SPEED    10   HIGHEST WIND DIRECTION     W (270)
  HIGHEST GUST SPEED    17   HIGHEST GUST DIRECTION     W (280)
  AVERAGE WIND SPEED     3.2


SKY COVER
  POSSIBLE SUNSHINE  MM
  AVERAGE SKY COVER 0.0


WEATHER CONDITIONS
 THE FOLLOWING WEATHER WAS RECORDED TODAY.
  NO SIGNIFICANT WEATHER WAS OBSERVED.


RELATIVE HUMIDITY (PERCENT)
 HIGHEST    76           600 AM
 LOWEST     54          1000 AM
 AVERAGE    65

..........................................................


THE DOWNTOWN LOS ANGELES (USC) CA CLIMATE NORMALS FOR TOMORROW
                         NORMAL    RECORD    YEAR
 MAXIMUM TEMPERATURE (F)   83       104      1939
 MINIMUM TEMPERATURE (F)   63        49      1907


SUNRISE AND SUNSET
SEPTEMBER 18 2014.....SUNRISE   638 AM PDT   SUNSET   655 PM PDT
SEPTEMBER 19 2014.....SUNRISE   639 AM PDT   SUNSET   654 PM PDT


-  INDICATES NEGATIVE NUMBERS.
R  INDICATES RECORD WAS SET OR TIED.
MM INDICATES DATA IS MISSING.
T  INDICATES TRACE AMOUNT.




$$
