000
CDUS46 KLOX 162225
CLICQT


CLIMATE REPORT
NATIONAL WEATHER SERVICE LOS ANGELES/OXNARD CA
225 PM PST TUE DEC 16 2014


...................................

...THE DOWNTOWN LOS ANGELES (USC) CA CLIMATE SUMMARY FOR DECEMBER 16 2014...
VALID AS OF 0200 PM LOCAL TIME.

CLIMATE NORMAL PERIOD 1981 TO 2010
CLIMATE RECORD PERIOD 1877 TO 2014


WEATHER ITEM   OBSERVED TIME   RECORD YEAR NORMAL DEPARTURE LAST
                VALUE   (LST)  VALUE       VALUE  FROM      YEAR
                                                  NORMAL
..................................................................
TEMPERATURE (F)
 TODAY
  MAXIMUM         60   1219 PM  89    1980  67     -7       85
  MINIMUM         54    929 AM  37    1897  47      7       60
  AVERAGE         57                        57      0       73

PRECIPITATION (IN)
  TODAY            0.32          1.96 2002   0.07   0.25     0.00
  MONTH TO DATE    3.45                      0.98   2.47     0.09
  SINCE JUL 1      4.23                      2.97   1.26     0.86
  SINCE JAN 1      9.34                     13.58  -4.24     3.49

SNOWFALL (IN)
  TODAY            0.0
  MONTH TO DATE    0.0
  SINCE DEC 1      0.0
  SINCE JUL 1      0.0

DEGREE DAYS
 HEATING
  TODAY            8                         8      0        0
  MONTH TO DATE   54                       117    -63      132
  SINCE DEC 1     54                       117    -63      132
  SINCE JUL 1     77                       248   -171      213

 COOLING
  TODAY            0                         0      0        8
  MONTH TO DATE    2                         0      2        9
  SINCE DEC 1      2                         0      2        9
  SINCE JAN 1   1747                      1240    507     1218
..................................................................


WIND (MPH)
  HIGHEST WIND SPEED     7   HIGHEST WIND DIRECTION     E (90)
  HIGHEST GUST SPEED    10   HIGHEST GUST DIRECTION     E (100)
  AVERAGE WIND SPEED     1.5


SKY COVER
  POSSIBLE SUNSHINE  MM
  AVERAGE SKY COVER 0.9


WEATHER CONDITIONS
 THE FOLLOWING WEATHER WAS RECORDED TODAY.
  HEAVY RAIN
  RAIN
  LIGHT RAIN
  FOG


RELATIVE HUMIDITY (PERCENT)
 HIGHEST    93           600 AM
 LOWEST     67           100 AM
 AVERAGE    80

..........................................................


THE DOWNTOWN LOS ANGELES (USC) CA CLIMATE NORMALS FOR TOMORROW
                         NORMAL    RECORD    YEAR
 MAXIMUM TEMPERATURE (F)   67        85      1998
 MINIMUM TEMPERATURE (F)   47        34      1895


SUNRISE AND SUNSET
DECEMBER 16 2014......SUNRISE   652 AM PST   SUNSET   446 PM PST
DECEMBER 17 2014......SUNRISE   652 AM PST   SUNSET   446 PM PST


-  INDICATES NEGATIVE NUMBERS.
R  INDICATES RECORD WAS SET OR TIED.
MM INDICATES DATA IS MISSING.
T  INDICATES TRACE AMOUNT.




$$
