000
CDUS46 KLOX 280859
CLICQT


CLIMATE REPORT
NATIONAL WEATHER SERVICE LOS ANGELES/OXNARD CA
1259 AM PST SAT FEB 28 2015


...................................

...THE DOWNTOWN LOS ANGELES (USC) CA CLIMATE SUMMARY FOR FEBRUARY 27 2015...

CLIMATE NORMAL PERIOD 1981 TO 2010
CLIMATE RECORD PERIOD 1877 TO 2015


WEATHER ITEM   OBSERVED TIME   RECORD YEAR NORMAL DEPARTURE LAST
                VALUE   (LST)  VALUE       VALUE  FROM      YEAR
                                                  NORMAL
..................................................................
TEMPERATURE (F)
 YESTERDAY
  MAXIMUM         66        MM  86    1992  69     -3       71
  MINIMUM         55    201 AM  38    1894  50      5       56
  AVERAGE         61                        60      1       64

PRECIPITATION (IN)
  YESTERDAY        0.00          2.17 1991   0.13  -0.13     1.05
  MONTH TO DATE    0.72                      3.68  -2.96     1.34
  SINCE OCT 1      6.42                     10.83  -4.41     2.22
  SINCE JAN 1      1.81                      6.80  -4.99     1.34

SNOWFALL (IN)
  YESTERDAY        0.0
  MONTH TO DATE    0.0
  SINCE DEC 1      0.0
  SINCE JUL 1      0.0

DEGREE DAYS
 HEATING
  YESTERDAY        4                         6     -2        1
  MONTH TO DATE   45                       180   -135       98
  SINCE DEC 1    334                       640   -306      390
  SINCE JUL 1    357                       771   -414      471

 COOLING
  YESTERDAY        0                         1     -1        0
  MONTH TO DATE   35                        14     21        6
  SINCE DEC 1     61                        27     34       39
  SINCE JAN 1     57                        23     34       23
..................................................................


WIND (MPH)
  HIGHEST WIND SPEED    MM   HIGHEST WIND DIRECTION    MM
  HIGHEST GUST SPEED    MM   HIGHEST GUST DIRECTION    MM
  AVERAGE WIND SPEED     2.2


SKY COVER
  POSSIBLE SUNSHINE  MM
  AVERAGE SKY COVER 0.8


WEATHER CONDITIONS
 THE FOLLOWING WEATHER WAS RECORDED YESTERDAY.
  NO SIGNIFICANT WEATHER WAS OBSERVED.


RELATIVE HUMIDITY (PERCENT)
 HIGHEST    78           700 PM
 LOWEST     56          1200 PM
 AVERAGE    67

..........................................................


THE DOWNTOWN LOS ANGELES (USC) CA CLIMATE NORMALS FOR TODAY
                         NORMAL    RECORD    YEAR
 MAXIMUM TEMPERATURE (F)   69        88      1901
 MINIMUM TEMPERATURE (F)   50        39      1962


SUNRISE AND SUNSET
FEBRUARY 28 2015......SUNRISE   623 AM PST   SUNSET   549 PM PST
MARCH  1 2015.........SUNRISE   622 AM PST   SUNSET   549 PM PST


-  INDICATES NEGATIVE NUMBERS.
R  INDICATES RECORD WAS SET OR TIED.
MM INDICATES DATA IS MISSING.
T  INDICATES TRACE AMOUNT.




$$
