000
CDUS46 KLOX 210117
CLICQT


CLIMATE REPORT
NATIONAL WEATHER SERVICE LOS ANGELES/OXNARD CA
517 PM PST FRI JAN 20 2017


...................................

...THE DOWNTOWN LOS ANGELES (USC) CA CLIMATE SUMMARY FOR JANUARY 20 2017...
VALID TODAY AS OF 0500 PM LOCAL TIME.

CLIMATE NORMAL PERIOD 1981 TO 2010
CLIMATE RECORD PERIOD 1877 TO 2017


WEATHER ITEM   OBSERVED TIME   RECORD YEAR NORMAL DEPARTURE LAST
                VALUE   (LST)  VALUE       VALUE  FROM      YEAR
                                                  NORMAL
..................................................................
TEMPERATURE (F)
 TODAY
  MAXIMUM         59    256 PM  85    2009  68     -9       69
  MINIMUM         52   1229 PM  30    1883  48      4       54
  AVERAGE         56                        58     -2       62

PRECIPITATION (IN)
  TODAY            1.51          3.30 1969   0.10   1.41     0.01
  MONTH TO DATE    5.38                      2.05   3.33     2.74
  SINCE OCT 1     11.33                      6.08   5.25     3.77
  SINCE JAN 1      5.38                      2.05   3.33     2.74

SNOWFALL (IN)
  TODAY            0.0
  MONTH TO DATE    0.0
  SINCE DEC 1      0.0
  SINCE JUL 1      0.0

DEGREE DAYS
 HEATING
  TODAY            9                         7      2        3
  MONTH TO DATE  144                       146     -2      169
  SINCE DEC 1    341                       380    -39      416
  SINCE JUL 1    412                       511    -99      520

 COOLING
  TODAY            0                         0      0        0
  MONTH TO DATE    1                         0      1        0
  SINCE DEC 1      7                         4      3       10
  SINCE JAN 1      1                         0      1        0
..................................................................


WIND (MPH)
  HIGHEST WIND SPEED    13   HIGHEST WIND DIRECTION     W (260)
  HIGHEST GUST SPEED    25   HIGHEST GUST DIRECTION     W (270)
  AVERAGE WIND SPEED     4.5


SKY COVER
  POSSIBLE SUNSHINE  MM
  AVERAGE SKY COVER 0.9


WEATHER CONDITIONS
 THE FOLLOWING WEATHER WAS RECORDED TODAY.
  HEAVY RAIN
  RAIN
  LIGHT RAIN
  FOG


RELATIVE HUMIDITY (PERCENT)
 HIGHEST   100           800 AM
 LOWEST     72           400 PM
 AVERAGE    86

..........................................................


THE DOWNTOWN LOS ANGELES (USC) CA CLIMATE NORMALS FOR TOMORROW
                         NORMAL    RECORD    YEAR
 MAXIMUM TEMPERATURE (F)   68        81      2013
                                             1912
 MINIMUM TEMPERATURE (F)   48        32      1937


SUNRISE AND SUNSET
JANUARY 20 2017.......SUNRISE   657 AM PST   SUNSET   512 PM PST
JANUARY 21 2017.......SUNRISE   656 AM PST   SUNSET   513 PM PST


-  INDICATES NEGATIVE NUMBERS.
R  INDICATES RECORD WAS SET OR TIED.
MM INDICATES DATA IS MISSING.
T  INDICATES TRACE AMOUNT.




$$
