000
CDUS46 KLOX 252212
CLICQT


CLIMATE REPORT
NATIONAL WEATHER SERVICE LOS ANGELES/OXNARD CA
312 PM PDT WED MAR 25 2015


...................................

...THE DOWNTOWN LOS ANGELES (USC) CA CLIMATE SUMMARY FOR MARCH 25 2015...
VALID AS OF 0300 PM LOCAL TIME.

CLIMATE NORMAL PERIOD 1981 TO 2010
CLIMATE RECORD PERIOD 1877 TO 2015


WEATHER ITEM   OBSERVED TIME   RECORD YEAR NORMAL DEPARTURE LAST
                VALUE   (LST)  VALUE       VALUE  FROM      YEAR
                                                  NORMAL
..................................................................
TEMPERATURE (F)
 TODAY
  MAXIMUM         84   1230 PM  96    1988  71     13       65
  MINIMUM         60    627 AM  37    1902  51      9       57
  AVERAGE         72                        61     11       61

PRECIPITATION (IN)
  TODAY            0.00          2.19 1903   0.06  -0.06     0.00
  MONTH TO DATE    0.87                      2.11  -1.24     1.17
  SINCE OCT 1      7.40                     13.06  -5.66     5.63
  SINCE JAN 1      2.79                      9.03  -6.24     4.75

SNOWFALL (IN)
  TODAY            0.0
  MONTH TO DATE    0.0
  SINCE MAR 1      0.0
  SINCE JUL 1      0.0

DEGREE DAYS
 HEATING
  TODAY            0                         5     -5        4
  MONTH TO DATE   29                       129   -100       48
  SINCE MAR 1     29                       129   -100       48
  SINCE JUL 1    392                       904   -512      525

 COOLING
  TODAY            7                         1      6        0
  MONTH TO DATE  102                        22     80       29
  SINCE MAR 1    102                        22     80       29
  SINCE JAN 1    159                        45    114       52
..................................................................


WIND (MPH)
  HIGHEST WIND SPEED     7   HIGHEST WIND DIRECTION     W (270)
  HIGHEST GUST SPEED    12   HIGHEST GUST DIRECTION     W (270)
  AVERAGE WIND SPEED     1.1


SKY COVER
  POSSIBLE SUNSHINE  MM
  AVERAGE SKY COVER 0.0


WEATHER CONDITIONS
 THE FOLLOWING WEATHER WAS RECORDED TODAY.
  NO SIGNIFICANT WEATHER WAS OBSERVED.


RELATIVE HUMIDITY (PERCENT)
 HIGHEST    90           400 AM
 LOWEST     28          1200 PM
 AVERAGE    59

..........................................................


THE DOWNTOWN LOS ANGELES (USC) CA CLIMATE NORMALS FOR TOMORROW
                         NORMAL    RECORD    YEAR
 MAXIMUM TEMPERATURE (F)   71        98      1988
 MINIMUM TEMPERATURE (F)   51        39      1907


SUNRISE AND SUNSET
MARCH 25 2015.........SUNRISE   650 AM PDT   SUNSET   709 PM PDT
MARCH 26 2015.........SUNRISE   649 AM PDT   SUNSET   709 PM PDT


-  INDICATES NEGATIVE NUMBERS.
R  INDICATES RECORD WAS SET OR TIED.
MM INDICATES DATA IS MISSING.
T  INDICATES TRACE AMOUNT.




$$
