000
CDUS46 KLOX 300114
CLICQT


CLIMATE REPORT
NATIONAL WEATHER SERVICE LOS ANGELES/OXNARD CA
514 PM PST TUE NOV 29 2016


...................................

...THE DOWNTOWN LOS ANGELES (USC) CA CLIMATE SUMMARY FOR NOVEMBER 29 2016...
VALID TODAY AS OF 0500 PM LOCAL TIME.

CLIMATE NORMAL PERIOD 1981 TO 2010
CLIMATE RECORD PERIOD 1877 TO 2016


WEATHER ITEM   OBSERVED TIME   RECORD YEAR NORMAL DEPARTURE LAST
                VALUE   (LST)  VALUE       VALUE  FROM      YEAR
                                                  NORMAL
..................................................................
TEMPERATURE (F)
 TODAY
  MAXIMUM         69        MM  87    1995  69      0       67
                                      1964
  MINIMUM         47        MM  37    1878  49     -2       50
  AVERAGE         58                        59     -1       59

PRECIPITATION (IN)
  TODAY            0.00          2.43 1970   0.04  -0.04     0.00
  MONTH TO DATE    0.88                      0.99  -0.11     0.01
  SINCE OCT 1      1.40                      1.65  -0.25     0.46
  SINCE JAN 1      7.25                     12.55  -5.30     7.09

SNOWFALL (IN)
  TODAY            0.0
  MONTH TO DATE    0.0
  SINCE SEP 1      0.0
  SINCE JUL 1      0.0

DEGREE DAYS
 HEATING
  TODAY            7                         6      1        6
  MONTH TO DATE   61                       106    -45       95
  SINCE SEP 1     63                       126    -63       95
  SINCE JUL 1     63                       126    -63       95

 COOLING
  TODAY            0                         0      0        0
  MONTH TO DATE   96                        32     64       37
  SINCE SEP 1    527                       405    122      787
  SINCE JAN 1   1522                      1239    283     1908
..................................................................


WIND (MPH)
  HIGHEST WIND SPEED     7   HIGHEST WIND DIRECTION     E (99)
  HIGHEST GUST SPEED    MM   HIGHEST GUST DIRECTION    MM
  AVERAGE WIND SPEED     0.8


SKY COVER
  POSSIBLE SUNSHINE  MM
  AVERAGE SKY COVER 0.0


WEATHER CONDITIONS
 THE FOLLOWING WEATHER WAS RECORDED TODAY.
  NO SIGNIFICANT WEATHER WAS OBSERVED.


RELATIVE HUMIDITY (PERCENT)
 HIGHEST    93           200 AM
 LOWEST     26           200 PM
 AVERAGE    60

..........................................................


THE DOWNTOWN LOS ANGELES (USC) CA CLIMATE NORMALS FOR TOMORROW
                         NORMAL    RECORD    YEAR
 MAXIMUM TEMPERATURE (F)   69        88      1964
 MINIMUM TEMPERATURE (F)   49        37      1906


SUNRISE AND SUNSET
NOVEMBER 29 2016......SUNRISE   639 AM PST   SUNSET   444 PM PST
NOVEMBER 30 2016......SUNRISE   640 AM PST   SUNSET   444 PM PST


-  INDICATES NEGATIVE NUMBERS.
R  INDICATES RECORD WAS SET OR TIED.
MM INDICATES DATA IS MISSING.
T  INDICATES TRACE AMOUNT.




$$
