000
CDUS46 KLOX 232211
CLICQT


CLIMATE REPORT
NATIONAL WEATHER SERVICE LOS ANGELES/OXNARD CA
311 PM PDT THU JUN 23 2016


...................................

...THE DOWNTOWN LOS ANGELES (USC) CA CLIMATE SUMMARY FOR JUNE 23 2016...
VALID AS OF 0300 PM LOCAL TIME.

CLIMATE NORMAL PERIOD 1981 TO 2010
CLIMATE RECORD PERIOD 1877 TO 2016


WEATHER ITEM   OBSERVED TIME   RECORD YEAR NORMAL DEPARTURE LAST
                VALUE   (LST)  VALUE       VALUE  FROM      YEAR
                                                  NORMAL
..................................................................
TEMPERATURE (F)
 TODAY
  MAXIMUM         80   1139 AM  97    1976  80      0       84
  MINIMUM         65   1207 AM  49    1893  61      4       63
  AVERAGE         73                        71      2       74

PRECIPITATION (IN)
  TODAY            0.00          0.03 1936   0.00   0.00     0.00
  MONTH TO DATE    0.00                      0.08  -0.08     0.01
  SINCE OCT 1      6.88                     14.63  -7.75     8.47
  SINCE JAN 1      5.85                     10.60  -4.75     3.86

SNOWFALL (IN)
  TODAY            0.0
  MONTH TO DATE    0.0
  SINCE JUN 1      0.0
  SINCE JUL 1      0.0

DEGREE DAYS
 HEATING
  TODAY            0                         0      0        0
  MONTH TO DATE    0                         6     -6        0
  SINCE JUN 1      0                         6     -6        0
  SINCE JUL 1    758                      1082   -324      470

 COOLING
  TODAY            8                         6      2        9
  MONTH TO DATE  128                        91     37      111
  SINCE JUN 1    128                        91     37      111
  SINCE JAN 1    335                       245     90      399
..................................................................


WIND (MPH)
  HIGHEST WIND SPEED     9   HIGHEST WIND DIRECTION     W (280)
  HIGHEST GUST SPEED    14   HIGHEST GUST DIRECTION     W (270)
  AVERAGE WIND SPEED     1.4


SKY COVER
  POSSIBLE SUNSHINE  MM
  AVERAGE SKY COVER 0.5


WEATHER CONDITIONS
 THE FOLLOWING WEATHER WAS RECORDED TODAY.
  HAZE


RELATIVE HUMIDITY (PERCENT)
 HIGHEST    87          1200 AM
 LOWEST     54          1000 AM
 AVERAGE    71

..........................................................


THE DOWNTOWN LOS ANGELES (USC) CA CLIMATE NORMALS FOR TOMORROW
                         NORMAL    RECORD    YEAR
 MAXIMUM TEMPERATURE (F)   80       102      1976
 MINIMUM TEMPERATURE (F)   62        50      1882


SUNRISE AND SUNSET
JUNE 23 2016..........SUNRISE   543 AM PDT   SUNSET   808 PM PDT
JUNE 24 2016..........SUNRISE   543 AM PDT   SUNSET   808 PM PDT


-  INDICATES NEGATIVE NUMBERS.
R  INDICATES RECORD WAS SET OR TIED.
MM INDICATES DATA IS MISSING.
T  INDICATES TRACE AMOUNT.




$$
