000
CDUS46 KLOX 190910
CLICQT


CLIMATE REPORT
NATIONAL WEATHER SERVICE LOS ANGELES/OXNARD CA
209 AM PDT SUN OCT 19 2014


...................................

...THE DOWNTOWN LOS ANGELES (USC) CA CLIMATE SUMMARY FOR OCTOBER 18 2014...

CLIMATE NORMAL PERIOD 1981 TO 2010
CLIMATE RECORD PERIOD 1877 TO 2014


WEATHER ITEM   OBSERVED TIME   RECORD YEAR NORMAL DEPARTURE LAST
                VALUE   (LST)  VALUE       VALUE  FROM      YEAR
                                                  NORMAL
..................................................................
TEMPERATURE (F)
 YESTERDAY
  MAXIMUM         78   1224 PM  97    1940  78      0       83
  MINIMUM         61    629 AM  44    1881  58      3       57
  AVERAGE         70                        68      2       70

PRECIPITATION (IN)
  YESTERDAY        0.00          0.48 1932   0.02  -0.02     0.00
  MONTH TO DATE    0.00                      0.33  -0.33     0.04
  SINCE JUL 1      0.05                      0.62  -0.57     0.13
  SINCE JAN 1      5.16                     11.23  -6.07     2.76

SNOWFALL (IN)
  YESTERDAY        0.0
  MONTH TO DATE    0.0
  SINCE SEP 1      0.0
  SINCE JUL 1      0.0

DEGREE DAYS
 HEATING
  YESTERDAY        0                         1     -1        0
  MONTH TO DATE    0                         1     -1        9
  SINCE SEP 1      0                         3     -3        9
  SINCE JUL 1      0                         3     -3        9

 COOLING
  YESTERDAY        5                         4      1        5
  MONTH TO DATE  177                        89     88       85
  SINCE SEP 1    530                       333    197      347
  SINCE JAN 1   1607                      1167    440     1152
..................................................................


WIND (MPH)
  HIGHEST WIND SPEED     9   HIGHEST WIND DIRECTION     W (280)
  HIGHEST GUST SPEED    15   HIGHEST GUST DIRECTION     W (280)
  AVERAGE WIND SPEED     1.3


SKY COVER
  POSSIBLE SUNSHINE  MM
  AVERAGE SKY COVER 0.1


WEATHER CONDITIONS
 THE FOLLOWING WEATHER WAS RECORDED YESTERDAY.
  NO SIGNIFICANT WEATHER WAS OBSERVED.


RELATIVE HUMIDITY (PERCENT)
 HIGHEST    84          1100 PM
 LOWEST     47          1200 PM
 AVERAGE    66

..........................................................


THE DOWNTOWN LOS ANGELES (USC) CA CLIMATE NORMALS FOR TODAY
                         NORMAL    RECORD    YEAR
 MAXIMUM TEMPERATURE (F)   78        99      1940
 MINIMUM TEMPERATURE (F)   58        43      1881


SUNRISE AND SUNSET
OCTOBER 19 2014.......SUNRISE   702 AM PDT   SUNSET   614 PM PDT
OCTOBER 20 2014.......SUNRISE   702 AM PDT   SUNSET   613 PM PDT


-  INDICATES NEGATIVE NUMBERS.
R  INDICATES RECORD WAS SET OR TIED.
MM INDICATES DATA IS MISSING.
T  INDICATES TRACE AMOUNT.




$$
