318
CDUS46 KLOX 221241
CLICQT


CLIMATE REPORT
NATIONAL WEATHER SERVICE LOS ANGELES/OXNARD CA
541 AM PDT SUN MAY 22 2016


...................................

...THE DOWNTOWN LOS ANGELES (USC) CA CLIMATE SUMMARY FOR MAY 21 2016...

CLIMATE NORMAL PERIOD 1981 TO 2010
CLIMATE RECORD PERIOD 1877 TO 2016


WEATHER ITEM   OBSERVED TIME   RECORD YEAR NORMAL DEPARTURE LAST
                VALUE   (LST)  VALUE       VALUE  FROM      YEAR
                                                  NORMAL
..................................................................
TEMPERATURE (F)
 YESTERDAY
  MAXIMUM         71   1050 AM 100    1883  75     -4       71
  MINIMUM         56    509 AM  43    1902  58     -2       57
  AVERAGE         64                        66     -2       64

PRECIPITATION (IN)
  YESTERDAY        0.00          1.03 1921   0.01  -0.01     0.00
  MONTH TO DATE    0.05                      0.21  -0.16     0.93
  SINCE OCT 1      6.88                     14.50  -7.62     8.46
  SINCE JAN 1      5.85                     10.47  -4.62     3.85

SNOWFALL (IN)
  YESTERDAY        0.0
  MONTH TO DATE    0.0
  SINCE MAR 1      0.0
  SINCE JUL 1      0.0

DEGREE DAYS
 HEATING
  YESTERDAY        1                         1      0        1
  MONTH TO DATE   16                        34    -18       35
  SINCE MAR 1    114                       292   -178      101
  SINCE JUL 1    754                      1067   -313      464

 COOLING
  YESTERDAY        0                         2     -2        0
  MONTH TO DATE   20                        42    -22       15
  SINCE MAR 1    124                       106     18      223
  SINCE JAN 1    199                       129     70      280
..................................................................


WIND (MPH)
  HIGHEST WIND SPEED    12   HIGHEST WIND DIRECTION     W (270)
  HIGHEST GUST SPEED    19   HIGHEST GUST DIRECTION     W (270)
  AVERAGE WIND SPEED     2.1


SKY COVER
  POSSIBLE SUNSHINE  MM
  AVERAGE SKY COVER 0.3


WEATHER CONDITIONS
 THE FOLLOWING WEATHER WAS RECORDED YESTERDAY.
  NO SIGNIFICANT WEATHER WAS OBSERVED.


RELATIVE HUMIDITY (PERCENT)
 HIGHEST    77           300 AM
 LOWEST     40          1100 AM
 AVERAGE    59

..........................................................


THE DOWNTOWN LOS ANGELES (USC) CA CLIMATE NORMALS FOR TODAY
                         NORMAL    RECORD    YEAR
 MAXIMUM TEMPERATURE (F)   75        94      1967
 MINIMUM TEMPERATURE (F)   58        44      1879


SUNRISE AND SUNSET
MAY 22 2016...........SUNRISE   547 AM PDT   SUNSET   753 PM PDT
MAY 23 2016...........SUNRISE   546 AM PDT   SUNSET   754 PM PDT


-  INDICATES NEGATIVE NUMBERS.
R  INDICATES RECORD WAS SET OR TIED.
MM INDICATES DATA IS MISSING.
T  INDICATES TRACE AMOUNT.




$$
