000
CDUS46 KLOX 280114
CLICQT


CLIMATE REPORT
NATIONAL WEATHER SERVICE LOS ANGELES/OXNARD CA
614 PM PDT MON OCT 27 2014


...................................

...THE DOWNTOWN LOS ANGELES (USC) CA CLIMATE SUMMARY FOR OCTOBER 27 2014...
VALID TODAY AS OF 0600 PM LOCAL TIME.

CLIMATE NORMAL PERIOD 1981 TO 2010
CLIMATE RECORD PERIOD 1877 TO 2014


WEATHER ITEM   OBSERVED TIME   RECORD YEAR NORMAL DEPARTURE LAST
                VALUE   (LST)  VALUE       VALUE  FROM      YEAR
                                                  NORMAL
..................................................................
TEMPERATURE (F)
 TODAY
  MAXIMUM         77   1241 PM  99    1890  77      0       73
  MINIMUM         62    639 AM  41    1886  57      5       57
  AVERAGE         70                        67      3       65

PRECIPITATION (IN)
  TODAY            0.00          1.37 1883   0.03  -0.03     0.00
  MONTH TO DATE    0.00                      0.54  -0.54     0.04
  SINCE JUL 1      0.05                      0.83  -0.78     0.13
  SINCE JAN 1      5.16                     11.44  -6.28     2.76

SNOWFALL (IN)
  TODAY            0.0
  MONTH TO DATE    0.0
  SINCE SEP 1      0.0
  SINCE JUL 1      0.0

DEGREE DAYS
 HEATING
  TODAY            0                         1     -1        0
  MONTH TO DATE    0                        10    -10       13
  SINCE SEP 1      0                        12    -12       13
  SINCE JUL 1      0                        12    -12       13

 COOLING
  TODAY            5                         3      2        0
  MONTH TO DATE  234                       119    115       95
  SINCE SEP 1    587                       363    224      357
  SINCE JAN 1   1664                      1197    467     1162
..................................................................


WIND (MPH)
  HIGHEST WIND SPEED     8   HIGHEST WIND DIRECTION     W (270)
  HIGHEST GUST SPEED    11   HIGHEST GUST DIRECTION     W (260)
  AVERAGE WIND SPEED     1.5


SKY COVER
  POSSIBLE SUNSHINE  MM
  AVERAGE SKY COVER 0.2


WEATHER CONDITIONS
 THE FOLLOWING WEATHER WAS RECORDED TODAY.
  NO SIGNIFICANT WEATHER WAS OBSERVED.


RELATIVE HUMIDITY (PERCENT)
 HIGHEST    84           200 AM
 LOWEST     46          1200 PM
 AVERAGE    65

..........................................................


THE DOWNTOWN LOS ANGELES (USC) CA CLIMATE NORMALS FOR TOMORROW
                         NORMAL    RECORD    YEAR
 MAXIMUM TEMPERATURE (F)   77        94      2008
                                             1931
 MINIMUM TEMPERATURE (F)   56        45      1903


SUNRISE AND SUNSET
OCTOBER 27 2014.......SUNRISE   708 AM PDT   SUNSET   605 PM PDT
OCTOBER 28 2014.......SUNRISE   709 AM PDT   SUNSET   604 PM PDT


-  INDICATES NEGATIVE NUMBERS.
R  INDICATES RECORD WAS SET OR TIED.
MM INDICATES DATA IS MISSING.
T  INDICATES TRACE AMOUNT.




$$
