726
CXUS55 KLBF 221200
CF6LBF
PRELIMINARY LOCAL CLIMATOLOGICAL DATA (WS FORM: F-6)

                                          STATION:   NORTH PLATTE
                                          MONTH:     NOVEMBER
                                          YEAR:      2017
                                          LATITUDE:   41  7 N
                                          LONGITUDE: 100 41 W

  TEMPERATURE IN F:       :PCPN:    SNOW:  WIND      :SUNSHINE: SKY     :PK WND
================================================================================
1   2   3   4   5  6A  6B    7    8   9   10  11  12  13   14  15   16   17  18
                                     12Z  AVG MX 2MIN
DY MAX MIN AVG DEP HDD CDD  WTR  SNW DPTH SPD SPD DIR MIN PSBL S-S WX    SPD DR
================================================================================

 1  65  28  47   4  18   0 0.00  0.0    0  6.6 17 160   M    M   3        23 170
 2  46  32  39  -3  26   0 0.00  0.0    0 10.3 23  20   M    M   5        30  30
 3  41  24  33  -9  32   0 0.00  0.0    0  8.6 20 170   M    M   8 1      23 160
 4  59  37  48   7  17   0 0.00  0.0    0  8.9 24  10   M    M   7 1      32  20
 5  43  27  35  -6  30   0 0.00  0.0    0  7.7 17  20   M    M   8        22  10
 6  45  25  35  -5  30   0    T    T    0  5.6 13 160   M    M   7        18 170
 7  36  19  28 -12  37   0 0.03  0.4    T  4.2 12 360   M    M   8 1      16 340
 8  55  16  36  -3  29   0 0.00  0.0    0  6.9 23 220   M    M   0 1      30 220
 9  37  19  28 -11  37   0 0.00  0.0    0  5.9 14 110   M    M   3        17 100
10  39  19  29  -9  36   0 0.00  0.0    0  9.5 18 180   M    M   9        23 190
11  52  35  44   6  21   0 0.00  0.0    0  2.7 13  20   M    M   7 18     17  10
12  54  21  38   1  27   0 0.00  0.0    0  6.3 12 170   M    M   0 1      17 160
13  60  36  48  11  17   0 0.00  0.0    0  9.6 17 210   M    M   5 1      22 200
14  62  37  50  14  15   0 0.00  0.0    0  7.0 24 340   M    M   5 12     33 340
15  55  27  41   5  24   0 0.00  0.0    0  6.4 17 340   M    M   0 18     24 350
16  62  27  45  10  20   0 0.00  0.0    0 11.8 22 160   M    M   0        30 170
17  58  32  45  10  20   0 0.01  0.0    0  8.3 23  30   M    M   3        30  30
18  49  20  35   1  30   0 0.03  0.0    0 13.5 31 310   M    M   3        37 300
19  60  16  38   4  27   0 0.00  0.0    0  5.7 16 250   M    M   0        22 250
20  67  19  43  10  22   0 0.00  0.0    0  6.9 21 310   M    M   0        26 310
21  45  20  33   0  32   0 0.00  0.0    0 10.0 30  20   M    M   2        40  20
================================================================================
SM 1090  536       547   0  0.07     0.4 162.4          M       83
================================================================================
AV 51.9 25.5                               7.7 FASTST   M    M   4    MAX(MPH)
                                 MISC ---->  # 31 310               # 40   20
================================================================================
NOTES:
# LAST OF SEVERAL OCCURRENCES

COLUMN 17 PEAK WIND IN M.P.H.

PRELIMINARY LOCAL CLIMATOLOGICAL DATA (WS FORM: F-6) , PAGE 2

                                          STATION:  NORTH PLATTE
                                          MONTH:    NOVEMBER
                                          YEAR:     2017
                                          LATITUDE:   41  7 N
                                          LONGITUDE: 100 41 W

[TEMPERATURE DATA]      [PRECIPITATION DATA]       SYMBOLS USED IN COLUMN 16

AVERAGE MONTHLY: 38.7   TOTAL FOR MONTH:   0.07    1 = FOG OR MIST
DPTR FM NORMAL:   1.0   DPTR FM NORMAL:   -0.42    2 = FOG REDUCING VISIBILITY
HIGHEST:    67 ON 20    GRTST 24HR  0.06 ON 31- 1      TO 1/4 MILE OR LESS
LOWEST:     16 ON 19, 8                            3 = THUNDER
                        SNOW, ICE PELLETS, HAIL    4 = ICE PELLETS
                        TOTAL MONTH:   0.4 INCH    5 = HAIL
                        GRTST 24HR   0.4 ON  7- 7  6 = FREEZING RAIN OR DRIZZLE
                        GRTST DEPTH:   T           7 = DUSTSTORM OR SANDSTORM:
                                                       VSBY 1/2 MILE OR LESS
                                                   8 = SMOKE OR HAZE
[NO. OF DAYS WITH]      [WEATHER - DAYS WITH]      9 = BLOWING SNOW
                                                   X = TORNADO
MAX 32 OR BELOW:   0    0.01 INCH OR MORE:   3
MAX 90 OR ABOVE:   0    0.10 INCH OR MORE:   0
MIN 32 OR BELOW:  17    0.50 INCH OR MORE:   0
MIN  0 OR BELOW:   0    1.00 INCH OR MORE:   0

[HDD (BASE 65) ]
TOTAL THIS MO.   547    CLEAR  (SCALE 0-3)  11
DPTR FM NORMAL   -25    PTCLDY (SCALE 4-7)   9
TOTAL FM JUL 1  1104    CLOUDY (SCALE 8-10)  1
DPTR FM NORMAL  -137

[CDD (BASE 65) ]
TOTAL THIS MO.     0
DPTR FM NORMAL     0    [PRESSURE DATA]
TOTAL FM JAN 1   954    HIGHEST SLP M ON M
DPTR FM NORMAL   186    LOWEST  SLP 29.46 ON  1

[REMARKS]
