000
CDUS43 KLBF 232235
CLILBF


CLIMATE REPORT
NATIONAL WEATHER SERVICE NORTH PLATTE
434 PM CST TUE JAN 23 2018


...................................

...THE NORTH PLATTE NE CLIMATE SUMMARY FOR JANUARY 23 2018...
VALID TODAY AS OF 0400 PM LOCAL TIME.

CLIMATE NORMAL PERIOD 1981 TO 2010
CLIMATE RECORD PERIOD 1874 TO 2018


WEATHER ITEM   OBSERVED TIME   RECORD YEAR NORMAL DEPARTURE LAST
                VALUE   (LST)  VALUE       VALUE  FROM      YEAR
                                                  NORMAL
..................................................................
TEMPERATURE (F)
 TODAY
  MAXIMUM         37    407 PM  70    1981  39     -2       52
  MINIMUM          3    535 AM -23    1963  11     -8       19
  AVERAGE         20                        25     -5       36

PRECIPITATION (IN)
  TODAY            0.00          0.24 1903   0.01  -0.01     0.00
  MONTH TO DATE    1.05                      0.25   0.80     0.56
  SINCE DEC 1      1.60                      0.66   0.94     1.18
  SINCE JAN 1      1.05                      0.25   0.80     0.56

SNOWFALL (IN)
  TODAY            0.0           4.5  2000   0.2   -0.2      0.0
  MONTH TO DATE   14.2                       3.6   10.6      7.2
  SINCE DEC 1     21.7                       8.2   13.5      8.0
  SINCE JUL 1     22.7                      14.4    8.3     13.0
  SNOW DEPTH      10

DEGREE DAYS
 HEATING
  TODAY           45                        40      5       29
  MONTH TO DATE  991                       925     66      974
  SINCE DEC 1   2212                      2154     58     2200
  SINCE JUL 1   3503                      3705   -202     3241

 COOLING
  TODAY            0                         0      0        0
  MONTH TO DATE    0                         0      0        0
  SINCE DEC 1      0                         0      0        0
  SINCE JAN 1      0                         0      0        0
..................................................................


WIND (MPH)
  HIGHEST WIND SPEED    17   HIGHEST WIND DIRECTION     W (290)
  HIGHEST GUST SPEED    21   HIGHEST GUST DIRECTION     W (290)
  AVERAGE WIND SPEED     8.5


SKY COVER
  POSSIBLE SUNSHINE  MM
  AVERAGE SKY COVER 0.1


WEATHER CONDITIONS
 THE FOLLOWING WEATHER WAS RECORDED TODAY.
  NO SIGNIFICANT WEATHER WAS OBSERVED.


RELATIVE HUMIDITY (PERCENT)
 HIGHEST    83           300 AM
 LOWEST     59           400 PM
 AVERAGE    71

..........................................................


THE NORTH PLATTE NE CLIMATE NORMALS FOR TOMORROW
                         NORMAL    RECORD    YEAR
 MAXIMUM TEMPERATURE (F)   39        70      1981
 MINIMUM TEMPERATURE (F)   12       -26      1894


SUNRISE AND SUNSET
JANUARY 23 2018.......SUNRISE   801 AM CST   SUNSET   548 PM CST
JANUARY 24 2018.......SUNRISE   800 AM CST   SUNSET   550 PM CST


-  INDICATES NEGATIVE NUMBERS.
R  INDICATES RECORD WAS SET OR TIED.
MM INDICATES DATA IS MISSING.
T  INDICATES TRACE AMOUNT.




$$
