000
CXUS55 KLBF 261200
CF6VTN
PRELIMINARY LOCAL CLIMATOLOGICAL DATA (WS FORM: F-6)

                                          STATION:   VALENTINE
                                          MONTH:     APRIL
                                          YEAR:      2017
                                          LATITUDE:   42 52 N
                                          LONGITUDE: 100 33 W

  TEMPERATURE IN F:       :PCPN:    SNOW:  WIND      :SUNSHINE: SKY     :PK WND
================================================================================
1   2   3   4   5  6A  6B    7    8   9   10  11  12  13   14  15   16   17  18
                                     12Z  AVG MX 2MIN
DY MAX MIN AVG DEP HDD CDD  WTR  SNW DPTH SPD SPD DIR MIN PSBL S-S WX    SPD DR
================================================================================

 1  59  39  49   8  16   0 0.00  0.0    0  6.5 20 170   M    M   5        26 170
 2  68  37  53  11  12   0 0.00  0.0    0 11.1 22 360   M    M   1        29 360
 3  47  38  43   1  22   0 0.40  0.0    0 10.4 23 350   M    M   8 19     29 340
 4  58  33  46   4  19   0 0.00  0.0    0 10.8 23 340   M    M   3        29 340
 5  59  29  44   1  21   0 0.00  0.0    0 10.2 22  20   M    M   3        30 340
 6  62  28  45   2  20   0 0.00  0.0    0  8.0 21 130   M    M   2 18     27 150
 7  79  44  62  19   3   0 0.00  0.0    0 20.5 35 190   M    M   0        41 200
 8  78  49  64  20   1   0 0.00  0.0    0  8.7 22 350   M    M   1 3      32 350
 9  68  45  57  13   8   0 0.39  0.0    0  9.9 26  20   M    M   5 138    34  10
10  45  26  36  -8  29   0 0.13  0.7    0 12.5 25 350   M    M   7 18     32 350
11  71  25  48   3  17   0 0.00  0.0    0  8.1 25 210   M    M   0 18     30 210
12  69  36  53   8  12   0 0.00  0.0    0  8.4 21  20   M    M   2        25  20
13  76  36  56  10   9   0 0.00  0.0    0 12.4 26 140   M    M   4 128    35 130
14  82  51  67  21   0   2    T  0.0    0 12.6 25 300   M    M   3 138    33 330
15  72  38  55   9  10   0    T  0.0    0 10.5 25 360   M    M   2 3      31  10
16  71  29  50   3  15   0    T    M    M  8.2 23  30   M    M   2        28  40
17  72  31  52   5  13   0    T  0.0    0 13.5 36 190   M    M   3 3      43 190
18  73  41  57   9   8   0 0.01  0.0    0 11.3 37 200   M    M   0 38     48 200
19  57  44  51   3  14   0 0.30  0.0    0 12.6 32 100   M    M   7 13     43 110
20  65  37  51   3  14   0 0.00  0.0    0 10.3 23 320   M    M   3        28 340
21  59  36  48  -1  17   0 0.00  0.0    0  8.1 20  80   M    M   1        24 120
22  68  28  48  -1  17   0 0.00  0.0    0  7.8 16 180   M    M   0        19 200
23  75  37  56   6   9   0 0.00  0.0    0 20.2 35 200   M    M   0        44 200
24  61  43  52   2  13   0 0.00  0.0    0 11.8 28 180   M    M   2        34 170
25  43  31  37 -13  28   0 0.10    T    0 14.4 23 350   M    M   9 18     29  10
================================================================================
SM 1637  911       347   2  1.33     0.7 278.8          M       73
================================================================================
AV 65.5 36.4                              11.2 FASTST   M    M   3    MAX(MPH)
                                 MISC ---->  # 37 200               # 48  200
================================================================================
NOTES:
# LAST OF SEVERAL OCCURRENCES

COLUMN 17 PEAK WIND IN M.P.H.

PRELIMINARY LOCAL CLIMATOLOGICAL DATA (WS FORM: F-6) , PAGE 2

                                          STATION:  VALENTINE
                                          MONTH:    APRIL
                                          YEAR:     2017
                                          LATITUDE:   42 52 N
                                          LONGITUDE: 100 33 W

[TEMPERATURE DATA]      [PRECIPITATION DATA]       SYMBOLS USED IN COLUMN 16

AVERAGE MONTHLY: 51.0   TOTAL FOR MONTH:   1.33    1 = FOG OR MIST
DPTR FM NORMAL:   5.3   DPTR FM NORMAL:   -0.43    2 = FOG REDUCING VISIBILITY
HIGHEST:    82 ON 14    GRTST 24HR  0.44 ON  9-10      TO 1/4 MILE OR LESS
LOWEST:     25 ON 11                               3 = THUNDER
                        SNOW, ICE PELLETS, HAIL    4 = ICE PELLETS
                        TOTAL MONTH:   0.7 INCH    5 = HAIL
                        GRTST 24HR   0.7 ON   M    6 = FREEZING RAIN OR DRIZZLE
                        GRTST DEPTH:   0           7 = DUSTSTORM OR SANDSTORM:
                                                       VSBY 1/2 MILE OR LESS
                                                   8 = SMOKE OR HAZE
[NO. OF DAYS WITH]      [WEATHER - DAYS WITH]      9 = BLOWING SNOW
                                                   X = TORNADO
MAX 32 OR BELOW:   0    0.01 INCH OR MORE:   6
MAX 90 OR ABOVE:   0    0.10 INCH OR MORE:   5
MIN 32 OR BELOW:   8    0.50 INCH OR MORE:   0
MIN  0 OR BELOW:   0    1.00 INCH OR MORE:   0

[HDD (BASE 65) ]
TOTAL THIS MO.   347    CLEAR  (SCALE 0-3)  18
DPTR FM NORMAL  -138    PTCLDY (SCALE 4-7)   6
TOTAL FM JUL 1  5867    CLOUDY (SCALE 8-10)  1
DPTR FM NORMAL  -747

[CDD (BASE 65) ]
TOTAL THIS MO.     2
DPTR FM NORMAL     2    [PRESSURE DATA]
TOTAL FM JAN 1     2    HIGHEST SLP M ON M
DPTR FM NORMAL     2    LOWEST  SLP 29.35 ON 25

[REMARKS]
