000
CXUS53 KLBF 011410
CF6VTN
PRELIMINARY LOCAL CLIMATOLOGICAL DATA (WS FORM: F-6)
STATION: VALENTINE
MONTH: MAY
YEAR: 2023
LATITUDE: 42 52 N
LONGITUDE: 100 33 W
TEMPERATURE IN F: :PCPN: SNOW: WIND :SUNSHINE: SKY :PK WND
================================================================================
1 2 3 4 5 6A 6B 7 8 9 10 11 12 13 14 15 16 17 18
12Z AVG MX 2MIN
DY MAX MIN AVG DEP HDD CDD WTR SNW DPTH SPD SPD DIR MIN PSBL S-S WX SPD DR
================================================================================
1 62 26 44 -8 21 0 0.00 0.0 0 7.6 17 360 M M 0 25 30
2 66 26 46 -7 19 0 0.00 0.0 0 5.2 13 40 M M 0 26 40
3 81 36 59 6 6 0 0.00 0.0 0 13.7 24 180 M M 0 33 180
4 86 45 66 13 0 1 T 0.0 0 6.4 15 210 M M 2 3 20 200
5 76 51 64 10 1 0 0.65 0.0 0 9.0 32 190 M M 4 13 44 190
6 71 51 61 7 4 0 0.02 0.0 0 7.4 28 250 M M 3 3 37 210
7 75 46 61 6 4 0 0.00 0.0 0 6.5 16 150 M M 4 12 20 360
8 76 47 62 7 3 0 0.00 0.0 0 8.7 16 310 M M 1 8 23 310
9 77 53 65 10 0 0 0.11 0.0 0 12.4 28 160 M M 4 1 37 180
10 75 56 66 10 0 1 0.01 0.0 0 12.3 29 210 M M 3 37 210
11 77 57 67 11 0 2 0.42 0.0 0 10.5 47 140 M M 6 138 62 150
12 72 55 64 7 1 0 0.93 0.0 0 9.6 24 130 M M 6 13 32 160
13 69 57 63 6 2 0 T 0.0 0 13.3 23 350 M M 10 1 31 350
14 57 50 54 -3 11 0 0.15 0.0 0 13.3 22 40 M M 10 1 30 20
15 67 49 58 0 7 0 0.00 0.0 0 7.9 15 40 M M 6 1 20 50
16 76 40 58 0 7 0 0.00 0.0 0 3.7 12 320 M M 0 12 14 290
17 84 45 65 6 0 0 0.06 0.0 0 5.8 24 210 M M 3 13 31 220
18 68 48 58 -1 7 0 0.00 0.0 0 8.1 18 10 M M 10 18 25 10
19 63 38 51 -8 14 0 0.00 0.0 0 10.0 22 350 M M 1 34 350
20 78 33 56 -4 9 0 0.00 0.0 0 8.7 17 190 M M 0 25 190
21 83 50 67 7 0 2 0.00 0.0 0 6.3 14 220 M M 1 18 18 210
22 83 50 67 7 0 2 0.00 0.0 0 9.8 23 180 M M 0 18 33 190
23 81 55 68 7 0 3 0.00 0.0 0 10.1 21 200 M M 0 27 190
24 80 58 69 8 0 4 0.00 0.0 0 14.0 25 170 M M 4 32 180
25 82 55 69 7 0 4 0.00 0.0 0 13.8 29 150 M M 0 40 150
26 74 57 66 4 0 1 0.02 0.0 0 16.8 31 170 M M 7 41 190
27 82 59 71 9 0 6 0.00 0.0 0 20.0 36 160 M M 2 48 170
28 82 56 69 6 0 4 0.84 0.0 0 12.7 25 160 M M 6 13 33 150
29 87 55 71 8 0 6 0.00 0.0 0 7.6 21 190 M M 2 29 190
30 86 55 71 8 0 6 0.25 0.0 0 9.1 28 310 M M 1 138 42 310
31 83 57 70 6 0 5 0.21 0.0 0 9.1 23 180 M M 1 13 30 160
================================================================================
SM 2359 1516 116 47 3.67 0.0 309.4 M 97
================================================================================
AV 76.1 48.9 10.0 FASTST M M 3 MAX(MPH)
MISC ----> 47 140 62 150
================================================================================
NOTES:
# LAST OF SEVERAL OCCURRENCES
COLUMN 17 PEAK WIND IN M.P.H.
PRELIMINARY LOCAL CLIMATOLOGICAL DATA (WS FORM: F-6) , PAGE 2
STATION: VALENTINE
MONTH: MAY
YEAR: 2023
LATITUDE: 42 52 N
LONGITUDE: 100 33 W
[TEMPERATURE DATA] [PRECIPITATION DATA] SYMBOLS USED IN COLUMN 16
AVERAGE MONTHLY: 62.5 TOTAL FOR MONTH: 3.67 1 = FOG OR MIST
DPTR FM NORMAL: 4.4 DPTR FM NORMAL: 0.15 2 = FOG REDUCING VISIBILITY
HIGHEST: 87 ON 29 GRTST 24HR 0.94 ON 11-12 TO 1/4 MILE OR LESS
LOWEST: 26 ON 2, 1 3 = THUNDER
SNOW, ICE PELLETS, HAIL 4 = ICE PELLETS
TOTAL MONTH: 0.0 INCH 5 = HAIL
GRTST 24HR 0.0 6 = FREEZING RAIN OR DRIZZLE
GRTST DEPTH: 0 7 = DUSTSTORM OR SANDSTORM:
VSBY 1/2 MILE OR LESS
8 = SMOKE OR HAZE
[NO. OF DAYS WITH] [WEATHER - DAYS WITH] 9 = BLOWING SNOW
X = TORNADO
MAX 32 OR BELOW: 0 0.01 INCH OR MORE: 12
MAX 90 OR ABOVE: 0 0.10 INCH OR MORE: 8
MIN 32 OR BELOW: 2 0.50 INCH OR MORE: 3
MIN 0 OR BELOW: 0 1.00 INCH OR MORE: 0
[HDD (BASE 65) ]
TOTAL THIS MO. 116 CLEAR (SCALE 0-3) 18
DPTR FM NORMAL -134 PTCLDY (SCALE 4-7) 10
TOTAL FM JUL 1 7338 CLOUDY (SCALE 8-10) 3
DPTR FM NORMAL 694
[CDD (BASE 65) ]
TOTAL THIS MO. 47
DPTR FM NORMAL 11 [PRESSURE DATA]
TOTAL FM JAN 1 58 HIGHEST SLP 30.49 ON 14
DPTR FM NORMAL 19 LOWEST SLP 29.63 ON 4
[REMARKS]
#FINAL-05-23#