000
CDUS43 KLBF 222249
CLIVTN


CLIMATE REPORT
NATIONAL WEATHER SERVICE NORTH PLATTE
547 PM CDT SUN OCT 22 2017


...................................

...THE VALENTINE NE CLIMATE SUMMARY FOR OCTOBER 22 2017...
VALID TODAY AS OF 0500 PM LOCAL TIME.

CLIMATE NORMAL PERIOD 1981 TO 2010
CLIMATE RECORD PERIOD 1885 TO 2017


WEATHER ITEM   OBSERVED TIME   RECORD YEAR NORMAL DEPARTURE LAST
                VALUE   (LST)  VALUE       VALUE  FROM      YEAR
                                                  NORMAL
..................................................................
TEMPERATURE (F)
 TODAY
  MAXIMUM         72    312 PM  87    2003  61     11       82
  MINIMUM         27    504 AM  10    1917  32     -5       32
  AVERAGE         50                        46      4       57

PRECIPITATION (IN)
  TODAY            0.00          0.70 1986   0.04  -0.04     0.00
  MONTH TO DATE    1.30                      0.97   0.33     1.88
  SINCE SEP 1      3.92                      2.61   1.31     3.40
  SINCE JAN 1     17.10                     18.72  -1.62    25.33

SNOWFALL (IN)
  TODAY            0.0           2.8  1906   0.1   -0.1      0.0
  MONTH TO DATE    0.0                       0.8   -0.8      3.0
  SINCE SEP 1      0.0                       1.5   -1.5      3.0
  SINCE JUL 1      0.0                       1.5   -1.5      3.0
  SNOW DEPTH       0

DEGREE DAYS
 HEATING
  TODAY           15                        19     -4        8
  MONTH TO DATE  250                       329    -79      213
  SINCE SEP 1    367                       489   -122      322
  SINCE JUL 1    374                       514   -140      350

 COOLING
  TODAY            0                         0      0        0
  MONTH TO DATE    0                         1     -1       14
  SINCE SEP 1    126                        82     44       81
  SINCE JAN 1   1060                       818    242      878
..................................................................


WIND (MPH)
  HIGHEST WIND SPEED    25   HIGHEST WIND DIRECTION     W (260)
  HIGHEST GUST SPEED    33   HIGHEST GUST DIRECTION     W (250)
  AVERAGE WIND SPEED    11.0


SKY COVER
  POSSIBLE SUNSHINE  MM
  AVERAGE SKY COVER 0.0


WEATHER CONDITIONS
 THE FOLLOWING WEATHER WAS RECORDED TODAY.
  NO SIGNIFICANT WEATHER WAS OBSERVED.


RELATIVE HUMIDITY (PERCENT)
 HIGHEST    92           500 AM
 LOWEST     20           200 PM
 AVERAGE    56

..........................................................


THE VALENTINE NE CLIMATE NORMALS FOR TOMORROW
                         NORMAL    RECORD    YEAR
 MAXIMUM TEMPERATURE (F)   60        84      1973
 MINIMUM TEMPERATURE (F)   31         5      1917


SUNRISE AND SUNSET
OCTOBER 22 2017.......SUNRISE   804 AM CDT   SUNSET   648 PM CDT
OCTOBER 23 2017.......SUNRISE   806 AM CDT   SUNSET   647 PM CDT


-  INDICATES NEGATIVE NUMBERS.
R  INDICATES RECORD WAS SET OR TIED.
MM INDICATES DATA IS MISSING.
T  INDICATES TRACE AMOUNT.




$$
