000
CDUS43 KLBF 290930 RRB
CLIVTN

CLIMATE REPORT
NATIONAL WEATHER SERVICE NORTH PLATTE
428 AM CDT THU JUN 29 2017


...................................

...THE VALENTINE NE CLIMATE SUMMARY FOR JUNE 28 2017...

CLIMATE NORMAL PERIOD 1981 TO 2010
CLIMATE RECORD PERIOD 1885 TO 2017


WEATHER ITEM   OBSERVED TIME   RECORD YEAR NORMAL DEPARTURE LAST
                VALUE   (LST)  VALUE       VALUE  FROM      YEAR
                                                  NORMAL
..................................................................
TEMPERATURE (F)
 YESTERDAY
  MAXIMUM         91    444 PM 106    1970  86      5       89
  MINIMUM         59    534 AM  39    2004  58      1       55
  AVERAGE         75                        72      3       72

PRECIPITATION (IN)
  YESTERDAY        T             1.84 1893   0.11  -0.11     0.43
  MONTH TO DATE    0.25                      3.35  -3.10     4.02
  SINCE JUN 1      0.25                      3.35  -3.10     4.02
  SINCE JAN 1      9.85                     10.51  -0.66    17.34

SNOWFALL (IN)
  YESTERDAY        0.0           0.0    MM   0.0    0.0      0.0
  MONTH TO DATE    0.0                       0.0    0.0      0.0
  SINCE JUN 1      0.0                       0.0    0.0      0.0
  SINCE JUL 1     44.5                      33.3   11.2     38.2
  SNOW DEPTH       0

DEGREE DAYS
 HEATING
  YESTERDAY        0                         1     -1        0
  MONTH TO DATE   16                        59    -43       11
  SINCE JUN 1     16                        59    -43       11
  SINCE JUL 1   6250                      7001   -751     6161

 COOLING
  YESTERDAY       10                         7      3        7
  MONTH TO DATE  191                       120     71      225
  SINCE JUN 1    191                       120     71      225
  SINCE JAN 1    214                       154     60      243
..................................................................


WIND (MPH)
  HIGHEST WIND SPEED    30   HIGHEST WIND DIRECTION    NW (300)
  HIGHEST GUST SPEED    42   HIGHEST GUST DIRECTION    NW (300)
  AVERAGE WIND SPEED    11.2


SKY COVER
  POSSIBLE SUNSHINE  MM
  AVERAGE SKY COVER 0.1


WEATHER CONDITIONS
 THE FOLLOWING WEATHER WAS RECORDED YESTERDAY.
  LIGHT RAIN


RELATIVE HUMIDITY (PERCENT)
 HIGHEST    80           500 AM
 LOWEST     17           400 PM
 AVERAGE    49

..........................................................


THE VALENTINE NE CLIMATE NORMALS FOR TODAY
                         NORMAL    RECORD    YEAR
 MAXIMUM TEMPERATURE (F)   86       105      2002
 MINIMUM TEMPERATURE (F)   58        44      1925
                                             1918
                                             1908


SUNRISE AND SUNSET
JUNE 29 2017..........SUNRISE   607 AM CDT   SUNSET   925 PM CDT
JUNE 30 2017..........SUNRISE   607 AM CDT   SUNSET   925 PM CDT


-  INDICATES NEGATIVE NUMBERS.
R  INDICATES RECORD WAS SET OR TIED.
MM INDICATES DATA IS MISSING.
T  INDICATES TRACE AMOUNT.




$$
