000
CDUS43 KLBF 160914
CLIVTN


CLIMATE REPORT
NATIONAL WEATHER SERVICE NORTH PLATTE
413 AM CDT WED AUG 16 2017


...................................

...THE VALENTINE NE CLIMATE SUMMARY FOR AUGUST 15 2017...

CLIMATE NORMAL PERIOD 1981 TO 2010
CLIMATE RECORD PERIOD 1885 TO 2017


WEATHER ITEM   OBSERVED TIME   RECORD YEAR NORMAL DEPARTURE LAST
                VALUE   (LST)  VALUE       VALUE  FROM      YEAR
                                                  NORMAL
..................................................................
TEMPERATURE (F)
 YESTERDAY
  MAXIMUM         81    435 PM 108    1937  87     -6       86
  MINIMUM         63   1033 PM  44    1959  59      4       58
  AVERAGE         72                        73     -1       72

PRECIPITATION (IN)
  YESTERDAY        0.56          1.40 1991   0.07   0.49     0.05
  MONTH TO DATE    1.53                      1.28   0.25     0.23
  SINCE JUN 1      2.79                      8.05  -5.26     7.50
  SINCE JAN 1     12.39                     15.21  -2.82    20.82

SNOWFALL (IN)
  YESTERDAY        0.0           0.0    MM   0.0    0.0      0.0
  MONTH TO DATE    0.0                       0.0    0.0      0.0
  SINCE JUN 1      0.0                       0.0    0.0      0.0
  SINCE JUL 1      0.0                       0.0    0.0      0.0
  SNOW DEPTH       0

DEGREE DAYS
 HEATING
  YESTERDAY        0                         0      0        0
  MONTH TO DATE    7                         0      7        0
  SINCE JUN 1     23                        69    -46       16
  SINCE JUL 1      7                         8     -1        5

 COOLING
  YESTERDAY        7                         9     -2        7
  MONTH TO DATE   74                       143    -69      145
  SINCE JUN 1    782                       584    198      676
  SINCE JAN 1    805                       618    187      694
..................................................................


WIND (MPH)
  HIGHEST WIND SPEED    32   HIGHEST WIND DIRECTION     N (360)
  HIGHEST GUST SPEED    39   HIGHEST GUST DIRECTION     N (350)
  AVERAGE WIND SPEED     9.8


SKY COVER
  POSSIBLE SUNSHINE  MM
  AVERAGE SKY COVER 0.6


WEATHER CONDITIONS
 THE FOLLOWING WEATHER WAS RECORDED YESTERDAY.
  THUNDERSTORM
  RAIN
  LIGHT RAIN
  FOG


RELATIVE HUMIDITY (PERCENT)
 HIGHEST    87           400 AM
 LOWEST     58           100 PM
 AVERAGE    73

..........................................................


THE VALENTINE NE CLIMATE NORMALS FOR TODAY
                         NORMAL    RECORD    YEAR
 MAXIMUM TEMPERATURE (F)   87       107      2002
 MINIMUM TEMPERATURE (F)   59        43      1897


SUNRISE AND SUNSET
AUGUST 16 2017........SUNRISE   650 AM CDT   SUNSET   842 PM CDT
AUGUST 17 2017........SUNRISE   651 AM CDT   SUNSET   841 PM CDT


-  INDICATES NEGATIVE NUMBERS.
R  INDICATES RECORD WAS SET OR TIED.
MM INDICATES DATA IS MISSING.
T  INDICATES TRACE AMOUNT.




$$
