000
CXUS54 KFWD 290730
CF6CPT
PRELIMINARY LOCAL CLIMATOLOGICAL DATA (WS FORM: F-6)
STATION: CLEBURNE
MONTH: MARCH
YEAR: 2024
LATITUDE: 32 21 N
LONGITUDE: 97 24 W
TEMPERATURE IN F: :PCPN: SNOW: WIND :SUNSHINE: SKY :PK WND
================================================================================
1 2 3 4 5 6A 6B 7 8 9 10 11 12 13 14 15 16 17 18
12Z AVG MX 2MIN
DY MAX MIN AVG DEP HDD CDD WTR SNW DPTH SPD SPD DIR MIN PSBL S-S WX SPD DR
================================================================================
1 68 41 55 3 10 0 0.00 M M 8.7 14 160 M M 4 20 170
2 82 48 65 13 0 0 0.00 M M 11.5 20 160 M M 0 1 25 160
3 79 59 69 17 0 4 0.00 M M 14.3 20 180 M M 2 26 180
4 81 64 73 21 0 8 0.00 M M 11.4 15 190 M M 4 1 21 190
5 77 57 67 14 0 2 0.00 M M 7.5 15 360 M M 0 1 18 350
6 75 50 63 10 2 0 0.01 M M 7.0 20 310 M M 3 29 140
7 66 59 63 10 2 0 1.05 M M 10.2 20 130 M M 8 13 28 130
8 73 43 58 4 7 0 0.17 M M 12.3 25 330 M M 8 13 35 330
9 57 41 49 -5 16 0 0.00 M M 15.5 22 340 M M 4 31 330
10 61 39 50 -4 15 0 0.00 M M 5.4 8 120 M M 0 16 170
11 68 48 58 4 7 0 0.00 M M 8.0 15 160 M M 3 18 130
12 75 52 64 9 1 0 0.00 M M 12.0 18 170 M M 3 25 180
13 79 63 71 16 0 6 0.00 M M 14.1 20 160 M M 3 26 160
14 79 68 74 19 0 9 0.00 M M 11.5 21 170 M M 8 1 29 170
15 70 54 62 6 3 0 0.00 M M 13.1 23 20 M M 7 1 32 20
16 63 55 59 3 6 0 0.08 M M 9.3 13 30 M M 9 1 18 50
17 66 50 58 2 7 0 0.00 M M 11.8 21 30 M M 5 1 24 20
18 59 45 52 -4 13 0 0.00 M M 10.3 18 30 M M 2 23 30
19 64 39 52 -5 13 0 0.00 M M 6.3 13 160 M M 0 20 150
20 70 48 59 2 6 0 0.00 M M 9.2 15 150 M M 2 22 150
21 63 55 59 2 6 0 0.00 M M 8.7 18 330 M M 8 1 16 160
22 68 52 60 2 5 0 0.00 M M 9.7 23 340 M M 6 12 26 340
23 68 46 57 -1 8 0 0.00 M M 8.3 13 120 M M 1 14 20
24 70 57 64 6 1 0 0.00 M M 18.2 29 170 M M 4 1 39 170
25 73 45 59 1 6 0 1.00 M M 11.7 23 240 M M 3 1 35 240
26 57 36 47 -12 18 0 0.00 M M 8.8 16 310 M M 0 20 320
27 66 39 53 -6 12 0 0.00 M M 6.4 13 140 M M 1 8 21 0
28 72 43 58 -2 7 0 0.00 M M 8.5 13 130 M M 0 18 190
================================================================================
SM 1949 1396 171 29 2.31 M 289.8 M 98
================================================================================
AV 69.6 49.9 10.4 FASTST M M 4 MAX(MPH)
MISC ----> 29 170 39 170
================================================================================
NOTES:
# LAST OF SEVERAL OCCURRENCES
COLUMN 17 PEAK WIND IN M.P.H.
PRELIMINARY LOCAL CLIMATOLOGICAL DATA (WS FORM: F-6) , PAGE 2
STATION: CLEBURNE
MONTH: MARCH
YEAR: 2024
LATITUDE: 32 21 N
LONGITUDE: 97 24 W
[TEMPERATURE DATA] [PRECIPITATION DATA] SYMBOLS USED IN COLUMN 16
AVERAGE MONTHLY: 59.7 TOTAL FOR MONTH: 2.31 1 = FOG OR MIST
DPTR FM NORMAL: 4.3 DPTR FM NORMAL: -0.99 2 = FOG REDUCING VISIBILITY
HIGHEST: 82 ON 2 GRTST 24HR 1.05 ON 7- 7 TO 1/4 MILE OR LESS
LOWEST: 36 ON 26 3 = THUNDER
SNOW, ICE PELLETS, HAIL 4 = ICE PELLETS
TOTAL MONTH: M 5 = HAIL
GRTST 24HR M ON M 6 = FREEZING RAIN OR DRIZZLE
GRTST DEPTH: M ON M 7 = DUSTSTORM OR SANDSTORM:
VSBY 1/2 MILE OR LESS
8 = SMOKE OR HAZE
[NO. OF DAYS WITH] [WEATHER - DAYS WITH] 9 = BLOWING SNOW
X = TORNADO
MAX 32 OR BELOW: 0 0.01 INCH OR MORE: 5
MAX 90 OR ABOVE: 0 0.10 INCH OR MORE: 3
MIN 32 OR BELOW: 0 0.50 INCH OR MORE: 2
MIN 0 OR BELOW: 0 1.00 INCH OR MORE: 1
[HDD (BASE 65) ]
TOTAL THIS MO. 171 CLEAR (SCALE 0-3) 15
DPTR FM NORMAL -112 PTCLDY (SCALE 4-7) 12
TOTAL FM JUL 1 1881 CLOUDY (SCALE 8-10) 1
DPTR FM NORMAL -444
[CDD (BASE 65) ]
TOTAL THIS MO. 29
DPTR FM NORMAL 15 [PRESSURE DATA]
TOTAL FM JAN 1 51 HIGHEST SLP M ON M
DPTR FM NORMAL 33 LOWEST SLP M ON M
[REMARKS]