000
CXUS55 KMSO 250900
CF6GPI
PRELIMINARY LOCAL CLIMATOLOGICAL DATA (WS FORM: F-6)
STATION: KALISPELL MT
MONTH: APRIL
YEAR: 2024
LATITUDE: 48 17 N
LONGITUDE: 114 16 W
TEMPERATURE IN F: :PCPN: SNOW: WIND :SUNSHINE: SKY :PK WND
================================================================================
1 2 3 4 5 6A 6B 7 8 9 10 11 12 13 14 15 16 17 18
12Z AVG MX 2MIN
DY MAX MIN AVG DEP HDD CDD WTR SNW DPTH SPD SPD DIR MIN PSBL S-S WX SPD DR
================================================================================
1 60 21 41 2 24 0 0.00 0.0 M 5.0 14 160 M M 0 22 120
2 66 28 47 7 18 0 0.00 0.0 0 7.5 22 150 M M 0 29 150
3 59 38 49 9 16 0 0.01 0.0 0 9.0 21 200 M M 5 28 220
4 54 36 45 5 20 0 0.15 0.0 0 13.7 28 20 M M 10 1 38 20
5 55 36 46 6 19 0 0.33 0.0 0 11.2 23 20 M M 5 1 31 10
6 43 33 38 -2 27 0 0.37 T 0 6.7 17 160 M M 10 1 22 140
7 45 31 38 -3 27 0 0.07 0.0 0 10.0 18 140 M M 9 25 120
8 48 26 37 -4 28 0 0.00 0.0 0 6.9 16 210 M M 7 26 140
9 55 31 43 2 22 0 0.10 0.0 0 8.5 25 270 M M 8 1 36 240
10 55 23 39 -2 26 0 0.00 0.0 0 3.7 15 150 M M 2 1 18 140
11 61 28 45 3 20 0 0.00 0.0 0 5.9 18 160 M M 1 26 130
12 62 42 52 10 13 0 0.01 0.0 0 4.1 13 170 M M 3 20 140
13 70 39 55 13 10 0 0.00 0.0 0 5.2 16 170 M M 3 22 150
14 76 33 55 13 10 0 0.00 0.0 0 4.2 25 140 M M 1 34 140
15 66 42 54 12 11 0 0.00 0.0 M 10.4 25 140 M M 1 36 140
16 51 34 43 0 22 0 T T 0 11.2 25 190 M M 4 18 33 200
17 49 29 39 -4 26 0 0.01 T 0 9.2 20 40 M M 4 1 25 50
18 46 31 39 -4 26 0 0.00 0.0 0 7.9 20 40 M M 5 25 40
19 48 26 37 -7 28 0 0.00 0.0 0 11.8 23 30 M M 1 31 20
20 56 19 38 -6 27 0 0.00 0.0 0 3.5 14 180 M M 0 19 160
21 54 30 42 -2 23 0 0.00 0.0 0 9.9 25 230 M M 4 35 230
22 59 21 40 -4 25 0 0.00 0.0 0 2.9 13 280 M M 1 24 350
23 65 22 44 -1 21 0 0.00 0.0 0 4.8 15 160 M M 0 8 21 170
24 69 25 47 2 18 0 0.00 0.0 0 6.2 22 230 M M 1 35 220
================================================================================
SM 1372 724 507 0 1.05 T 179.4 M 85
================================================================================
AV 57.2 30.2 7.5 FASTST M M 4 MAX(MPH)
MISC ----> 28 20 38 20
================================================================================
NOTES:
# LAST OF SEVERAL OCCURRENCES
COLUMN 17 PEAK WIND IN M.P.H.
PRELIMINARY LOCAL CLIMATOLOGICAL DATA (WS FORM: F-6) , PAGE 2
STATION: KALISPELL MT
MONTH: APRIL
YEAR: 2024
LATITUDE: 48 17 N
LONGITUDE: 114 16 W
[TEMPERATURE DATA] [PRECIPITATION DATA] SYMBOLS USED IN COLUMN 16
AVERAGE MONTHLY: 43.7 TOTAL FOR MONTH: 1.05 1 = FOG OR MIST
DPTR FM NORMAL: 1.7 DPTR FM NORMAL: -0.04 2 = FOG REDUCING VISIBILITY
HIGHEST: 76 ON 14 GRTST 24HR 0.66 ON 5- 6 TO 1/4 MILE OR LESS
LOWEST: 19 ON 20 3 = THUNDER
SNOW, ICE PELLETS, HAIL 4 = ICE PELLETS
TOTAL MONTH: T 5 = HAIL
GRTST 24HR T ON 6- 6 6 = FREEZING RAIN OR DRIZZLE
GRTST DEPTH: 0 7 = DUSTSTORM OR SANDSTORM:
VSBY 1/2 MILE OR LESS
8 = SMOKE OR HAZE
[NO. OF DAYS WITH] [WEATHER - DAYS WITH] 9 = BLOWING SNOW
X = TORNADO
MAX 32 OR BELOW: 0 0.01 INCH OR MORE: 8
MAX 90 OR ABOVE: 0 0.10 INCH OR MORE: 4
MIN 32 OR BELOW: 15 0.50 INCH OR MORE: 0
MIN 0 OR BELOW: 0 1.00 INCH OR MORE: 0
[HDD (BASE 65) ]
TOTAL THIS MO. 507 CLEAR (SCALE 0-3) 11
DPTR FM NORMAL -47 PTCLDY (SCALE 4-7) 10
TOTAL FM JUL 1 6871 CLOUDY (SCALE 8-10) 3
DPTR FM NORMAL -472
[CDD (BASE 65) ]
TOTAL THIS MO. 0
DPTR FM NORMAL 0 [PRESSURE DATA]
TOTAL FM JAN 1 0 HIGHEST SLP M ON M
DPTR FM NORMAL 0 LOWEST SLP 29.49 ON 5
[REMARKS]