000
CXUS51 KBTV 190700
CF6SLK
PRELIMINARY LOCAL CLIMATOLOGICAL DATA (WS FORM: F-6)
STATION: SARANAC LAKE NY
MONTH: APRIL
YEAR: 2024
LATITUDE: 44 23 N
LONGITUDE: 74 12 W
TEMPERATURE IN F: :PCPN: SNOW: WIND :SUNSHINE: SKY :PK WND
================================================================================
1 2 3 4 5 6A 6B 7 8 9 10 11 12 13 14 15 16 17 18
12Z AVG MX 2MIN
DY MAX MIN AVG DEP HDD CDD WTR SNW DPTH SPD SPD DIR MIN PSBL S-S WX SPD DR
================================================================================
1 52 23 38 7 27 0 0.00 M M 5.1 14 20 M M 5 22 360
2 50 25 38 7 27 0 0.00 M M 8.9 21 50 M M 1 30 60
3 43 31 37 5 28 0 0.56 M M 12.0 20 90 M M 10 1 36 110
4 33 28 31 -1 34 0 0.21 M M 11.4 22 50 M M 10 1 33 40
5 35 28 32 -1 33 0 0.15 M M 4.6 14 30 M M 10 12 20 30
6 36 31 34 1 31 0 0.01 M M 5.0 13 20 M M 10 18 19 20
7 49 25 37 3 28 0 0.00 M M 5.6 21 50 M M 2 1 28 40
8 60 20 40 6 25 0 0.00 M M 2.1 10 290 M M 0 21 260
9 69 26 48 13 17 0 0.00 M M 2.7 12 70 M M 1 17 210
10 62 33 48 12 17 0 0.18 M M 4.1 16 220 M M 8 12 25 220
11 58 40 49 13 16 0 0.14 M M 7.8 23 160 M M M 34 170
12 64 43 54 18 11 0 0.00 M M 10.7 26 170 M M M 40 160
13 45 33 39 2 26 0 0.29 M M 9.6 18 220 M M M 1 27 230
14 45 31 38 0 27 0 0.05 M M 6.0 15 230 M M M 24 230
15 51 33 42 4 23 0 0.01 M M 3.6 13 240 M M 8 1 24 230
16 53 26 40 2 25 0 0.00 M M 3.7 15 260 M M 3 1 26 310
17 56 26 41 2 24 0 0.00 M M 8.1 16 60 M M 1 24 60
18 47 39 43 3 22 0 0.07 M M 5.1 13 160 M M 10 1 22 150
================================================================================
SM 908 541 441 0 1.67 M 116.1 M 79
================================================================================
AV 50.4 30.1 6.4 FASTST M M 6 MAX(MPH)
MISC ----> 26 170 40 160
================================================================================
NOTES:
# LAST OF SEVERAL OCCURRENCES
COLUMN 17 PEAK WIND IN M.P.H.
PRELIMINARY LOCAL CLIMATOLOGICAL DATA (WS FORM: F-6) , PAGE 2
STATION: SARANAC LAKE NY
MONTH: APRIL
YEAR: 2024
LATITUDE: 44 23 N
LONGITUDE: 74 12 W
[TEMPERATURE DATA] [PRECIPITATION DATA] SYMBOLS USED IN COLUMN 16
AVERAGE MONTHLY: 40.3 TOTAL FOR MONTH: 1.67 1 = FOG OR MIST
DPTR FM NORMAL: 5.1 DPTR FM NORMAL: -0.11 2 = FOG REDUCING VISIBILITY
HIGHEST: 69 ON 9 GRTST 24HR 0.71 ON 3- 4 TO 1/4 MILE OR LESS
LOWEST: 20 ON 8 3 = THUNDER
SNOW, ICE PELLETS, HAIL 4 = ICE PELLETS
TOTAL MONTH: M 5 = HAIL
GRTST 24HR M ON M 6 = FREEZING RAIN OR DRIZZLE
GRTST DEPTH: M ON M 7 = DUSTSTORM OR SANDSTORM:
VSBY 1/2 MILE OR LESS
8 = SMOKE OR HAZE
[NO. OF DAYS WITH] [WEATHER - DAYS WITH] 9 = BLOWING SNOW
X = TORNADO
MAX 32 OR BELOW: 0 0.01 INCH OR MORE: 10
MAX 90 OR ABOVE: 0 0.10 INCH OR MORE: 6
MIN 32 OR BELOW: 12 0.50 INCH OR MORE: 1
MIN 0 OR BELOW: 0 1.00 INCH OR MORE: 0
[HDD (BASE 65) ]
TOTAL THIS MO. 441 CLEAR (SCALE 0-3) 6
DPTR FM NORMAL -96 PTCLDY (SCALE 4-7) 2
TOTAL FM JUL 1 7157 CLOUDY (SCALE 8-10) 10
DPTR FM NORMAL -1226
[CDD (BASE 65) ]
TOTAL THIS MO. 0
DPTR FM NORMAL 0 [PRESSURE DATA]
TOTAL FM JAN 1 0 HIGHEST SLP M ON M
DPTR FM NORMAL 0 LOWEST SLP 28.22 ON 11
[REMARKS]