000
CXUS53 KEAX 240736
CF6STJ
PRELIMINARY LOCAL CLIMATOLOGICAL DATA (WS FORM: F-6)
STATION: ST. JOSEPH MO
MONTH: APRIL
YEAR: 2024
LATITUDE: 39 46 N
LONGITUDE: 94 55 W
TEMPERATURE IN F: :PCPN: SNOW: WIND :SUNSHINE: SKY :PK WND
================================================================================
1 2 3 4 5 6A 6B 7 8 9 10 11 12 13 14 15 16 17 18
12Z AVG MX 2MIN
DY MAX MIN AVG DEP HDD CDD WTR SNW DPTH SPD SPD DIR MIN PSBL S-S WX SPD DR
================================================================================
1 81 48 65 16 0 0 T M M 11.5 25 190 M M 8 138 33 180
2 53 36 45 -5 20 0 0.27 M M 16.4 26 330 M M 9 1 35 330
3 58 39 49 -1 16 0 T M M M 32 320 M M M 44 350
4 62 33 48 -2 17 0 0.00 M M 9.4 24 340 M M 0 35 340
5 64 30 47 -4 18 0 0.00 M M 8.3 16 110 M M 0 23 100
6 69 43 56 5 9 0 0.16 M M 18.8 35 140 M M 2 3 46 130
7 70 52 61 10 4 0 0.00 M M 16.4 35 220 M M 3 8 50 230
8 70 41 56 4 9 0 0.00 M M 6.1 15 260 M M 0 20 240
9 69 38 54 2 11 0 0.00 M M 3.2 14 330 M M 0 20 30
10 72 40 56 4 9 0 0.00 M M 4.6 26 340 M M 1 34 340
11 67 43 55 3 10 0 0.00 M M 20.1 36 330 M M 1 49 310
12 72 40 56 3 9 0 0.00 M M 6.9 18 280 M M 0 23 310
13 90 43 67 14 0 2 0.00 M M 12.0 26 200 M M 0 34 190
14 89 58 74 21 0 9 0.00 M M 6.0 16 190 M M 0 22 190
15 86 62 74 20 0 9 0.04 M M 13.2 24 130 M M 2 3 33 140
16 81 61 71 17 0 6 0.21 M M 24.9 45 220 M M 5 13 61 210
17 76 55 66 12 0 1 0.00 M M 11.8 25 360 M M 1 34 350
18 65 44 55 0 10 0 1.71 M M 16.8 33 20 M M 7 13 44 10
19 60 37 49 -6 16 0 0.00 M M 5.2 16 340 M M 4 24 340
20 54 37 46 -9 19 0 0.00 M M 9.5 22 330 M M 1 34 360
21 62 33 48 -8 17 0 0.00 M M 4.6 17 300 M M 0 24 350
22 74 40 57 1 8 0 0.00 M M 16.2 33 200 M M 0 8 48 210
23 75 46 61 5 4 0 0.18 M M 9.0 24 340 M M 3 3 32 320
================================================================================
SM 1619 999 206 27 2.57 M 250.9 M 47
================================================================================
AV 70.4 43.4 11.4 FASTST M M 2 MAX(MPH)
MISC ----> 45 220 61 210
================================================================================
NOTES:
# LAST OF SEVERAL OCCURRENCES
COLUMN 17 PEAK WIND IN M.P.H.
PRELIMINARY LOCAL CLIMATOLOGICAL DATA (WS FORM: F-6) , PAGE 2
STATION: ST. JOSEPH MO
MONTH: APRIL
YEAR: 2024
LATITUDE: 39 46 N
LONGITUDE: 94 55 W
[TEMPERATURE DATA] [PRECIPITATION DATA] SYMBOLS USED IN COLUMN 16
AVERAGE MONTHLY: 56.9 TOTAL FOR MONTH: 2.57 1 = FOG OR MIST
DPTR FM NORMAL: 4.1 DPTR FM NORMAL: -0.07 2 = FOG REDUCING VISIBILITY
HIGHEST: 90 ON 13 GRTST 24HR 1.71 ON 18-18 TO 1/4 MILE OR LESS
LOWEST: 30 ON 5 3 = THUNDER
SNOW, ICE PELLETS, HAIL 4 = ICE PELLETS
TOTAL MONTH: M 5 = HAIL
GRTST 24HR M ON M 6 = FREEZING RAIN OR DRIZZLE
GRTST DEPTH: M ON M 7 = DUSTSTORM OR SANDSTORM:
VSBY 1/2 MILE OR LESS
8 = SMOKE OR HAZE
[NO. OF DAYS WITH] [WEATHER - DAYS WITH] 9 = BLOWING SNOW
X = TORNADO
MAX 32 OR BELOW: 0 0.01 INCH OR MORE: 6
MAX 90 OR ABOVE: 1 0.10 INCH OR MORE: 5
MIN 32 OR BELOW: 1 0.50 INCH OR MORE: 1
MIN 0 OR BELOW: 0 1.00 INCH OR MORE: 1
[HDD (BASE 65) ]
TOTAL THIS MO. 206 CLEAR (SCALE 0-3) 16
DPTR FM NORMAL -88 PTCLDY (SCALE 4-7) 4
TOTAL FM JUL 1 4312 CLOUDY (SCALE 8-10) 3
DPTR FM NORMAL -895
[CDD (BASE 65) ]
TOTAL THIS MO. 27
DPTR FM NORMAL 14 [PRESSURE DATA]
TOTAL FM JAN 1 27 HIGHEST SLP M ON M
DPTR FM NORMAL 11 LOWEST SLP 29.37 ON 16
[REMARKS]