000
CDUS43 KLBF 292220
CLILBF

CLIMATE REPORT
NATIONAL WEATHER SERVICE NORTH PLATTE
519 PM CDT FRI MAY 29 2015


...................................

...THE NORTH PLATTE NE CLIMATE SUMMARY FOR MAY 29 2015...
VALID TODAY AS OF 0500 PM LOCAL TIME.

CLIMATE NORMAL PERIOD 1981 TO 2010
CLIMATE RECORD PERIOD 1874 TO 2015


WEATHER ITEM   OBSERVED TIME   RECORD YEAR NORMAL DEPARTURE LAST
                VALUE   (LST)  VALUE       VALUE  FROM      YEAR
                                                  NORMAL
..................................................................
TEMPERATURE (F)
 TODAY
  MAXIMUM         70   1230 PM  98    1934  76     -6       90
  MINIMUM         50    540 AM  28    1947  49      1       55
  AVERAGE         60                        62     -2       73

PRECIPITATION (IN)
  TODAY            0.09          2.95 2007   0.13  -0.04     0.00
  MONTH TO DATE    4.32                      3.03   1.29     1.77
  SINCE MAR 1      7.34                      6.35   0.99     3.20
  SINCE JAN 1      8.08                      7.19   0.89     4.25

SNOWFALL (IN)
  TODAY            0.0           0.0    MM   0.0    0.0      0.0
  MONTH TO DATE    T                         0.0    0.0       T
  SINCE MAR 1      2.4                       7.6   -5.2      7.4
  SINCE JUL 1     21.3                      28.5   -7.2     29.8
  SNOW DEPTH       0

DEGREE DAYS
 HEATING
  TODAY            5                         4      1        0
  MONTH TO DATE  264                       235     29      263
  SINCE MAR 1   1359                      1597   -238     1639
  SINCE JUL 1   6248                      6625   -377     6830

 COOLING
  TODAY            0                         1     -1        8
  MONTH TO DATE    0                        19    -19       30
  SINCE MAR 1      2                        22    -20       32
  SINCE JAN 1      2                        22    -20       32
..................................................................


WIND (MPH)
  HIGHEST WIND SPEED    25   HIGHEST WIND DIRECTION     N (360)
  HIGHEST GUST SPEED    32   HIGHEST GUST DIRECTION     N (10)
  AVERAGE WIND SPEED     9.0


SKY COVER
  POSSIBLE SUNSHINE  MM
  AVERAGE SKY COVER 0.4


WEATHER CONDITIONS
 THE FOLLOWING WEATHER WAS RECORDED TODAY.
  RAIN
  LIGHT RAIN


RELATIVE HUMIDITY (PERCENT)
 HIGHEST   100           300 AM
 LOWEST     57           100 PM
 AVERAGE    79

..........................................................


THE NORTH PLATTE NE CLIMATE NORMALS FOR TOMORROW
                         NORMAL    RECORD    YEAR
 MAXIMUM TEMPERATURE (F)   76        97      1934
 MINIMUM TEMPERATURE (F)   49        35      1883


SUNRISE AND SUNSET
MAY 29 2015...........SUNRISE   614 AM CDT   SUNSET   907 PM CDT
MAY 30 2015...........SUNRISE   614 AM CDT   SUNSET   907 PM CDT


-  INDICATES NEGATIVE NUMBERS.
R  INDICATES RECORD WAS SET OR TIED.
MM INDICATES DATA IS MISSING.
T  INDICATES TRACE AMOUNT.

$$
