000
CDUS43 KLBF 290929
CLILBF

CLIMATE REPORT
NATIONAL WEATHER SERVICE NORTH PLATTE
428 AM CDT FRI AUG 29 2014

...................................

...THE NORTH PLATTE NE CLIMATE SUMMARY FOR AUGUST 28 2014...

CLIMATE NORMAL PERIOD 1981 TO 2010
CLIMATE RECORD PERIOD 1874 TO 2014


WEATHER ITEM   OBSERVED TIME   RECORD YEAR NORMAL DEPARTURE LAST
                VALUE   (LST)  VALUE       VALUE  FROM      YEAR
                                                  NORMAL
..................................................................
TEMPERATURE (F)
 YESTERDAY
  MAXIMUM         82    416 PM 102    2012  84     -2       97
  MINIMUM         58    622 AM  35    1976  55      3       60
  AVERAGE         70                        70      0       79

PRECIPITATION (IN)
  YESTERDAY        0.22          3.82 1929   0.05   0.17     0.00
  MONTH TO DATE    5.05                      2.14   2.91     3.33
  SINCE JUN 1     13.94                      8.63   5.31     8.02
  SINCE JAN 1     18.23                     16.07   2.16    14.18

SNOWFALL (IN)
  YESTERDAY        0.0           0.0  2002   0.0    0.0      0.0
                                      2001
  MONTH TO DATE    0.0                       0.0    0.0      0.0
  SINCE JUN 1      T                         0.0    0.0       T
  SINCE JUL 1      0.0                       0.0    0.0      0.0
  SNOW DEPTH       0

DEGREE DAYS
 HEATING
  YESTERDAY        0                         1     -1        0
  MONTH TO DATE    0                         7     -7        0
  SINCE JUN 1     56                        63     -7       60
  SINCE JUL 1     17                        12      5       13

 COOLING
  YESTERDAY        5                         6     -1       14
  MONTH TO DATE  245                       219     26      265
  SINCE JUN 1    611                       650    -39      746
  SINCE JAN 1    660                       678    -18      794
..................................................................


WIND (MPH)
  HIGHEST WIND SPEED    20   HIGHEST WIND DIRECTION     W (270)
  HIGHEST GUST SPEED    25   HIGHEST GUST DIRECTION     N (340)
  AVERAGE WIND SPEED     7.2


SKY COVER
  POSSIBLE SUNSHINE  MM
  AVERAGE SKY COVER 0.1


WEATHER CONDITIONS
 THE FOLLOWING WEATHER WAS RECORDED YESTERDAY.
  THUNDERSTORM
  RAIN
  LIGHT RAIN
  FOG


RELATIVE HUMIDITY (PERCENT)
 HIGHEST    97           700 AM
 LOWEST     51           400 PM
 AVERAGE    74

..........................................................


THE NORTH PLATTE NE CLIMATE NORMALS FOR TODAY
                         NORMAL    RECORD    YEAR
 MAXIMUM TEMPERATURE (F)   84       103      2012
 MINIMUM TEMPERATURE (F)   55        44      1931


SUNRISE AND SUNSET
AUGUST 29 2014........SUNRISE   706 AM CDT   SUNSET   820 PM CDT
AUGUST 30 2014........SUNRISE   707 AM CDT   SUNSET   819 PM CDT


-  INDICATES NEGATIVE NUMBERS.
R  INDICATES RECORD WAS SET OR TIED.
MM INDICATES DATA IS MISSING.
T  INDICATES TRACE AMOUNT.

$$
