000
CDUS43 KLBF 270950
CLILBF


CLIMATE REPORT
NATIONAL WEATHER SERVICE NORTH PLATTE
449 AM CDT FRI MAY 27 2016


...................................

...THE NORTH PLATTE NE CLIMATE SUMMARY FOR MAY 26 2016...

CLIMATE NORMAL PERIOD 1981 TO 2010
CLIMATE RECORD PERIOD 1874 TO 2016


WEATHER ITEM   OBSERVED TIME   RECORD YEAR NORMAL DEPARTURE LAST
                VALUE   (LST)  VALUE       VALUE  FROM      YEAR
                                                  NORMAL
..................................................................
TEMPERATURE (F)
 YESTERDAY
  MAXIMUM         79    337 PM  97    2012  75      4       72
  MINIMUM         48    442 AM  30    1992  48      0       49
  AVERAGE         64                        61      3       61

PRECIPITATION (IN)
  YESTERDAY        0.95          1.48 1973   0.12   0.83     0.00
  MONTH TO DATE    3.02                      2.66   0.36     4.00
  SINCE MAR 1      9.04                      5.98   3.06     7.02
  SINCE JAN 1     10.30                      6.82   3.48     7.76

SNOWFALL (IN)
  YESTERDAY        T   R         0.0    MM   0.0    0.0      0.0
  MONTH TO DATE    T                         0.0    0.0       T
  SINCE MAR 1      6.8                       7.6   -0.8      2.4
  SINCE JUL 1     32.4                      28.5    3.9     21.3
  SNOW DEPTH       0

DEGREE DAYS
 HEATING
  YESTERDAY        1                         5     -4        4
  MONTH TO DATE  252                       221     31      254
  SINCE MAR 1   1416                      1583   -167     1349
  SINCE JUL 1   5693                      6611   -918     6238

 COOLING
  YESTERDAY        0                         1     -1        0
  MONTH TO DATE    8                        16     -8        0
  SINCE MAR 1      9                        19    -10        2
  SINCE JAN 1      9                        19    -10        2
..................................................................


WIND (MPH)
  HIGHEST WIND SPEED    21   HIGHEST WIND DIRECTION    SE (120)
  HIGHEST GUST SPEED    26   HIGHEST GUST DIRECTION    SE (120)
  AVERAGE WIND SPEED     7.8


SKY COVER
  POSSIBLE SUNSHINE  MM
  AVERAGE SKY COVER 0.4


WEATHER CONDITIONS
 THE FOLLOWING WEATHER WAS RECORDED YESTERDAY.
  THUNDERSTORM
  HEAVY RAIN
  RAIN
  LIGHT RAIN
  FOG


RELATIVE HUMIDITY (PERCENT)
 HIGHEST   100           100 AM
 LOWEST     30           400 PM
 AVERAGE    65

..........................................................


THE NORTH PLATTE NE CLIMATE NORMALS FOR TODAY
                         NORMAL    RECORD    YEAR
 MAXIMUM TEMPERATURE (F)   75        99      2006
 MINIMUM TEMPERATURE (F)   48        29      1907


SUNRISE AND SUNSET
MAY 27 2016...........SUNRISE   615 AM CDT   SUNSET   906 PM CDT
MAY 28 2016...........SUNRISE   614 AM CDT   SUNSET   906 PM CDT


-  INDICATES NEGATIVE NUMBERS.
R  INDICATES RECORD WAS SET OR TIED.
MM INDICATES DATA IS MISSING.
T  INDICATES TRACE AMOUNT.




$$
