000
CDUS43 KLBF 302358
CLILBF

CLIMATE REPORT
NATIONAL WEATHER SERVICE NORTH PLATTE
529 PM CDT TUE JUN 30 2015


...................................

...THE NORTH PLATTE NE CLIMATE SUMMARY FOR JUNE 30 2015...
VALID TODAY AS OF 0500 PM LOCAL TIME.

CLIMATE NORMAL PERIOD 1981 TO 2010
CLIMATE RECORD PERIOD 1874 TO 2015


WEATHER ITEM   OBSERVED TIME   RECORD YEAR NORMAL DEPARTURE LAST
                VALUE   (LST)  VALUE       VALUE  FROM      YEAR
                                                  NORMAL
..................................................................
TEMPERATURE (F)
 TODAY
  MAXIMUM         97    414 PM 102    1933  87     10       81
  MINIMUM         60    538 AM  44    1918  58      2       56
  AVERAGE         79                        72      7       69

PRECIPITATION (IN)
  TODAY            0.00          2.92 1905   0.09  -0.09     0.02
  MONTH TO DATE    2.73                      3.42  -0.69     8.75
  SINCE JUN 1      2.73                      3.42  -0.69     8.75
  SINCE JAN 1     10.83                     10.86  -0.03    13.04

SNOWFALL (IN)
  TODAY            0.0           T    2014   0.0    0.0       T
  MONTH TO DATE    0.0                       0.0    0.0       T
  SINCE JUN 1      0.0                       0.0    0.0       T
  SINCE JUL 1     21.3                      28.5   -7.2     29.8
  SNOW DEPTH       0

DEGREE DAYS
 HEATING
  TODAY            0                         0      0        0
  MONTH TO DATE    5                        52    -47       39
  SINCE JUN 1      5                        51    -46       39
  SINCE JUL 1   6275                      6686   -411     6869

 COOLING
  TODAY           14                         8      6        4
  MONTH TO DATE  178                       138     40      131
  SINCE JUN 1    178                       138     40      131
  SINCE JAN 1    180                       166     14      180
..................................................................


WIND (MPH)
  HIGHEST WIND SPEED    13   HIGHEST WIND DIRECTION     S (200)
  HIGHEST GUST SPEED    16   HIGHEST GUST DIRECTION     W (260)
  AVERAGE WIND SPEED     4.3


SKY COVER
  POSSIBLE SUNSHINE  MM
  AVERAGE SKY COVER 0.0


WEATHER CONDITIONS
 THE FOLLOWING WEATHER WAS RECORDED TODAY.
  NO SIGNIFICANT WEATHER WAS OBSERVED.


RELATIVE HUMIDITY (PERCENT)
 HIGHEST    90           300 AM
 LOWEST     31           400 PM
 AVERAGE    61

..........................................................


THE NORTH PLATTE NE CLIMATE NORMALS FOR TOMORROW
                         NORMAL    RECORD    YEAR
 MAXIMUM TEMPERATURE (F)   87       106      1990
                                             1953
 MINIMUM TEMPERATURE (F)   58        43      1959


SUNRISE AND SUNSET
JUNE 30 2015..........SUNRISE   613 AM CDT   SUNSET   919 PM CDT
JULY  1 2015..........SUNRISE   614 AM CDT   SUNSET   919 PM CDT


-  INDICATES NEGATIVE NUMBERS.
R  INDICATES RECORD WAS SET OR TIED.
MM INDICATES DATA IS MISSING.
T  INDICATES TRACE AMOUNT.

$$
