000
CDUS43 KLBF 250832
CLILBF


CLIMATE REPORT
NATIONAL WEATHER SERVICE NORTH PLATTE
331 AM CDT SUN JUN 25 2017


...................................

...THE NORTH PLATTE NE CLIMATE SUMMARY FOR JUNE 24 2017...

CLIMATE NORMAL PERIOD 1981 TO 2010
CLIMATE RECORD PERIOD 1874 TO 2017


WEATHER ITEM   OBSERVED TIME   RECORD YEAR NORMAL DEPARTURE LAST
                VALUE   (LST)  VALUE       VALUE  FROM      YEAR
                                                  NORMAL
..................................................................
TEMPERATURE (F)
 YESTERDAY
  MAXIMUM         79   1230 PM 106    1954  85     -6       95
  MINIMUM         45    223 AM  44    1951  57    -12       67
  AVERAGE         62                        71     -9       81

PRECIPITATION (IN)
  YESTERDAY        0.00          1.78 1968   0.10  -0.10     0.00
  MONTH TO DATE    0.01                      2.81  -2.80     1.72
  SINCE JUN 1      0.01                      2.81  -2.80     1.72
  SINCE JAN 1      8.55                     10.25  -1.70    12.90

SNOWFALL (IN)
  YESTERDAY        0.0           0.0    MM   0.0    0.0      0.0
  MONTH TO DATE    0.0                       0.0    0.0      0.0
  SINCE JUN 1      0.0                       0.0    0.0      0.0
  SINCE JUL 1     21.3                      28.5   -7.2     32.4
  SNOW DEPTH       0

DEGREE DAYS
 HEATING
  YESTERDAY        3                         1      2        0
  MONTH TO DATE    4                        49    -45       10
  SINCE JUN 1      4                        49    -45       10
  SINCE JUL 1   5669                      6684  -1015     5716

 COOLING
  YESTERDAY        0                         6     -6       16
  MONTH TO DATE  183                        94     89      206
  SINCE JUN 1    183                        94     89      206
  SINCE JAN 1    200                       122     78      216
..................................................................


WIND (MPH)
  HIGHEST WIND SPEED    17   HIGHEST WIND DIRECTION    SW (220)
  HIGHEST GUST SPEED    21   HIGHEST GUST DIRECTION    SW (230)
  AVERAGE WIND SPEED     5.6


SKY COVER
  POSSIBLE SUNSHINE  MM
  AVERAGE SKY COVER 0.4


WEATHER CONDITIONS
 THE FOLLOWING WEATHER WAS RECORDED YESTERDAY.
  NO SIGNIFICANT WEATHER WAS OBSERVED.


RELATIVE HUMIDITY (PERCENT)
 HIGHEST    83           200 AM
 LOWEST     23          1100 AM
 AVERAGE    53

..........................................................


THE NORTH PLATTE NE CLIMATE NORMALS FOR TODAY
                         NORMAL    RECORD    YEAR
 MAXIMUM TEMPERATURE (F)   85       102      1954
                                             1936
 MINIMUM TEMPERATURE (F)   57        40      1958


SUNRISE AND SUNSET
JUNE 25 2017..........SUNRISE   611 AM CDT   SUNSET   919 PM CDT
JUNE 26 2017..........SUNRISE   612 AM CDT   SUNSET   919 PM CDT


-  INDICATES NEGATIVE NUMBERS.
R  INDICATES RECORD WAS SET OR TIED.
MM INDICATES DATA IS MISSING.
T  INDICATES TRACE AMOUNT.




$$
