000
CDUS43 KLBF 030944
CLILBF


CLIMATE REPORT
NATIONAL WEATHER SERVICE NORTH PLATTE
442 AM CDT TUE MAY 3 2016


...................................

...THE NORTH PLATTE NE CLIMATE SUMMARY FOR MAY 2 2016...

CLIMATE NORMAL PERIOD 1981 TO 2010
CLIMATE RECORD PERIOD 1874 TO 2016


WEATHER ITEM   OBSERVED TIME   RECORD YEAR NORMAL DEPARTURE LAST
                VALUE   (LST)  VALUE       VALUE  FROM      YEAR
                                                  NORMAL
..................................................................
TEMPERATURE (F)
 YESTERDAY
  MAXIMUM         63    234 PM  88    1955  68     -5       84
                                      1902
  MINIMUM         25    551 AM  18    2005  39    -14       43
  AVERAGE         44                        53     -9       64

PRECIPITATION (IN)
  YESTERDAY        0.08          1.61 1988   0.09  -0.01     0.20
  MONTH TO DATE    0.19                      0.18   0.01     0.20
  SINCE MAR 1      6.21                      3.50   2.71     3.22
  SINCE JAN 1      7.47                      4.34   3.13     3.96

SNOWFALL (IN)
  YESTERDAY        0.0           3.5  1907   0.0    0.0      0.0
  MONTH TO DATE    0.0                       0.0    0.0      0.0
  SINCE MAR 1      6.8                       7.6   -0.8      2.4
  SINCE JUL 1     32.4                      28.5    3.9     21.3
  SNOW DEPTH       0

DEGREE DAYS
 HEATING
  YESTERDAY       21                        12      9        1
  MONTH TO DATE   42                        24     18        3
  SINCE MAR 1   1206                      1386   -180     1098
  SINCE JUL 1   5483                      6414   -931     5987

 COOLING
  YESTERDAY        0                         0      0        0
  MONTH TO DATE    0                         0      0        0
  SINCE MAR 1      1                         3     -2        2
  SINCE JAN 1      1                         3     -2        2
..................................................................


WIND (MPH)
  HIGHEST WIND SPEED    17   HIGHEST WIND DIRECTION    NW (330)
  HIGHEST GUST SPEED    22   HIGHEST GUST DIRECTION    NW (300)
  AVERAGE WIND SPEED     5.8


SKY COVER
  POSSIBLE SUNSHINE  MM
  AVERAGE SKY COVER 0.1


WEATHER CONDITIONS
 THE FOLLOWING WEATHER WAS RECORDED YESTERDAY.
  RAIN
  LIGHT RAIN
  FOG


RELATIVE HUMIDITY (PERCENT)
 HIGHEST   100           200 AM
 LOWEST     32           600 PM
 AVERAGE    66

..........................................................


THE NORTH PLATTE NE CLIMATE NORMALS FOR TODAY
                         NORMAL    RECORD    YEAR
 MAXIMUM TEMPERATURE (F)   68        94      1949
 MINIMUM TEMPERATURE (F)   39        20      1976
                                             1907


SUNRISE AND SUNSET
MAY  3 2016...........SUNRISE   637 AM CDT   SUNSET   842 PM CDT
MAY  4 2016...........SUNRISE   636 AM CDT   SUNSET   843 PM CDT


-  INDICATES NEGATIVE NUMBERS.
R  INDICATES RECORD WAS SET OR TIED.
MM INDICATES DATA IS MISSING.
T  INDICATES TRACE AMOUNT.




$$
