000
CDUS43 KLBF 222232
CLILBF

CLIMATE REPORT
NATIONAL WEATHER SERVICE NORTH PLATTE
432 PM CST SAT NOV 22 2014


...................................

...THE NORTH PLATTE NE CLIMATE SUMMARY FOR NOVEMBER 22 2014...
VALID TODAY AS OF 0400 PM LOCAL TIME.

CLIMATE NORMAL PERIOD 1981 TO 2010
CLIMATE RECORD PERIOD 1874 TO 2014


WEATHER ITEM   OBSERVED TIME   RECORD YEAR NORMAL DEPARTURE LAST
                VALUE   (LST)  VALUE       VALUE  FROM      YEAR
                                                  NORMAL
..................................................................
TEMPERATURE (F)
 TODAY
  MAXIMUM         69    226 PM  73    1903  47     22       31
  MINIMUM         15    747 AM  -6    1898  18     -3        7
  AVERAGE         42                        32     10       19

PRECIPITATION (IN)
  TODAY            0.00          0.22 1952   0.02  -0.02     0.00
  MONTH TO DATE    0.06                      0.51  -0.45     0.51
  SINCE SEP 1      2.18                      3.47  -1.29     7.25
  SINCE JAN 1     20.46                     19.69   0.77    21.61

SNOWFALL (IN)
  TODAY            0.0           3.2  1952   0.1   -0.1      0.0
  MONTH TO DATE    0.4                       2.7   -2.3      3.1
  SINCE SEP 1      0.4                       5.0   -4.6      3.1
  SINCE JUL 1      0.4                       5.0   -4.6      3.1
  SNOW DEPTH       0

DEGREE DAYS
 HEATING
  TODAY           23                        33    -10       46
  MONTH TO DATE  739                       605    134      584
  SINCE SEP 1   1253                      1254     -1     1185
  SINCE JUL 1   1270                      1274     -4     1198

 COOLING
  TODAY            0                         0      0        0
  MONTH TO DATE    0                         0      0        0
  SINCE SEP 1     75                        73      2      161
  SINCE JAN 1    744                       768    -24      998
..................................................................


WIND (MPH)
  HIGHEST WIND SPEED    17   HIGHEST WIND DIRECTION    SW (220)
  HIGHEST GUST SPEED    21   HIGHEST GUST DIRECTION    SW (230)
  AVERAGE WIND SPEED     4.1


SKY COVER
  POSSIBLE SUNSHINE  MM
  AVERAGE SKY COVER 0.1


WEATHER CONDITIONS
 THE FOLLOWING WEATHER WAS RECORDED TODAY.
  FOG
  FOG W/VISIBILITY <= 1/4 MILE


RELATIVE HUMIDITY (PERCENT)
 HIGHEST    92           100 AM
 LOWEST     14           300 PM
 AVERAGE    53

..........................................................


THE NORTH PLATTE NE CLIMATE NORMALS FOR TOMORROW
                         NORMAL    RECORD    YEAR
 MAXIMUM TEMPERATURE (F)   46        72      1988
 MINIMUM TEMPERATURE (F)   18        -6      1950


SUNRISE AND SUNSET
NOVEMBER 22 2014......SUNRISE   739 AM CST   SUNSET   519 PM CST
NOVEMBER 23 2014......SUNRISE   740 AM CST   SUNSET   518 PM CST


-  INDICATES NEGATIVE NUMBERS.
R  INDICATES RECORD WAS SET OR TIED.
MM INDICATES DATA IS MISSING.
T  INDICATES TRACE AMOUNT.




$$
