000
CDUS43 KLBF 240947
CLILBF

CLIMATE REPORT
NATIONAL WEATHER SERVICE NORTH PLATTE
446 AM CDT WED MAY 24 2017


...................................

...THE NORTH PLATTE NE CLIMATE SUMMARY FOR MAY 23 2017...

CLIMATE NORMAL PERIOD 1981 TO 2010
CLIMATE RECORD PERIOD 1874 TO 2017


WEATHER ITEM   OBSERVED TIME   RECORD YEAR NORMAL DEPARTURE LAST
                VALUE   (LST)  VALUE       VALUE  FROM      YEAR
                                                  NORMAL
..................................................................
TEMPERATURE (F)
 YESTERDAY
  MAXIMUM         61    426 PM  98    1926  74    -13       78
  MINIMUM         38   1159 PM  30    2001  47     -9       47
  AVERAGE         50                        60    -10       63

PRECIPITATION (IN)
  YESTERDAY        0.00          1.15 1885   0.11  -0.11     0.03
  MONTH TO DATE    3.17                      2.31   0.86     1.46
  SINCE MAR 1      7.22                      5.63   1.59     7.48
  SINCE JAN 1      8.41                      6.47   1.94     8.74

SNOWFALL (IN)
  YESTERDAY        0.0           0.0    MM   0.0    0.0      0.0
  MONTH TO DATE    T                         0.0    0.0      0.0
  SINCE MAR 1      1.0                       7.6   -6.6      6.8
  SINCE JUL 1     21.3                      28.5   -7.2     32.4
  SNOW DEPTH       0

DEGREE DAYS
 HEATING
  YESTERDAY       15                         6      9        2
  MONTH TO DATE  219                       205     14      248
  SINCE MAR 1   1291                      1567   -276     1412
  SINCE JUL 1   5613                      6595   -982     5689

 COOLING
  YESTERDAY        0                         1     -1        0
  MONTH TO DATE   15                        13      2        7
  SINCE MAR 1     17                        16      1        8
  SINCE JAN 1     17                        16      1        8
..................................................................


WIND (MPH)
  HIGHEST WIND SPEED    26   HIGHEST WIND DIRECTION     N (360)
  HIGHEST GUST SPEED    35   HIGHEST GUST DIRECTION    NW (330)
  AVERAGE WIND SPEED    14.0


SKY COVER
  POSSIBLE SUNSHINE  MM
  AVERAGE SKY COVER 0.5


WEATHER CONDITIONS
 THE FOLLOWING WEATHER WAS RECORDED YESTERDAY.
  NO SIGNIFICANT WEATHER WAS OBSERVED.


RELATIVE HUMIDITY (PERCENT)
 HIGHEST    96           100 AM
 LOWEST     40           500 PM
 AVERAGE    68

..........................................................


THE NORTH PLATTE NE CLIMATE NORMALS FOR TODAY
                         NORMAL    RECORD    YEAR
 MAXIMUM TEMPERATURE (F)   74        97      1953
 MINIMUM TEMPERATURE (F)   47        31      1966
                                             1924


SUNRISE AND SUNSET
MAY 24 2017...........SUNRISE   617 AM CDT   SUNSET   903 PM CDT
MAY 25 2017...........SUNRISE   616 AM CDT   SUNSET   904 PM CDT


-  INDICATES NEGATIVE NUMBERS.
R  INDICATES RECORD WAS SET OR TIED.
MM INDICATES DATA IS MISSING.
T  INDICATES TRACE AMOUNT.




$$
