000
CDUS43 KLBF 020931
CLILBF

CLIMATE REPORT
NATIONAL WEATHER SERVICE NORTH PLATTE
430 AM CDT THU OCT 2 2014

...................................

...THE NORTH PLATTE NE CLIMATE SUMMARY FOR OCTOBER 1 2014...

CLIMATE NORMAL PERIOD 1981 TO 2010
CLIMATE RECORD PERIOD 1874 TO 2014


WEATHER ITEM   OBSERVED TIME   RECORD YEAR NORMAL DEPARTURE LAST
                VALUE   (LST)  VALUE       VALUE  FROM      YEAR
                                                  NORMAL
..................................................................
TEMPERATURE (F)
 YESTERDAY
  MAXIMUM         76    254 PM  94    1899  71      5       73
  MINIMUM         44    645 AM  21    1985  40      4       45
  AVERAGE         60                        55      5       59

PRECIPITATION (IN)
  YESTERDAY        0.36          0.92 1982   0.06   0.30     0.00
  MONTH TO DATE    0.36                      0.06   0.30     0.00
  SINCE SEP 1      1.75                      1.47   0.28     5.08
  SINCE JAN 1     20.03                     17.69   2.34    19.44

SNOWFALL (IN)
  YESTERDAY        0.0           1.5  1959   0.0    0.0      0.0
  MONTH TO DATE    0.0                       0.0    0.0      0.0
  SINCE SEP 1      T                         0.2   -0.2      0.0
  SINCE JUL 1      T                         0.2   -0.2      0.0
  SNOW DEPTH       0

DEGREE DAYS
 HEATING
  YESTERDAY        5                        10     -5        6
  MONTH TO DATE    5                        10     -5        6
  SINCE SEP 1    128                       161    -33       76
  SINCE JUL 1    145                       181    -36       89

 COOLING
  YESTERDAY        0                         0      0        0
  MONTH TO DATE    0                         0      0        0
  SINCE SEP 1     75                        70      5      161
  SINCE JAN 1    744                       765    -21      998
..................................................................


WIND (MPH)
  HIGHEST WIND SPEED    37   HIGHEST WIND DIRECTION     W (260)
  HIGHEST GUST SPEED    48   HIGHEST GUST DIRECTION     W (250)
  AVERAGE WIND SPEED     6.4


SKY COVER
  POSSIBLE SUNSHINE  MM
  AVERAGE SKY COVER 0.1


WEATHER CONDITIONS
 THE FOLLOWING WEATHER WAS RECORDED YESTERDAY.
  THUNDERSTORM
  HEAVY RAIN
  RAIN
  LIGHT RAIN
  FOG


RELATIVE HUMIDITY (PERCENT)
 HIGHEST    93           500 AM
 LOWEST     33           300 PM
 AVERAGE    63

..........................................................


THE NORTH PLATTE NE CLIMATE NORMALS FOR TODAY
                         NORMAL    RECORD    YEAR
 MAXIMUM TEMPERATURE (F)   70        92      1938
 MINIMUM TEMPERATURE (F)   39        26      1999


SUNRISE AND SUNSET
OCTOBER  2 2014.......SUNRISE   740 AM CDT   SUNSET   723 PM CDT
OCTOBER  3 2014.......SUNRISE   741 AM CDT   SUNSET   721 PM CDT


-  INDICATES NEGATIVE NUMBERS.
R  INDICATES RECORD WAS SET OR TIED.
MM INDICATES DATA IS MISSING.
T  INDICATES TRACE AMOUNT.

$$
