000
CDUS43 KLBF 282235
CLILBF

CLIMATE REPORT
NATIONAL WEATHER SERVICE NORTH PLATTE
434 PM CST FRI NOV 28 2014


...................................

...THE NORTH PLATTE NE CLIMATE SUMMARY FOR NOVEMBER 28 2014...
VALID TODAY AS OF 0400 PM LOCAL TIME.

CLIMATE NORMAL PERIOD 1981 TO 2010
CLIMATE RECORD PERIOD 1874 TO 2014


WEATHER ITEM   OBSERVED TIME   RECORD YEAR NORMAL DEPARTURE LAST
                VALUE   (LST)  VALUE       VALUE  FROM      YEAR
                                                  NORMAL
..................................................................
TEMPERATURE (F)
 TODAY
  MAXIMUM         73R   202 PM  68    1941  44     29       34
  MINIMUM         19    635 AM -13    1976  16      3       18
                                      1896
  AVERAGE         46                        30     16       26

PRECIPITATION (IN)
  TODAY            0.00          0.42 2004   0.02  -0.02     0.00
  MONTH TO DATE    0.08                      0.61  -0.53     0.51
  SINCE SEP 1      2.20                      3.57  -1.37     7.25
  SINCE JAN 1     20.48                     19.79   0.69    21.61

SNOWFALL (IN)
  TODAY            0.0           9.9  2004   0.1   -0.1      0.0
  MONTH TO DATE    0.4                       3.6   -3.2      3.1
  SINCE SEP 1      0.4                       5.9   -5.5      3.1
  SINCE JUL 1      0.4                       5.9   -5.5      3.1
  SNOW DEPTH       0

DEGREE DAYS
 HEATING
  TODAY           19                        35    -16       39
  MONTH TO DATE  920                       811    109      811
  SINCE SEP 1   1434                      1460    -26     1412
  SINCE JUL 1   1451                      1480    -29     1425

 COOLING
  TODAY            0                         0      0        0
  MONTH TO DATE    0                         0      0        0
  SINCE SEP 1     75                        73      2      161
  SINCE JAN 1    744                       768    -24      998
..................................................................


WIND (MPH)
  HIGHEST WIND SPEED    23   HIGHEST WIND DIRECTION     W (290)
  HIGHEST GUST SPEED    31   HIGHEST GUST DIRECTION     W (280)
  AVERAGE WIND SPEED     7.6


SKY COVER
  POSSIBLE SUNSHINE  MM
  AVERAGE SKY COVER 0.0


WEATHER CONDITIONS
 THE FOLLOWING WEATHER WAS RECORDED TODAY.
  NO SIGNIFICANT WEATHER WAS OBSERVED.


RELATIVE HUMIDITY (PERCENT)
 HIGHEST   100           700 AM
 LOWEST     14           300 PM
 AVERAGE    57

..........................................................


THE NORTH PLATTE NE CLIMATE NORMALS FOR TOMORROW
                         NORMAL    RECORD    YEAR
 MAXIMUM TEMPERATURE (F)   43        71      1932
 MINIMUM TEMPERATURE (F)   15       -10      1877


SUNRISE AND SUNSET
NOVEMBER 28 2014......SUNRISE   745 AM CST   SUNSET   516 PM CST
NOVEMBER 29 2014......SUNRISE   746 AM CST   SUNSET   515 PM CST


-  INDICATES NEGATIVE NUMBERS.
R  INDICATES RECORD WAS SET OR TIED.
MM INDICATES DATA IS MISSING.
T  INDICATES TRACE AMOUNT.

$$
