673
CDUS43 KLBF 082305
CLILBF

CLIMATE REPORT
NATIONAL WEATHER SERVICE NORTH PLATTE
504 PM CST MON FEB 8 2016


...................................

...THE NORTH PLATTE NE CLIMATE SUMMARY FOR FEBRUARY 8 2016...
VALID TODAY AS OF 0500 PM LOCAL TIME.

CLIMATE NORMAL PERIOD 1981 TO 2010
CLIMATE RECORD PERIOD 1874 TO 2016


WEATHER ITEM   OBSERVED TIME   RECORD YEAR NORMAL DEPARTURE LAST
                VALUE   (LST)  VALUE       VALUE  FROM      YEAR
                                                  NORMAL
..................................................................
TEMPERATURE (F)
 TODAY
  MAXIMUM         37    346 PM  75    1954  41     -4       67
  MINIMUM         20    831 AM -25    1936  13      7       26
  AVERAGE         29                        27      2       47

PRECIPITATION (IN)
  TODAY            0.00          0.80 1942   0.01  -0.01     0.00
  MONTH TO DATE    0.75                      0.10   0.65     0.43
  SINCE DEC 1      1.51                      0.85   0.66     1.75
  SINCE JAN 1      1.23                      0.44   0.79     0.71

SNOWFALL (IN)
  TODAY            0.0           9.5  1942   0.2   -0.2      0.0
  MONTH TO DATE   12.0                       1.4   10.6      6.1
  SINCE DEC 1     21.0                      10.8   10.2     18.3
  SINCE JUL 1     25.6                      17.0    8.6     18.7
  SNOW DEPTH       5

DEGREE DAYS
 HEATING
  TODAY           36                        38     -2       18
  MONTH TO DATE  323                       307     16      287
  SINCE DEC 1   2531                      2776   -245     2619
  SINCE JUL 1   3717                      4327   -610     4139

 COOLING
  TODAY            0                         0      0        0
  MONTH TO DATE    0                         0      0        0
  SINCE DEC 1      0                         0      0        0
  SINCE JAN 1      0                         0      0        0
..................................................................


WIND (MPH)
  HIGHEST WIND SPEED    32   HIGHEST WIND DIRECTION    NW (320)
  HIGHEST GUST SPEED    41   HIGHEST GUST DIRECTION    NW (330)
  AVERAGE WIND SPEED    20.6


SKY COVER
  POSSIBLE SUNSHINE  MM
  AVERAGE SKY COVER 0.0


WEATHER CONDITIONS
 THE FOLLOWING WEATHER WAS RECORDED TODAY.
  NO SIGNIFICANT WEATHER WAS OBSERVED.


RELATIVE HUMIDITY (PERCENT)
 HIGHEST    68           500 AM
 LOWEST     38           200 PM
 AVERAGE    53

..........................................................


THE NORTH PLATTE NE CLIMATE NORMALS FOR TOMORROW
                         NORMAL    RECORD    YEAR
 MAXIMUM TEMPERATURE (F)   41        74      1996
 MINIMUM TEMPERATURE (F)   14       -18      2011
                                             1933
                                             1901


SUNRISE AND SUNSET
FEBRUARY  8 2016......SUNRISE   747 AM CST   SUNSET   608 PM CST
FEBRUARY  9 2016......SUNRISE   745 AM CST   SUNSET   609 PM CST


-  INDICATES NEGATIVE NUMBERS.
R  INDICATES RECORD WAS SET OR TIED.
MM INDICATES DATA IS MISSING.
T  INDICATES TRACE AMOUNT.




$$
