000
CXUS55 KABQ 011528
CLMCAO
CLIMATE REPORT
NATIONAL WEATHER SERVICE ALBUQUERQUE NM
928 AM MDT MON APR 01 2024
...................................
...THE CLAYTON NM CLIMATE SUMMARY FOR THE MONTH OF MARCH 2024...
CLIMATE NORMAL PERIOD 1991 TO 2020
CLIMATE RECORD PERIOD 1896 TO 2024
WEATHER OBSERVED NORMAL DEPART LAST YEAR`S
VALUE DATE(S) VALUE FROM VALUE DATE(S)
NORMAL
................................................................
TEMPERATURE (F)
RECORD
HIGH 87 03/19/2017
03/30/2010
LOW -11 03/11/1948
HIGHEST 76 03/30 MM MM 75 03/30
LOWEST 18 03/26 29 -11 15 03/19
AVG. MAXIMUM 59.3 60.0 -0.7 57.3
AVG. MINIMUM 32.3 29.8 2.5 28.3
MEAN 45.8 44.9 0.9 42.8
DAYS MAX >= 90 0 0.0 0.0 0
DAYS MAX <= 32 1 0.6 0.4 0
DAYS MIN <= 32 16 17.7 -1.7 22
DAYS MIN <= 0 0 0.0 0.0 0
PRECIPITATION (INCHES)
TOTALS 0.32 0.91 -0.59 0.14
DAILY AVG. 0.01 0.03 -0.02 0.00
DAYS >= .01 4 4.6 -0.6 2
DAYS >= .10 2 2.1 -0.1 1
DAYS >= .50 0 0.5 -0.5 0
DAYS >= 1.00 0 0.1 -0.1 0
GREATEST
24 HR. TOTAL 0.26 03/24 TO 03/25 0.12
SNOWFALL (INCHES)
TOTALS 2.0 3.4 -1.4 T
SINCE 7/1 21.6 20.5 1.1 MM
DAYS >= 1.0 1 1.1 -0.1 0
GREATEST
SNOW DEPTH 1 03/25 0 MM
24 HR TOTAL MM MM
DEGREE DAYS
HEATING TOTAL 590 624 -34 681
SINCE 7/1 3903 4276 -373 MM
COOLING TOTAL 0 1 -1 0
SINCE 1/1 0 1 -1 MM
................................................................
WIND (MPH)
AVERAGE WIND SPEED 13.4
HIGHEST WIND SPEED/DIRECTION 45/250 DATE 03/03
HIGHEST GUST SPEED/DIRECTION 67/230 DATE 03/03
SKY COVER
AVERAGE SKY COVER 0.27
AVERAGE RH (PERCENT) 51
WEATHER CONDITIONS. NUMBER OF DAYS WITH
THUNDERSTORM 1 MIXED PRECIP 2
HEAVY RAIN 0 RAIN 1
LIGHT RAIN 7 FREEZING RAIN 0
LT FREEZING RAIN 0 HAIL 0
HEAVY SNOW 0 SNOW 1
LIGHT SNOW 6 SLEET 0
FOG 6 FOG W/VIS <= 1/4 MILE 1
HAZE 0
- INDICATES NEGATIVE NUMBERS.
R INDICATES RECORD WAS SET OR TIED.
MM INDICATES DATA IS MISSING.
T INDICATES TRACE AMOUNT.
$$