000
CXUS56 KSTO 020020
CLMMOD
CLIMATE REPORT
NATIONAL WEATHER SERVICE SACRAMENTO
420 PM PST FRI MAR 01 2024
...................................
...THE MODESTO CA CLIMATE SUMMARY FOR THE MONTH OF FEBRUARY 2024...
CLIMATE NORMAL PERIOD: 1991 TO 2020
CLIMATE RECORD PERIOD: 1931 TO 2024
WEATHER OBSERVED NORMAL DEPART LAST YEAR`S
VALUE DATE(S) VALUE FROM VALUE
NORMAL
..............................................................
TEMPERATURE (F)
RECORD
HIGH 80 02/28/2020
02/27/1992
02/26/2020
LOW 24 02/06/1989
02/02/1972
02/12/1949
HIGHEST 70 02/25 MM MM
02/24
LOWEST 35 02/11 MM MM
02/12
AVG. MAXIMUM 60.8
AVG. MINIMUM 42.6
MEAN 51.7
DAYS MAX >= 90 0 0.0 0.0
DAYS MAX <= 32 0 0.0 0.0
DAYS MIN <= 32 0 1.1 -1.1
DAYS MIN <= 0 0 0.0 0.0
PRECIPITATION (INCHES)
RECORD
MAXIMUM 1.96 2023
MINIMUM 0.01 2022
TOTALS 4.69 2.22 2.47 1.96
DAYS >= .01 15
DAYS >= .10 12
DAYS >= .50 4
DAYS >= 1.00 0
DEGREE DAYS
HEATING TOTAL 379 364 15
SINCE 7/1 1649 1864 -215
COOLING TOTAL 0 0 0
SINCE 1/1 0 0 0
..............................................................
WIND (MPH)
AVERAGE WIND SPEED 5.2
HIGHEST WIND SPEED/DIRECTION 38/140 DATE 02/04
HIGHEST GUST SPEED/DIRECTION 56/130 DATE 02/04
SKY COVER
POSSIBLE SUNSHINE (PERCENT) MM
AVERAGE SKY COVER 0.38
NUMBER OF DAYS FAIR 13
NUMBER OF DAYS PC 9
NUMBER OF DAYS CLOUDY 7
AVERAGE RH (PERCENT) 77
WEATHER CONDITIONS. NUMBER OF DAYS WITH
THUNDERSTORM 3 MIXED PRECIP 0
HEAVY RAIN 6 RAIN 7
LIGHT RAIN 16 FREEZING RAIN 0
LT FREEZING RAIN 0 HAIL 0
HEAVY SNOW 0 SNOW 0
LIGHT SNOW 0 SLEET 0
FOG 25 FOG W/VIS <= 1/4 MILE 3
HAZE 6
- INDICATES NEGATIVE NUMBERS.
R INDICATES RECORD WAS SET OR TIED.
MM INDICATES DATA IS MISSING.
T INDICATES TRACE AMOUNT.
$$