000
CXUS52 KCHS 011324
CLMSAV
CLIMATE REPORT
NATIONAL WEATHER SERVICE CHARLESTON SC
819 AM EST FRI MAR 01 2024
...................................
...THE SAVANNAH GA CLIMATE SUMMARY FOR THE MONTH OF FEBRUARY 2024...
CLIMATE NORMAL PERIOD 1991 TO 2020
CLIMATE RECORD PERIOD 1871 TO 2024
WEATHER OBSERVED NORMAL DEPART LAST YEAR`S
VALUE DATE(S) VALUE FROM VALUE DATE(S)
NORMAL
................................................................
TEMPERATURE (F)
RECORD
HIGH 87 02/25/2018
LOW 8 02/13/1899
HIGHEST 82 02/28 86 02/24
02/28
LOWEST 33 02/19 36 02/04
02/18
AVG. MAXIMUM 67.2 65.1 2.1 74.4
AVG. MINIMUM 43.8 42.9 0.9 51.5
MEAN 55.5 54.0 1.5 62.9
DAYS MAX >= 90 0 0.0 0.0 0
DAYS MAX <= 32 0 0.0 0.0 0
DAYS MIN <= 32 0 4.2 -4.2 0
DAYS MIN <= 0 0 0.0 0.0 0
PRECIPITATION (INCHES)
RECORD
MAXIMUM 9.75 2013
MINIMUM 0.26 1991
TOTALS 2.46 2.80 -0.34 2.74
DAYS >= .01 4 7.8 -3.8 5
DAYS >= .10 2 4.7 -2.7 4
DAYS >= .50 2 2.0 0.0 1
DAYS >= 1.00 1 0.8 0.2 1
GREATEST
24 HR. TOTAL 1.54 02/04
SNOWFALL (INCHES)
TOTALS 0.0 0.0 0.0
SINCE 7/1 0.0 0.0 0.0
DEGREE DAYS
HEATING TOTAL 274 320 -46 133
SINCE 7/1 1231 1427 -196
COOLING TOTAL 5 12 -7 83
SINCE 1/1 25 19 6
................................................................
WIND (MPH)
AVERAGE WIND SPEED 7.8
HIGHEST WIND SPEED/DIRECTION 32/270
HIGHEST GUST SPEED/DIRECTION 44/280
WEATHER CONDITIONS. NUMBER OF DAYS WITH
THUNDERSTORM 1 MIXED PRECIP 0
HEAVY RAIN 1 RAIN 2
LIGHT RAIN 5 FREEZING RAIN 0
LT FREEZING RAIN 0 HAIL 0
HEAVY SNOW 0 SNOW 0
LIGHT SNOW 0 SLEET 0
FOG 6 FOG W/VIS <= 1/4 MILE 0
HAZE 3
- INDICATES NEGATIVE NUMBERS.
R INDICATES RECORD WAS SET OR TIED.
MM INDICATES DATA IS MISSING.
T INDICATES TRACE AMOUNT.
$$