000
CXUS54 KJAN 012254
CLMTVR
CLIMATE REPORT
NATIONAL WEATHER SERVICE JACKSON MS
454 PM CST FRI MAR 01 2024
...................................
...THE VICKSBURG CLIMATE SUMMARY FOR THE MONTH OF FEBRUARY 2024...
CLIMATE NORMAL PERIOD: 1991 TO 2020
CLIMATE RECORD PERIOD: 1948 TO 2024
WEATHER OBSERVED NORMAL DEPART LAST YEAR`S
VALUE DATE(S) VALUE FROM VALUE
NORMAL
..............................................................
TEMPERATURE (F)
RECORD
HIGH 87 02/23/2023
LOW -12 02/02/1951
HIGHEST 84 02/27 MM MM 87
LOWEST 28 02/19 MM MM 29
AVG. MAXIMUM 67.5 61.9 5.6 68.3
AVG. MINIMUM 44.5 41.7 2.8 47.0
MEAN 56.0 51.8 4.2 57.6
DAYS MAX >= 90 0 0.0 0.0 0
DAYS MAX <= 32 0 0.2 -0.2 0
DAYS MIN <= 32 2 6.8 -4.8 3
DAYS MIN <= 0 0 0.0 0.0 0
PRECIPITATION (INCHES)
RECORD
MAXIMUM 13.04 1966
MINIMUM 1.07 1999
TOTALS 3.56 5.11 -1.55 3.74
DAILY AVG. 0.12 NAN NAN 0.13
DAYS >= .01 7 10.1 -3.1 7
DAYS >= .10 3 6.4 -3.4 5
DAYS >= .50 3 3.5 -0.5 3
DAYS >= 1.00 2 1.8 0.2 1
GREATEST
24 HR. TOTAL 1.59 02/10 TO 02/10 1.46
SNOWFALL (INCHES)
TOTALS 0.0
DEGREE DAYS
HEATING TOTAL 267 382 -115 255
SINCE 7/1 1665 1816 -151 MM
COOLING TOTAL 13 12 1 56
SINCE 1/1 13 17 -4 MM
..............................................................
WIND (MPH)
AVERAGE WIND SPEED 6.2
HIGHEST WIND SPEED/DIRECTION 31/010 DATE 02/17
HIGHEST GUST SPEED/DIRECTION 43/020 DATE 02/17
SKY COVER
POSSIBLE SUNSHINE (PERCENT) MM
AVERAGE SKY COVER 0.34
NUMBER OF DAYS FAIR 17
NUMBER OF DAYS PC 7
NUMBER OF DAYS CLOUDY 5
AVERAGE RH (PERCENT) 67
WEATHER CONDITIONS. NUMBER OF DAYS WITH
THUNDERSTORM 3 MIXED PRECIP 0
HEAVY RAIN 2 RAIN 4
LIGHT RAIN 11 FREEZING RAIN 0
LT FREEZING RAIN 0 HAIL 0
HEAVY SNOW 0 SNOW 0
LIGHT SNOW 0 SLEET 0
FOG 16 FOG W/VIS <= 1/4 MILE 3
HAZE 11
- INDICATES NEGATIVE NUMBERS.
R INDICATES RECORD WAS SET OR TIED.
MM INDICATES DATA IS MISSING.
T INDICATES TRACE AMOUNT.
$$