000
CDUS44 KJAN 300642
CLIGLH


CLIMATE REPORT
NATIONAL WEATHER SERVICE JACKSON MS
140 AM CDT SUN AUG 30 2015


...................................

...THE GREENVILLE CLIMATE SUMMARY FOR AUGUST 29 2015...

CLIMATE NORMAL PERIOD 1981 TO 2010
CLIMATE RECORD PERIOD 1920 TO 2015


WEATHER ITEM   OBSERVED TIME   RECORD YEAR NORMAL DEPARTURE LAST
                VALUE   (LST)  VALUE       VALUE  FROM      YEAR
                                                  NORMAL
..................................................................
TEMPERATURE (F)
 YESTERDAY
  MAXIMUM         95    236 PM 105    1924  91      4       92
  MINIMUM         63    558 AM  55    1986  69     -6       71
  AVERAGE         79                        80     -1       82

PRECIPITATION (IN)
  YESTERDAY        0.00          2.01 2005   0.10  -0.10      T
  MONTH TO DATE    1.76                      2.25  -0.49     2.71
  SINCE JUN 1      7.36                     10.09  -2.73    14.40
  SINCE JAN 1     27.33                     34.35  -7.02    38.53

SNOWFALL (IN)
  YESTERDAY        0.0

DEGREE DAYS
 HEATING
  YESTERDAY        0                         0      0        0
  MONTH TO DATE    0                         0      0        0
  SINCE JUN 1      0                         0      0        0
  SINCE JUL 1      0                         0      0        0

 COOLING
  YESTERDAY       14                        15     -1       17
  MONTH TO DATE  472                       480     -8      459
  SINCE JUN 1   1548                      1427    121     1323
  SINCE JAN 1   1929                      1749    180     1638
..................................................................


WIND (MPH)
  HIGHEST WIND SPEED     9   HIGHEST WIND DIRECTION     N (10)
  HIGHEST GUST SPEED    12   HIGHEST GUST DIRECTION     N (350)
  AVERAGE WIND SPEED     2.1


SKY COVER
  POSSIBLE SUNSHINE  MM
  AVERAGE SKY COVER 0.1


WEATHER CONDITIONS
 THE FOLLOWING WEATHER WAS RECORDED YESTERDAY.
  FOG
  HAZE


RELATIVE HUMIDITY (PERCENT)
 HIGHEST    93           500 AM
 LOWEST     32           100 PM
 AVERAGE    63

..........................................................


THE GREENVILLE CLIMATE NORMALS FOR TODAY
                         NORMAL    RECORD    YEAR
 MAXIMUM TEMPERATURE (F)   91       103      1954
 MINIMUM TEMPERATURE (F)   69        58      1992
                                             1967


SUNRISE AND SUNSET
AUGUST 30 2015........SUNRISE   636 AM CDT   SUNSET   732 PM CDT
AUGUST 31 2015........SUNRISE   637 AM CDT   SUNSET   731 PM CDT


-  INDICATES NEGATIVE NUMBERS.
R  INDICATES RECORD WAS SET OR TIED.
MM INDICATES DATA IS MISSING.
T  INDICATES TRACE AMOUNT.




$$
