000
CDUS44 KJAN 260836
CLIGLH


CLIMATE REPORT
NATIONAL WEATHER SERVICE JACKSON MS
335 AM CDT SUN OCT 26 2014


...................................

...THE GREENVILLE CLIMATE SUMMARY FOR OCTOBER 25 2014...

CLIMATE NORMAL PERIOD 1981 TO 2010
CLIMATE RECORD PERIOD 1920 TO 2014


WEATHER ITEM   OBSERVED TIME   RECORD YEAR NORMAL DEPARTURE LAST
                VALUE   (LST)  VALUE       VALUE  FROM      YEAR
                                                  NORMAL
..................................................................
TEMPERATURE (F)
 YESTERDAY
  MAXIMUM         82    353 PM  91    1931  74      8       59
                                      1927
  MINIMUM         52    550 AM  31    1926  50      2       40
  AVERAGE         67                        62      5       50

PRECIPITATION (IN)
  YESTERDAY        0.00          2.35 2003   0.13  -0.13     0.00
  MONTH TO DATE    5.67                      3.69   1.98     5.71
  SINCE SEP 1      6.44                      6.77  -0.33    13.44
  SINCE JAN 1     46.16                     41.33   4.83    42.42

SNOWFALL (IN)
  YESTERDAY        0.0

DEGREE DAYS
 HEATING
  YESTERDAY        0                         5     -5       15
  MONTH TO DATE   46                        70    -24       72
  SINCE SEP 1     46                        76    -30       72
  SINCE JUL 1     46                        76    -30       72

 COOLING
  YESTERDAY        2                         2      0        0
  MONTH TO DATE  110                        83     27      105
  SINCE SEP 1    491                       384    107      497
  SINCE JAN 1   2158                      2163     -5     2224
..................................................................


WIND (MPH)
  HIGHEST WIND SPEED    13   HIGHEST WIND DIRECTION     W (270)
  HIGHEST GUST SPEED    17   HIGHEST GUST DIRECTION     W (290)
  AVERAGE WIND SPEED     5.4


SKY COVER
  POSSIBLE SUNSHINE  MM
  AVERAGE SKY COVER 0.0


WEATHER CONDITIONS
 THE FOLLOWING WEATHER WAS RECORDED YESTERDAY.
  FOG


RELATIVE HUMIDITY (PERCENT)
 HIGHEST    96           400 AM
 LOWEST     47           200 PM
 AVERAGE    72

..........................................................


THE GREENVILLE CLIMATE NORMALS FOR TODAY
                         NORMAL    RECORD    YEAR
 MAXIMUM TEMPERATURE (F)   73        90      1927
 MINIMUM TEMPERATURE (F)   49        32      2005


SUNRISE AND SUNSET
OCTOBER 26 2014.......SUNRISE   718 AM CDT   SUNSET   618 PM CDT
OCTOBER 27 2014.......SUNRISE   718 AM CDT   SUNSET   617 PM CDT


-  INDICATES NEGATIVE NUMBERS.
R  INDICATES RECORD WAS SET OR TIED.
MM INDICATES DATA IS MISSING.
T  INDICATES TRACE AMOUNT.




$$
