000
CDUS44 KJAN 182212
CLIGLH


CLIMATE REPORT
NATIONAL WEATHER SERVICE JACKSON MS
512 PM CDT MON JUL 18 2016


...................................

...THE GREENVILLE CLIMATE SUMMARY FOR JULY 18 2016...
VALID AS OF 0500 PM LOCAL TIME.

CLIMATE NORMAL PERIOD 1981 TO 2010
CLIMATE RECORD PERIOD 1920 TO 2016


WEATHER ITEM   OBSERVED TIME   RECORD YEAR NORMAL DEPARTURE LAST
                VALUE   (LST)  VALUE       VALUE  FROM      YEAR
                                                  NORMAL
..................................................................
TEMPERATURE (F)
 TODAY
  MAXIMUM         95    254 PM 105    1980  92      3
  MINIMUM         74    526 AM  60    1987  72      2
  AVERAGE         85                        82      3       87

PRECIPITATION (IN)
  TODAY            0.00          4.28 2014   0.13  -0.13     0.00
  MONTH TO DATE    1.92                      2.50  -0.58     2.62
  SINCE JUN 1      3.17                      6.54  -3.37     4.14
  SINCE JAN 1     31.70                     30.80   0.90    24.11

DEGREE DAYS
 HEATING
  TODAY            0                         0      0        0
  MONTH TO DATE    0                         0      0        0
  SINCE JUN 1      0                         0      0        0
  SINCE JUL 1      0                         0      0        0

 COOLING
  TODAY           20                        17      3       22
  MONTH TO DATE  344                       304     40      319
  SINCE JUN 1    844                       724    120      795
  SINCE JAN 1   1186                      1046    140     1176
..................................................................


WIND (MPH)
  HIGHEST WIND SPEED     9   HIGHEST WIND DIRECTION    SW (220)
  HIGHEST GUST SPEED    10   HIGHEST GUST DIRECTION     E (100)
  AVERAGE WIND SPEED     3.3


SKY COVER
  POSSIBLE SUNSHINE  MM
  AVERAGE SKY COVER 0.1


WEATHER CONDITIONS
 THE FOLLOWING WEATHER WAS RECORDED TODAY.
  FOG
  HAZE


RELATIVE HUMIDITY (PERCENT)
 HIGHEST    94           600 AM
 LOWEST     49           200 PM
 AVERAGE    72

..........................................................


THE GREENVILLE CLIMATE NORMALS FOR TOMORROW
                         NORMAL    RECORD    YEAR
 MAXIMUM TEMPERATURE (F)   92       103      1980
 MINIMUM TEMPERATURE (F)   72        61      2009


SUNRISE AND SUNSET
JULY 18 2016..........SUNRISE   607 AM CDT   SUNSET   813 PM CDT
JULY 19 2016..........SUNRISE   608 AM CDT   SUNSET   812 PM CDT


-  INDICATES NEGATIVE NUMBERS.
R  INDICATES RECORD WAS SET OR TIED.
MM INDICATES DATA IS MISSING.
T  INDICATES TRACE AMOUNT.




$$
