000
CDUS44 KJAN 260813
CLIGLH


CLIMATE REPORT
NATIONAL WEATHER SERVICE JACKSON MS
211 AM CST WED NOV 26 2014


...................................

...THE GREENVILLE CLIMATE SUMMARY FOR NOVEMBER 25 2014...

CLIMATE NORMAL PERIOD 1981 TO 2010
CLIMATE RECORD PERIOD 1920 TO 2014


WEATHER ITEM   OBSERVED TIME   RECORD YEAR NORMAL DEPARTURE LAST
                VALUE   (LST)  VALUE       VALUE  FROM      YEAR
                                                  NORMAL
..................................................................
TEMPERATURE (F)
 YESTERDAY
  MAXIMUM         51    319 PM  78    2010  61    -10       38
  MINIMUM         33   1102 PM  16    1950  40     -7       34
  AVERAGE         42                        50     -8       36

PRECIPITATION (IN)
  YESTERDAY        0.00          3.40 1986   0.21  -0.21     0.99
  MONTH TO DATE    2.39                      3.94  -1.55     3.44
  SINCE SEP 1      9.20                     11.34  -2.14    19.24
  SINCE JAN 1     48.92                     45.90   3.02    48.22

SNOWFALL (IN)
  YESTERDAY        0.0

DEGREE DAYS
 HEATING
  YESTERDAY       23                        15      8       29
  MONTH TO DATE  402                       270    132      312
  SINCE SEP 1    471                       384     87      403
  SINCE JUL 1    471                       384     87      403

 COOLING
  YESTERDAY        0                         0      0        0
  MONTH TO DATE    0                         9     -9       10
  SINCE SEP 1    507                       404    103      520
  SINCE JAN 1   2174                      2183     -9     2247
..................................................................


WIND (MPH)
  HIGHEST WIND SPEED    15   HIGHEST WIND DIRECTION    NW (330)
  HIGHEST GUST SPEED    17   HIGHEST GUST DIRECTION    NW (330)
  AVERAGE WIND SPEED     5.5


SKY COVER
  POSSIBLE SUNSHINE  MM
  AVERAGE SKY COVER 0.0


WEATHER CONDITIONS
 THE FOLLOWING WEATHER WAS RECORDED YESTERDAY.
  HAZE


RELATIVE HUMIDITY (PERCENT)
 HIGHEST    89          1100 PM
 LOWEST     28           200 PM
 AVERAGE    59

..........................................................


THE GREENVILLE CLIMATE NORMALS FOR TODAY
                         NORMAL    RECORD    YEAR
 MAXIMUM TEMPERATURE (F)   60        81      1985
                                             1921
 MINIMUM TEMPERATURE (F)   40        20      1950


SUNRISE AND SUNSET
NOVEMBER 26 2014......SUNRISE   646 AM CST   SUNSET   457 PM CST
NOVEMBER 27 2014......SUNRISE   646 AM CST   SUNSET   456 PM CST


-  INDICATES NEGATIVE NUMBERS.
R  INDICATES RECORD WAS SET OR TIED.
MM INDICATES DATA IS MISSING.
T  INDICATES TRACE AMOUNT.




$$
