000
CDUS44 KJAN 120941
CLIGLH


CLIMATE REPORT
NATIONAL WEATHER SERVICE JACKSON MS
437 AM CDT SAT APR 12 2014


...................................

...THE GREENVILLE CLIMATE SUMMARY FOR APRIL 11 2014...

CLIMATE NORMAL PERIOD 1981 TO 2010
CLIMATE RECORD PERIOD 1920 TO 2014


WEATHER ITEM   OBSERVED TIME   RECORD YEAR NORMAL DEPARTURE LAST
                VALUE   (LST)  VALUE       VALUE  FROM      YEAR
                                                  NORMAL
..................................................................
TEMPERATURE (F)
 YESTERDAY
  MAXIMUM         76    401 PM  88    2001  73      3       63
                                      1959
  MINIMUM         55    451 AM  35    1921  51      4       42
  AVERAGE         66                        62      4       53

PRECIPITATION (IN)
  YESTERDAY        0.00          3.11 1947   0.16  -0.16     1.86
  MONTH TO DATE    3.56                      1.91   1.65     2.36
  SINCE MAR 1      9.07                      6.46   2.61     7.11
  SINCE JAN 1     13.37                     16.45  -3.08    19.57

SNOWFALL (IN)
  YESTERDAY        0.0

DEGREE DAYS
 HEATING
  YESTERDAY        0                         5     -5       12
  MONTH TO DATE   69                        66      3       90
  SINCE MAR 1    503                       402    101      565
  SINCE JUL 1   3110                      2711    399     2568

 COOLING
  YESTERDAY        1                         2     -1        0
  MONTH TO DATE   20                        13      7       25
  SINCE MAR 1     25                        30     -5       27
  SINCE JAN 1     25                        35    -10       37
..................................................................


WIND (MPH)
  HIGHEST WIND SPEED    24   HIGHEST WIND DIRECTION    SW (220)
  HIGHEST GUST SPEED    31   HIGHEST GUST DIRECTION    SW (230)
  AVERAGE WIND SPEED    11.1


SKY COVER
  POSSIBLE SUNSHINE  MM
  AVERAGE SKY COVER 0.0


WEATHER CONDITIONS
 THE FOLLOWING WEATHER WAS RECORDED YESTERDAY.
  NO SIGNIFICANT WEATHER WAS OBSERVED.


RELATIVE HUMIDITY (PERCENT)
 HIGHEST    86           500 AM
 LOWEST     50           200 PM
 AVERAGE    68

..........................................................


THE GREENVILLE CLIMATE NORMALS FOR TODAY
                         NORMAL    RECORD    YEAR
 MAXIMUM TEMPERATURE (F)   73        88      1941
                                             1925
 MINIMUM TEMPERATURE (F)   51        35      1940


SUNRISE AND SUNSET
APRIL 12 2014.........SUNRISE   637 AM CDT   SUNSET   733 PM CDT
APRIL 13 2014.........SUNRISE   636 AM CDT   SUNSET   733 PM CDT


-  INDICATES NEGATIVE NUMBERS.
R  INDICATES RECORD WAS SET OR TIED.
MM INDICATES DATA IS MISSING.
T  INDICATES TRACE AMOUNT.




$$
