000
CDUS44 KJAN 212116
CLIGLH


CLIMATE REPORT
NATIONAL WEATHER SERVICE JACKSON MS
411 PM CDT WED JUN 21 2017


...................................

...THE GREENVILLE CLIMATE SUMMARY FOR JUNE 21 2017...
VALID TODAY AS OF 0400 PM LOCAL TIME.

CLIMATE NORMAL PERIOD 1981 TO 2010
CLIMATE RECORD PERIOD 1903 TO 2017


WEATHER ITEM   OBSERVED TIME   RECORD YEAR NORMAL DEPARTURE LAST
                VALUE   (LST)  VALUE       VALUE  FROM      YEAR
                                                  NORMAL
..................................................................
TEMPERATURE (F)
 TODAY
  MAXIMUM         79   1204 PM 101    1936  90    -11       93
  MINIMUM         69    220 AM  58    1976  70     -1       73
  AVERAGE         74                        80     -6       83

PRECIPITATION (IN)
  TODAY            T             2.43 1979   0.15  -0.15     0.00
  MONTH TO DATE    3.36                      2.56   0.80     1.25
  SINCE JUN 1      3.36                      2.56   0.80     1.25
  SINCE JAN 1     19.74                     26.82  -7.08    29.78

SNOWFALL (IN)
  TODAY            0.0

DEGREE DAYS
 HEATING
  TODAY            0                         0      0        0
  MONTH TO DATE    0                         0      0        0
  SINCE JUN 1      0                         0      0        0
  SINCE JUL 1   1830                      2774   -944     1925

 COOLING
  TODAY            9                        15     -6       18
  MONTH TO DATE  253                       277    -24      326
  SINCE JUN 1    253                       277    -24      326
  SINCE JAN 1    650                       599     51      668
..................................................................


WIND (MPH)
  HIGHEST WIND SPEED    17   HIGHEST WIND DIRECTION     E (80)
  HIGHEST GUST SPEED    25   HIGHEST GUST DIRECTION     E (70)
  AVERAGE WIND SPEED     7.4


SKY COVER
  POSSIBLE SUNSHINE  MM
  AVERAGE SKY COVER 0.3


WEATHER CONDITIONS
 THE FOLLOWING WEATHER WAS RECORDED TODAY.
  LIGHT RAIN
  FOG
  HAZE


RELATIVE HUMIDITY (PERCENT)
 HIGHEST   100           300 AM
 LOWEST     74          1200 PM
 AVERAGE    87

..........................................................


THE GREENVILLE CLIMATE NORMALS FOR TOMORROW
                         NORMAL    RECORD    YEAR
 MAXIMUM TEMPERATURE (F)   90       101      1953
                                             1936
 MINIMUM TEMPERATURE (F)   70        57      1961


SUNRISE AND SUNSET
JUNE 21 2017..........SUNRISE   555 AM CDT   SUNSET   817 PM CDT
JUNE 22 2017..........SUNRISE   555 AM CDT   SUNSET   817 PM CDT


-  INDICATES NEGATIVE NUMBERS.
R  INDICATES RECORD WAS SET OR TIED.
MM INDICATES DATA IS MISSING.
T  INDICATES TRACE AMOUNT.




$$
