000
CDUS44 KJAN 290639
CLIGLH


CLIMATE REPORT
NATIONAL WEATHER SERVICE JACKSON MS
132 AM CDT MON SEP 29 2014


...................................

...THE GREENVILLE CLIMATE SUMMARY FOR SEPTEMBER 28 2014...

CLIMATE NORMAL PERIOD 1981 TO 2010
CLIMATE RECORD PERIOD 1920 TO 2014


WEATHER ITEM   OBSERVED TIME   RECORD YEAR NORMAL DEPARTURE LAST
                VALUE   (LST)  VALUE       VALUE  FROM      YEAR
                                                  NORMAL
..................................................................
TEMPERATURE (F)
 YESTERDAY
  MAXIMUM         88    107 PM  96    1986  83      5       86
                                      1933
  MINIMUM         63    317 AM  41    1942  58      5       66
  AVERAGE         76                        71      5       76

PRECIPITATION (IN)
  YESTERDAY        0.00          1.65 1964   0.11  -0.11     0.00
  MONTH TO DATE    0.77                      2.84  -2.07     6.66
  SINCE SEP 1      0.77                      2.84  -2.07     6.66
  SINCE JAN 1     40.49                     37.40   3.09    35.64

SNOWFALL (IN)
  YESTERDAY        0.0

DEGREE DAYS
 HEATING
  YESTERDAY        0                         1     -1        0
  MONTH TO DATE    0                         3     -3        0
  SINCE SEP 1      0                         3     -3        0
  SINCE JUL 1      0                         3     -3        0

 COOLING
  YESTERDAY       11                         6      5       11
  MONTH TO DATE  357                       290     67      372
  SINCE SEP 1    357                       290     67      372
  SINCE JAN 1   2024                      2069    -45     2099
..................................................................


WIND (MPH)
  HIGHEST WIND SPEED    15   HIGHEST WIND DIRECTION     E (70)
  HIGHEST GUST SPEED    19   HIGHEST GUST DIRECTION     E (110)
  AVERAGE WIND SPEED     6.5


SKY COVER
  POSSIBLE SUNSHINE  MM
  AVERAGE SKY COVER 0.4


WEATHER CONDITIONS
 THE FOLLOWING WEATHER WAS RECORDED YESTERDAY.
  NO SIGNIFICANT WEATHER WAS OBSERVED.


RELATIVE HUMIDITY (PERCENT)
 HIGHEST    90          1200 AM
 LOWEST     48           100 PM
 AVERAGE    69

..........................................................


THE GREENVILLE CLIMATE NORMALS FOR TODAY
                         NORMAL    RECORD    YEAR
 MAXIMUM TEMPERATURE (F)   82        96      1986
 MINIMUM TEMPERATURE (F)   58        37      1942


SUNRISE AND SUNSET
SEPTEMBER 29 2014.....SUNRISE   657 AM CDT   SUNSET   651 PM CDT
SEPTEMBER 30 2014.....SUNRISE   658 AM CDT   SUNSET   650 PM CDT


-  INDICATES NEGATIVE NUMBERS.
R  INDICATES RECORD WAS SET OR TIED.
MM INDICATES DATA IS MISSING.
T  INDICATES TRACE AMOUNT.




$$
