000
CDUS44 KJAN 290702
CLIGLH


CLIMATE REPORT
NATIONAL WEATHER SERVICE JACKSON MS
201 AM CDT FRI APR 29 2016


...................................

...THE GREENVILLE CLIMATE SUMMARY FOR APRIL 28 2016...

CLIMATE NORMAL PERIOD 1981 TO 2010
CLIMATE RECORD PERIOD 1920 TO 2016


WEATHER ITEM   OBSERVED TIME   RECORD YEAR NORMAL DEPARTURE LAST
                VALUE   (LST)  VALUE       VALUE  FROM      YEAR
                                                  NORMAL
..................................................................
TEMPERATURE (F)
 YESTERDAY
  MAXIMUM         87    301 PM  97    1987  78      9       65
  MINIMUM         64    547 AM  40    1920  57      7       54
  AVERAGE         76                        67      9       60

PRECIPITATION (IN)
  YESTERDAY        0.00          1.51 1989   0.14  -0.14      T
  MONTH TO DATE    1.92                      4.52  -2.60     4.28
  SINCE MAR 1     19.24                      9.07  10.17     8.89
  SINCE JAN 1     25.75                     19.06   6.69    15.34

SNOWFALL (IN)
  YESTERDAY        0.0

DEGREE DAYS
 HEATING
  YESTERDAY        0                         1     -1        5
  MONTH TO DATE   52                       114    -62       51
  SINCE MAR 1    238                       450   -212      372
  SINCE JUL 1   1918                      2759   -841     2859

 COOLING
  YESTERDAY       11                         4      7        0
  MONTH TO DATE   73                        55     18       91
  SINCE MAR 1    108                        72     36       98
  SINCE JAN 1    112                        77     35       98
..................................................................


WIND (MPH)
  HIGHEST WIND SPEED    12   HIGHEST WIND DIRECTION    SE (140)
  HIGHEST GUST SPEED    13   HIGHEST GUST DIRECTION    SE (150)
  AVERAGE WIND SPEED     4.4


SKY COVER
  POSSIBLE SUNSHINE  MM
  AVERAGE SKY COVER 0.0


WEATHER CONDITIONS
 THE FOLLOWING WEATHER WAS RECORDED YESTERDAY.
  FOG


RELATIVE HUMIDITY (PERCENT)
 HIGHEST    93           600 AM
 LOWEST     34           500 PM
 AVERAGE    64

..........................................................


THE GREENVILLE CLIMATE NORMALS FOR TODAY
                         NORMAL    RECORD    YEAR
 MAXIMUM TEMPERATURE (F)   78        90      1981
                                             1943
                                             1937
 MINIMUM TEMPERATURE (F)   57        41      1934


SUNRISE AND SUNSET
APRIL 29 2016.........SUNRISE   617 AM CDT   SUNSET   746 PM CDT
APRIL 30 2016.........SUNRISE   616 AM CDT   SUNSET   747 PM CDT


-  INDICATES NEGATIVE NUMBERS.
R  INDICATES RECORD WAS SET OR TIED.
MM INDICATES DATA IS MISSING.
T  INDICATES TRACE AMOUNT.




$$
