670
CDUS44 KJAN 272121
CLIGLH


CLIMATE REPORT
NATIONAL WEATHER SERVICE JACKSON MS
418 PM CDT FRI MAY 27 2016


...................................

...THE GREENVILLE CLIMATE SUMMARY FOR MAY 27 2016...
VALID TODAY AS OF 0400 PM LOCAL TIME.

CLIMATE NORMAL PERIOD 1981 TO 2010
CLIMATE RECORD PERIOD 1920 TO 2016


WEATHER ITEM   OBSERVED TIME   RECORD YEAR NORMAL DEPARTURE LAST
                VALUE   (LST)  VALUE       VALUE  FROM      YEAR
                                                  NORMAL
..................................................................
TEMPERATURE (F)
 TODAY
  MAXIMUM         86    243 PM  96    1978  85      1       79
  MINIMUM         75    650 AM  43    1961  65     10       68
  AVERAGE         81                        75      6       74

PRECIPITATION (IN)
  TODAY            T             2.29 1924   0.13  -0.13     0.42
  MONTH TO DATE    0.26                      4.45  -4.19     3.82
  SINCE MAR 1     20.55                     13.81   6.74    12.71
  SINCE JAN 1     27.06                     23.80   3.26    19.16

SNOWFALL (IN)
  TODAY            0.0

DEGREE DAYS
 HEATING
  TODAY            0                         0      0        0
  MONTH TO DATE    7                        10     -3        8
  SINCE MAR 1    245                       462   -217      382
  SINCE JUL 1   1925                      2771   -846     2869

 COOLING
  TODAY           16                        10      6        9
  MONTH TO DATE  167                       195    -28      239
  SINCE MAR 1    289                       276     13      337
  SINCE JAN 1    293                       281     12      337
..................................................................


WIND (MPH)
  HIGHEST WIND SPEED    26   HIGHEST WIND DIRECTION     S (180)
  HIGHEST GUST SPEED    35   HIGHEST GUST DIRECTION     S (170)
  AVERAGE WIND SPEED    14.1


SKY COVER
  POSSIBLE SUNSHINE  MM
  AVERAGE SKY COVER 0.7


WEATHER CONDITIONS
 THE FOLLOWING WEATHER WAS RECORDED TODAY.
  THUNDERSTORM
  LIGHT RAIN


RELATIVE HUMIDITY (PERCENT)
 HIGHEST    82           400 AM
 LOWEST     55           300 PM
 AVERAGE    69

..........................................................


THE GREENVILLE CLIMATE NORMALS FOR TOMORROW
                         NORMAL    RECORD    YEAR
 MAXIMUM TEMPERATURE (F)   85        96      2012
                                             1953
                                             1926
 MINIMUM TEMPERATURE (F)   65        45      1961


SUNRISE AND SUNSET
MAY 27 2016...........SUNRISE   557 AM CDT   SUNSET   806 PM CDT
MAY 28 2016...........SUNRISE   556 AM CDT   SUNSET   807 PM CDT


-  INDICATES NEGATIVE NUMBERS.
R  INDICATES RECORD WAS SET OR TIED.
MM INDICATES DATA IS MISSING.
T  INDICATES TRACE AMOUNT.




$$
