000
CDUS44 KJAN 140755
CLIGLH


CLIMATE REPORT
NATIONAL WEATHER SERVICE JACKSON MS
252 AM CDT MON AUG 14 2017


...................................

...THE GREENVILLE CLIMATE SUMMARY FOR AUGUST 13 2017...

CLIMATE NORMAL PERIOD 1981 TO 2010
CLIMATE RECORD PERIOD 1903 TO 2017


WEATHER ITEM   OBSERVED TIME   RECORD YEAR NORMAL DEPARTURE LAST
                VALUE   (LST)  VALUE       VALUE  FROM      YEAR
                                                  NORMAL
..................................................................
TEMPERATURE (F)
 YESTERDAY
  MAXIMUM         83    420 PM 106    2007  93    -10       85
  MINIMUM         72    609 AM  52    2004  71      1       73
  AVERAGE         78                        82     -4       79

PRECIPITATION (IN)
  YESTERDAY        0.08          4.64 1911   0.06   0.02     0.01
  MONTH TO DATE    2.19                      0.84   1.35     1.66
  SINCE JUN 1      9.02                      8.68   0.34     8.06
  SINCE JAN 1     25.40                     32.94  -7.54    36.59

SNOWFALL (IN)
  YESTERDAY        0.0

DEGREE DAYS
 HEATING
  YESTERDAY        0                         0      0        0
  MONTH TO DATE    0                         0      0        0
  SINCE JUN 1      0                         0      0        0
  SINCE JUL 1      0                         0      0        0

 COOLING
  YESTERDAY       13                        17     -4       14
  MONTH TO DATE  187                       221    -34      259
  SINCE JUN 1   1069                      1168    -99     1354
  SINCE JAN 1   1466                      1490    -24     1696
..................................................................


WIND (MPH)
  HIGHEST WIND SPEED    13   HIGHEST WIND DIRECTION    NE (60)
  HIGHEST GUST SPEED    15   HIGHEST GUST DIRECTION    NE (40)
  AVERAGE WIND SPEED     4.9


SKY COVER
  POSSIBLE SUNSHINE  MM
  AVERAGE SKY COVER 0.5


WEATHER CONDITIONS
 THE FOLLOWING WEATHER WAS RECORDED YESTERDAY.
  THUNDERSTORM
  LIGHT RAIN


RELATIVE HUMIDITY (PERCENT)
 HIGHEST    93           300 AM
 LOWEST     79           800 AM
 AVERAGE    86

..........................................................


THE GREENVILLE CLIMATE NORMALS FOR TODAY
                         NORMAL    RECORD    YEAR
 MAXIMUM TEMPERATURE (F)   92       103      2007
 MINIMUM TEMPERATURE (F)   71        50      2004


SUNRISE AND SUNSET
AUGUST 14 2017........SUNRISE   626 AM CDT   SUNSET   751 PM CDT
AUGUST 15 2017........SUNRISE   626 AM CDT   SUNSET   750 PM CDT


-  INDICATES NEGATIVE NUMBERS.
R  INDICATES RECORD WAS SET OR TIED.
MM INDICATES DATA IS MISSING.
T  INDICATES TRACE AMOUNT.




$$
