000
CDUS44 KJAN 151055
CLIGLH


CLIMATE REPORT
NATIONAL WEATHER SERVICE JACKSON MS
451 AM CST THU FEB 15 2018


...................................

...THE GREENVILLE CLIMATE SUMMARY FOR FEBRUARY 14 2018...

CLIMATE NORMAL PERIOD 1981 TO 2010
CLIMATE RECORD PERIOD 1903 TO 2018


WEATHER ITEM   OBSERVED TIME   RECORD YEAR NORMAL DEPARTURE LAST
                VALUE   (LST)  VALUE       VALUE  FROM      YEAR
                                                  NORMAL
..................................................................
TEMPERATURE (F)
 YESTERDAY
  MAXIMUM         67    634 PM  82    1962  57     10       59
  MINIMUM         48    252 AM   8    1905  36     12       44
  AVERAGE         58                        46     12       52

PRECIPITATION (IN)
  YESTERDAY        0.12          1.76 1908   0.19  -0.07     0.07
  MONTH TO DATE    3.81                      2.84   0.97     2.07
  SINCE DEC 1     10.79                     13.43  -2.64    10.04
  SINCE JAN 1      5.93                      7.81  -1.88     7.18

SNOWFALL (IN)
  YESTERDAY        0.0

DEGREE DAYS
 HEATING
  YESTERDAY        7                        19    -12       13
  MONTH TO DATE  290                       287      3      162
  SINCE DEC 1   1713                      1614     99     1142
  SINCE JUL 1   2127                      2076     51     1411

 COOLING
  YESTERDAY        0                         0      0        0
  MONTH TO DATE    0                         0      0       10
  SINCE DEC 1      4                         4      0       33
  SINCE JAN 1      0                         1     -1       21
..................................................................


WIND (MPH)
  HIGHEST WIND SPEED    17   HIGHEST WIND DIRECTION    SW (210)
  HIGHEST GUST SPEED    22   HIGHEST GUST DIRECTION     S (200)
  AVERAGE WIND SPEED     8.5


SKY COVER
  POSSIBLE SUNSHINE  MM
  AVERAGE SKY COVER 0.8


WEATHER CONDITIONS
 THE FOLLOWING WEATHER WAS RECORDED YESTERDAY.
  HEAVY RAIN
  RAIN
  LIGHT RAIN
  FOG


RELATIVE HUMIDITY (PERCENT)
 HIGHEST    93           500 AM
 LOWEST     86          1200 AM
 AVERAGE    90

..........................................................


THE GREENVILLE CLIMATE NORMALS FOR TODAY
                         NORMAL    RECORD    YEAR
 MAXIMUM TEMPERATURE (F)   57        82      1949
                                             1911
 MINIMUM TEMPERATURE (F)   36        17      1960
                                             1905


SUNRISE AND SUNSET
FEBRUARY 15 2018......SUNRISE   648 AM CST   SUNSET   549 PM CST
FEBRUARY 16 2018......SUNRISE   647 AM CST   SUNSET   550 PM CST


-  INDICATES NEGATIVE NUMBERS.
R  INDICATES RECORD WAS SET OR TIED.
MM INDICATES DATA IS MISSING.
T  INDICATES TRACE AMOUNT.




$$
