322
CDUS44 KJAN 190634
CLIGLH


CLIMATE REPORT
NATIONAL WEATHER SERVICE JACKSON MS
1228 AM CST THU JAN 19 2017


...................................

...THE GREENVILLE CLIMATE SUMMARY FOR JANUARY 18 2017...

CLIMATE NORMAL PERIOD 1981 TO 2010
CLIMATE RECORD PERIOD 1920 TO 2017


WEATHER ITEM   OBSERVED TIME   RECORD YEAR NORMAL DEPARTURE LAST
                VALUE   (LST)  VALUE       VALUE  FROM      YEAR
                                                  NORMAL
..................................................................
TEMPERATURE (F)
 YESTERDAY
  MAXIMUM         60   1159 PM  77    1950  52      8       36
  MINIMUM         50    559 AM   5    1930  32     18       24
  AVERAGE         55                        42     13       30

PRECIPITATION (IN)
  YESTERDAY        0.76          1.96 2001   0.17   0.59     0.00
  MONTH TO DATE    2.37                      2.72  -0.35     1.23
  SINCE DEC 1      5.23                      8.34  -3.11     5.04
  SINCE JAN 1      2.37                      2.72  -0.35     1.23

SNOWFALL (IN)
  YESTERDAY        0.0

DEGREE DAYS
 HEATING
  YESTERDAY       10                        23    -13       35
  MONTH TO DATE  270                       411   -141      407
  SINCE DEC 1    824                      1033   -209      741
  SINCE JUL 1   1093                      1495   -402      991

 COOLING
  YESTERDAY        0                         0      0        0
  MONTH TO DATE   11                         0     11        0
  SINCE DEC 1     23                         3     20       35
  SINCE JAN 1     11                         0     11        0
..................................................................


WIND (MPH)
  HIGHEST WIND SPEED    14   HIGHEST WIND DIRECTION    NE (50)
  HIGHEST GUST SPEED    16   HIGHEST GUST DIRECTION    NE (50)
  AVERAGE WIND SPEED     8.2


SKY COVER
  POSSIBLE SUNSHINE  MM
  AVERAGE SKY COVER 1.0


WEATHER CONDITIONS
 THE FOLLOWING WEATHER WAS RECORDED YESTERDAY.
  HEAVY RAIN
  RAIN
  LIGHT RAIN
  FOG


RELATIVE HUMIDITY (PERCENT)
 HIGHEST    93           400 PM
 LOWEST     83           300 AM
 AVERAGE    88

..........................................................


THE GREENVILLE CLIMATE NORMALS FOR TODAY
                         NORMAL    RECORD    YEAR
 MAXIMUM TEMPERATURE (F)   52        78      1935
 MINIMUM TEMPERATURE (F)   32         4      1940


SUNRISE AND SUNSET
JANUARY 19 2017.......SUNRISE   707 AM CST   SUNSET   523 PM CST
JANUARY 20 2017.......SUNRISE   706 AM CST   SUNSET   524 PM CST


-  INDICATES NEGATIVE NUMBERS.
R  INDICATES RECORD WAS SET OR TIED.
MM INDICATES DATA IS MISSING.
T  INDICATES TRACE AMOUNT.




$$
