000
CDUS44 KJAN 272109
CLIGLH


CLIMATE REPORT
NATIONAL WEATHER SERVICE JACKSON MS
408 PM CDT SAT JUN 27 2015


...................................

...THE GREENVILLE CLIMATE SUMMARY FOR JUNE 27 2015...
VALID TODAY AS OF 0400 PM LOCAL TIME.

CLIMATE NORMAL PERIOD 1981 TO 2010
CLIMATE RECORD PERIOD 1920 TO 2015


WEATHER ITEM   OBSERVED TIME   RECORD YEAR NORMAL DEPARTURE LAST
                VALUE   (LST)  VALUE       VALUE  FROM      YEAR
                                                  NORMAL
..................................................................
TEMPERATURE (F)
 TODAY
  MAXIMUM         84    253 PM 100    1954  91     -7       84
                                      1944
                                      1937
  MINIMUM         72    600 AM  55    1958  71      1       72
  AVERAGE         78                        81     -3       78

PRECIPITATION (IN)
  TODAY            0.03          0.98 1985   0.17  -0.14     0.01
  MONTH TO DATE    0.36                      3.52  -3.16     5.98
  SINCE JUN 1      0.36                      3.52  -3.16     5.98
  SINCE JAN 1     20.33                     27.78  -7.45    30.11

SNOWFALL (IN)
  TODAY            0.0

DEGREE DAYS
 HEATING
  TODAY            0                         0      0        0
  MONTH TO DATE    0                         0      0        0
  SINCE JUN 1      0                         0      0        0
  SINCE JUL 1   2869                      2774     95     3207

 COOLING
  TODAY           13                        16     -3       13
  MONTH TO DATE  434                       371     63      409
  SINCE JUN 1    434                       371     63      409
  SINCE JAN 1    815                       693    122      724
..................................................................


WIND (MPH)
  HIGHEST WIND SPEED    13   HIGHEST WIND DIRECTION    SW (210)
  HIGHEST GUST SPEED    15   HIGHEST GUST DIRECTION    SW (210)
  AVERAGE WIND SPEED     7.8


SKY COVER
  POSSIBLE SUNSHINE  MM
  AVERAGE SKY COVER 0.7


WEATHER CONDITIONS
 THE FOLLOWING WEATHER WAS RECORDED TODAY.
  THUNDERSTORM
  RAIN
  LIGHT RAIN


RELATIVE HUMIDITY (PERCENT)
 HIGHEST   100           500 AM
 LOWEST     79          1100 AM
 AVERAGE    90

..........................................................


THE GREENVILLE CLIMATE NORMALS FOR TOMORROW
                         NORMAL    RECORD    YEAR
 MAXIMUM TEMPERATURE (F)   91       101      2012
                                             1925
 MINIMUM TEMPERATURE (F)   71        57      1958


SUNRISE AND SUNSET
JUNE 27 2015..........SUNRISE   556 AM CDT   SUNSET   818 PM CDT
JUNE 28 2015..........SUNRISE   556 AM CDT   SUNSET   818 PM CDT


-  INDICATES NEGATIVE NUMBERS.
R  INDICATES RECORD WAS SET OR TIED.
MM INDICATES DATA IS MISSING.
T  INDICATES TRACE AMOUNT.




$$
