000
CDUS44 KJAN 202211
CLIGLH


CLIMATE REPORT
NATIONAL WEATHER SERVICE JACKSON MS
509 PM CDT SUN JUL 20 2014


...................................

...THE GREENVILLE CLIMATE SUMMARY FOR JULY 20 2014...
VALID AS OF 0500 PM LOCAL TIME.

CLIMATE NORMAL PERIOD 1981 TO 2010
CLIMATE RECORD PERIOD 1920 TO 2014


WEATHER ITEM   OBSERVED TIME   RECORD YEAR NORMAL DEPARTURE LAST
                VALUE   (LST)  VALUE       VALUE  FROM      YEAR
                                                  NORMAL
..................................................................
TEMPERATURE (F)
 TODAY
  MAXIMUM         81    355 PM 104    1986  92    -11
  MINIMUM         67    530 AM  62    1947  72     -5

PRECIPITATION (IN)
  TODAY            0.00          1.37 1938   0.12  -0.12     0.00
  MONTH TO DATE    5.15                      2.74   2.41     1.43
  SINCE JUN 1     11.52                      6.78   4.74     2.68
  SINCE JAN 1     35.65                     31.04   4.61    27.64

..................................................................










-  INDICATES NEGATIVE NUMBERS.
R  INDICATES RECORD WAS SET OR TIED.
MM INDICATES DATA IS MISSING.
T  INDICATES TRACE AMOUNT.




$$
