000
CDUS44 KJAN 172108
CLIGLH


CLIMATE REPORT
NATIONAL WEATHER SERVICE JACKSON MS
407 PM CDT FRI OCT 17 2014


...................................

...THE GREENVILLE CLIMATE SUMMARY FOR OCTOBER 17 2014...
VALID TODAY AS OF 0400 PM LOCAL TIME.

CLIMATE NORMAL PERIOD 1981 TO 2010
CLIMATE RECORD PERIOD 1920 TO 2014


WEATHER ITEM   OBSERVED TIME   RECORD YEAR NORMAL DEPARTURE LAST
                VALUE   (LST)  VALUE       VALUE  FROM      YEAR
                                                  NORMAL
..................................................................
TEMPERATURE (F)
 TODAY
  MAXIMUM         83    234 PM  90    1929  77      6       71
  MINIMUM         56    524 AM  32    1948  52      4       52
  AVERAGE         70                        64      6       62

PRECIPITATION (IN)
  TODAY            0.00          3.08 1923   0.16  -0.16      T
  MONTH TO DATE    5.67                      2.47   3.20     5.71
  SINCE SEP 1      6.44                      5.55   0.89    13.44
  SINCE JAN 1     46.16                     40.11   6.05    42.42

SNOWFALL (IN)
  TODAY            0.0

DEGREE DAYS
 HEATING
  TODAY            0                         3     -3        3
  MONTH TO DATE   13                        34    -21        7
  SINCE SEP 1     13                        40    -27        7
  SINCE JUL 1     13                        40    -27        7

 COOLING
  TODAY            5                         3      2        0
  MONTH TO DATE  106                        65     41      105
  SINCE SEP 1    487                       366    121      497
  SINCE JAN 1   2154                      2145      9     2224
..................................................................


WIND (MPH)
  HIGHEST WIND SPEED    17   HIGHEST WIND DIRECTION    SW (220)
  HIGHEST GUST SPEED    21   HIGHEST GUST DIRECTION     W (250)
  AVERAGE WIND SPEED     9.1


SKY COVER
  POSSIBLE SUNSHINE  MM
  AVERAGE SKY COVER 0.0


WEATHER CONDITIONS
 THE FOLLOWING WEATHER WAS RECORDED TODAY.
  NO SIGNIFICANT WEATHER WAS OBSERVED.


RELATIVE HUMIDITY (PERCENT)
 HIGHEST    93           200 AM
 LOWEST     47           200 PM
 AVERAGE    70

..........................................................


THE GREENVILLE CLIMATE NORMALS FOR TOMORROW
                         NORMAL    RECORD    YEAR
 MAXIMUM TEMPERATURE (F)   76        91      1926
 MINIMUM TEMPERATURE (F)   52        32      1948


SUNRISE AND SUNSET
OCTOBER 17 2014.......SUNRISE   710 AM CDT   SUNSET   628 PM CDT
OCTOBER 18 2014.......SUNRISE   711 AM CDT   SUNSET   627 PM CDT


-  INDICATES NEGATIVE NUMBERS.
R  INDICATES RECORD WAS SET OR TIED.
MM INDICATES DATA IS MISSING.
T  INDICATES TRACE AMOUNT.




$$
