162
CDUS44 KJAN 252110
CLIGLH


CLIMATE REPORT
NATIONAL WEATHER SERVICE JACKSON MS
407 PM CDT SAT JUN 25 2016


...................................

...THE GREENVILLE CLIMATE SUMMARY FOR JUNE 25 2016...
VALID TODAY AS OF 0400 PM LOCAL TIME.

CLIMATE NORMAL PERIOD 1981 TO 2010
CLIMATE RECORD PERIOD 1920 TO 2016


WEATHER ITEM   OBSERVED TIME   RECORD YEAR NORMAL DEPARTURE LAST
                VALUE   (LST)  VALUE       VALUE  FROM      YEAR
                                                  NORMAL
..................................................................
TEMPERATURE (F)
 TODAY
  MAXIMUM         96    259 PM 100    1930  91      5       93
  MINIMUM         75    521 AM  55    1974  71      4       71
  AVERAGE         86                        81      5       82

PRECIPITATION (IN)
  TODAY            0.00          1.46 2004   0.16  -0.16     0.00
  MONTH TO DATE    1.25                      3.20  -1.95     0.33
  SINCE JUN 1      1.25                      3.20  -1.95     0.33
  SINCE JAN 1     29.78                     27.46   2.32    20.30

SNOWFALL (IN)
  TODAY            0.0

DEGREE DAYS
 HEATING
  TODAY            0                         0      0        0
  MONTH TO DATE    0                         0      0        0
  SINCE JUN 1      0                         0      0        0
  SINCE JUL 1   1925                      2774   -849     2869

 COOLING
  TODAY           21                        16      5       17
  MONTH TO DATE  409                       339     70      403
  SINCE JUN 1    409                       339     70      403
  SINCE JAN 1    751                       661     90      784
..................................................................


WIND (MPH)
  HIGHEST WIND SPEED    12   HIGHEST WIND DIRECTION     W (260)
  HIGHEST GUST SPEED    14   HIGHEST GUST DIRECTION    SW (220)
  AVERAGE WIND SPEED     4.5


SKY COVER
  POSSIBLE SUNSHINE  MM
  AVERAGE SKY COVER 0.1


WEATHER CONDITIONS
 THE FOLLOWING WEATHER WAS RECORDED TODAY.
  NO SIGNIFICANT WEATHER WAS OBSERVED.


RELATIVE HUMIDITY (PERCENT)
 HIGHEST    87           200 AM
 LOWEST     46          1200 PM
 AVERAGE    67

..........................................................


THE GREENVILLE CLIMATE NORMALS FOR TOMORROW
                         NORMAL    RECORD    YEAR
 MAXIMUM TEMPERATURE (F)   91       101      1954
 MINIMUM TEMPERATURE (F)   71        57      1974


SUNRISE AND SUNSET
JUNE 25 2016..........SUNRISE   556 AM CDT   SUNSET   818 PM CDT
JUNE 26 2016..........SUNRISE   556 AM CDT   SUNSET   818 PM CDT


-  INDICATES NEGATIVE NUMBERS.
R  INDICATES RECORD WAS SET OR TIED.
MM INDICATES DATA IS MISSING.
T  INDICATES TRACE AMOUNT.




$$
