000
CDUS44 KJAN 282226
CLIGLH


CLIMATE REPORT
NATIONAL WEATHER SERVICE JACKSON MS
424 PM CST MON NOV 28 2016


...................................

...THE GREENVILLE CLIMATE SUMMARY FOR NOVEMBER 28 2016...
VALID TODAY AS OF 0400 PM LOCAL TIME.

CLIMATE NORMAL PERIOD 1981 TO 2010
CLIMATE RECORD PERIOD 1920 TO 2016


WEATHER ITEM   OBSERVED TIME   RECORD YEAR NORMAL DEPARTURE LAST
                VALUE   (LST)  VALUE       VALUE  FROM      YEAR
                                                  NORMAL
..................................................................
TEMPERATURE (F)
 TODAY
  MAXIMUM         65    130 PM  81    1990  59      6       70
  MINIMUM         55    359 PM  18    1938  39     16       53
  AVERAGE         60                        49     11       62

PRECIPITATION (IN)
  TODAY            2.32          5.85 1968   0.22   2.10     0.25
  MONTH TO DATE    3.25                      4.58  -1.33     6.74
  SINCE SEP 1      4.13                     11.98  -7.85    12.43
  SINCE JAN 1     46.02                     46.54  -0.52    39.76

SNOWFALL (IN)
  TODAY            0.0

DEGREE DAYS
 HEATING
  TODAY            5                        16    -11        3
  MONTH TO DATE  222                       317    -95      190
  SINCE SEP 1    244                       431   -187      225
  SINCE JUL 1    244                       431   -187      225

 COOLING
  TODAY            0                         0      0        0
  MONTH TO DATE   27                         9     18       26
  SINCE SEP 1    660                       404    256      540
  SINCE JAN 1   2672                      2183    489     2504
..................................................................


WIND (MPH)
  HIGHEST WIND SPEED    35   HIGHEST WIND DIRECTION     S (170)
  HIGHEST GUST SPEED    43   HIGHEST GUST DIRECTION     S (170)
  AVERAGE WIND SPEED    17.6


SKY COVER
  POSSIBLE SUNSHINE  MM
  AVERAGE SKY COVER 0.9


WEATHER CONDITIONS
 THE FOLLOWING WEATHER WAS RECORDED TODAY.
  HEAVY RAIN
  RAIN
  LIGHT RAIN
  FOG
  FOG W/VISIBILITY <= 1/4 MILE


RELATIVE HUMIDITY (PERCENT)
 HIGHEST    87          1000 AM
 LOWEST     47          1200 AM
 AVERAGE    67

..........................................................


THE GREENVILLE CLIMATE NORMALS FOR TOMORROW
                         NORMAL    RECORD    YEAR
 MAXIMUM TEMPERATURE (F)   59        81      1960
 MINIMUM TEMPERATURE (F)   39        17      1976


SUNRISE AND SUNSET
NOVEMBER 28 2016......SUNRISE   648 AM CST   SUNSET   456 PM CST
NOVEMBER 29 2016......SUNRISE   649 AM CST   SUNSET   456 PM CST


-  INDICATES NEGATIVE NUMBERS.
R  INDICATES RECORD WAS SET OR TIED.
MM INDICATES DATA IS MISSING.
T  INDICATES TRACE AMOUNT.




$$
