000
CDUS44 KJAN 252117
CLIGLH


CLIMATE REPORT
NATIONAL WEATHER SERVICE JACKSON MS
415 PM CDT TUE AUG 25 2015


...................................

...THE GREENVILLE CLIMATE SUMMARY FOR AUGUST 25 2015...
VALID TODAY AS OF 0400 PM LOCAL TIME.

CLIMATE NORMAL PERIOD 1981 TO 2010
CLIMATE RECORD PERIOD 1920 TO 2015


WEATHER ITEM   OBSERVED TIME   RECORD YEAR NORMAL DEPARTURE LAST
                VALUE   (LST)  VALUE       VALUE  FROM      YEAR
                                                  NORMAL
..................................................................
TEMPERATURE (F)
 TODAY
  MAXIMUM         86*       MM 102    1938  92     -6       96
  MINIMUM         63*       MM  57    1923  70     -7       75
  AVERAGE         75                        81     -6       86

PRECIPITATION (IN)
  TODAY            0.00          0.80 1958   0.10  -0.10     0.00
  MONTH TO DATE    1.76                      1.86  -0.10     2.71
  SINCE JUN 1      7.36                      9.70  -2.34    14.40
  SINCE JAN 1     27.33                     33.96  -6.63    38.53

SNOWFALL (IN)
  TODAY            0.0

DEGREE DAYS
 HEATING
  TODAY            0                         0      0        0
  MONTH TO DATE    0                         0      0        0
  SINCE JUN 1      0                         0      0        0
  SINCE JUL 1      0                         0      0        0

 COOLING
  TODAY           10                        16     -6       21
  MONTH TO DATE  434                       419     15      393
  SINCE JUN 1   1510                      1366    144     1257
  SINCE JAN 1   1891                      1688    203     1572
..................................................................


WIND (MPH)
  HIGHEST WIND SPEED    MM   HIGHEST WIND DIRECTION    MM
  HIGHEST GUST SPEED    MM   HIGHEST GUST DIRECTION    MM
  AVERAGE WIND SPEED    MM


SKY COVER
  POSSIBLE SUNSHINE  MM
  AVERAGE SKY COVER 0.0


WEATHER CONDITIONS
 THE FOLLOWING WEATHER WAS RECORDED TODAY.
  NO SIGNIFICANT WEATHER WAS OBSERVED.


RELATIVE HUMIDITY (PERCENT)
 HIGHEST    MM
 LOWEST     MM
 AVERAGE    MM

..........................................................


THE GREENVILLE CLIMATE NORMALS FOR TOMORROW
                         NORMAL    RECORD    YEAR
 MAXIMUM TEMPERATURE (F)   92       102      1983
                                             1943
                                             1938
 MINIMUM TEMPERATURE (F)   70        57      1958


SUNRISE AND SUNSET
AUGUST 25 2015........SUNRISE   633 AM CDT   SUNSET   738 PM CDT
AUGUST 26 2015........SUNRISE   634 AM CDT   SUNSET   737 PM CDT


-  INDICATES NEGATIVE NUMBERS.
R  INDICATES RECORD WAS SET OR TIED.
MM INDICATES DATA IS MISSING.
T  INDICATES TRACE AMOUNT.




$$

*THESE DAILY VALUES WERE ESTIMATED.
