000
CDUS44 KJAN 160629
CLIGLH


CLIMATE REPORT
NATIONAL WEATHER SERVICE JACKSON MS
1228 AM CST THU FEB 16 2017


...................................

...THE GREENVILLE CLIMATE SUMMARY FOR FEBRUARY 15 2017...

CLIMATE NORMAL PERIOD 1981 TO 2010
CLIMATE RECORD PERIOD 1920 TO 2017


WEATHER ITEM   OBSERVED TIME   RECORD YEAR NORMAL DEPARTURE LAST
                VALUE   (LST)  VALUE       VALUE  FROM      YEAR
                                                  NORMAL
..................................................................
TEMPERATURE (F)
 YESTERDAY
  MAXIMUM         57    311 PM  82    1949  57      0       60
  MINIMUM         36   1154 PM  17    1960  36      0       45
  AVERAGE         47                        47      0       53

PRECIPITATION (IN)
  YESTERDAY        T             1.80 1987   0.18  -0.18     1.02
  MONTH TO DATE    2.07                      3.02  -0.95     2.45
  SINCE DEC 1     10.04                     13.61  -3.57     9.33
  SINCE JAN 1      7.18                      7.99  -0.81     5.52

SNOWFALL (IN)
  YESTERDAY        0.0

DEGREE DAYS
 HEATING
  YESTERDAY       18                        19     -1       12
  MONTH TO DATE  180                       306   -126      270
  SINCE DEC 1   1160                      1633   -473     1277
  SINCE JUL 1   1429                      2095   -666     1527

 COOLING
  YESTERDAY        0                         0      0        0
  MONTH TO DATE   10                         0     10        2
  SINCE DEC 1     33                         4     29       37
  SINCE JAN 1     21                         1     20        2
..................................................................


WIND (MPH)
  HIGHEST WIND SPEED    20   HIGHEST WIND DIRECTION    NW (320)
  HIGHEST GUST SPEED    24   HIGHEST GUST DIRECTION    NW (310)
  AVERAGE WIND SPEED    10.0


SKY COVER
  POSSIBLE SUNSHINE  MM
  AVERAGE SKY COVER 0.4


WEATHER CONDITIONS
 THE FOLLOWING WEATHER WAS RECORDED YESTERDAY.
  LIGHT RAIN
  FOG
  HAZE


RELATIVE HUMIDITY (PERCENT)
 HIGHEST    89          1200 AM
 LOWEST     40           300 PM
 AVERAGE    65

..........................................................


THE GREENVILLE CLIMATE NORMALS FOR TODAY
                         NORMAL    RECORD    YEAR
 MAXIMUM TEMPERATURE (F)   57        80      1932
 MINIMUM TEMPERATURE (F)   37        10      1958


SUNRISE AND SUNSET
FEBRUARY 16 2017......SUNRISE   647 AM CST   SUNSET   550 PM CST
FEBRUARY 17 2017......SUNRISE   646 AM CST   SUNSET   551 PM CST


-  INDICATES NEGATIVE NUMBERS.
R  INDICATES RECORD WAS SET OR TIED.
MM INDICATES DATA IS MISSING.
T  INDICATES TRACE AMOUNT.




$$
