000
CDUS44 KJAN 270719
CLIGLH


CLIMATE REPORT
NATIONAL WEATHER SERVICE JACKSON MS
215 AM CDT TUE SEP 27 2016


...................................

...THE GREENVILLE CLIMATE SUMMARY FOR SEPTEMBER 26 2016...

CLIMATE NORMAL PERIOD 1981 TO 2010
CLIMATE RECORD PERIOD 1920 TO 2016


WEATHER ITEM   OBSERVED TIME   RECORD YEAR NORMAL DEPARTURE LAST
                VALUE   (LST)  VALUE       VALUE  FROM      YEAR
                                                  NORMAL
..................................................................
TEMPERATURE (F)
 YESTERDAY
  MAXIMUM         80    413 PM  96    1986  83     -3       89
  MINIMUM         66   1159 PM  41    2001  59      7       57
  AVERAGE         73                        71      2       73

PRECIPITATION (IN)
  YESTERDAY        T             2.16 1921   0.11  -0.11     0.00
  MONTH TO DATE    0.68                      2.62  -1.94     0.50
  SINCE SEP 1      0.68                      2.62  -1.94     0.50
  SINCE JAN 1     42.57                     37.18   5.39    27.83

SNOWFALL (IN)
  YESTERDAY        0.0

DEGREE DAYS
 HEATING
  YESTERDAY        0                         1     -1        0
  MONTH TO DATE    0                         1     -1        0
  SINCE SEP 1      0                         1     -1        0
  SINCE JUL 1      0                         1     -1        0

 COOLING
  YESTERDAY        8                         7      1        8
  MONTH TO DATE  439                       278    161      339
  SINCE SEP 1    439                       278    161      339
  SINCE JAN 1   2451                      2057    394     2303
..................................................................


WIND (MPH)
  HIGHEST WIND SPEED    24   HIGHEST WIND DIRECTION     N (20)
  HIGHEST GUST SPEED    29   HIGHEST GUST DIRECTION     N (20)
  AVERAGE WIND SPEED    11.8


SKY COVER
  POSSIBLE SUNSHINE  MM
  AVERAGE SKY COVER 0.3


WEATHER CONDITIONS
 THE FOLLOWING WEATHER WAS RECORDED YESTERDAY.
  LIGHT RAIN
  FOG


RELATIVE HUMIDITY (PERCENT)
 HIGHEST    87           300 AM
 LOWEST     51           200 PM
 AVERAGE    69

..........................................................


THE GREENVILLE CLIMATE NORMALS FOR TODAY
                         NORMAL    RECORD    YEAR
 MAXIMUM TEMPERATURE (F)   83        97      1939
 MINIMUM TEMPERATURE (F)   59        41      1942


SUNRISE AND SUNSET
SEPTEMBER 27 2016.....SUNRISE   656 AM CDT   SUNSET   653 PM CDT
SEPTEMBER 28 2016.....SUNRISE   656 AM CDT   SUNSET   652 PM CDT


-  INDICATES NEGATIVE NUMBERS.
R  INDICATES RECORD WAS SET OR TIED.
MM INDICATES DATA IS MISSING.
T  INDICATES TRACE AMOUNT.




$$
