000
CDUS44 KJAN 300625
CLIGLH


CLIMATE REPORT
NATIONAL WEATHER SERVICE JACKSON MS
121 AM CDT TUE JUN 30 2015


...................................

...THE GREENVILLE CLIMATE SUMMARY FOR JUNE 29 2015...

CLIMATE NORMAL PERIOD 1981 TO 2010
CLIMATE RECORD PERIOD 1920 TO 2015


WEATHER ITEM   OBSERVED TIME   RECORD YEAR NORMAL DEPARTURE LAST
                VALUE   (LST)  VALUE       VALUE  FROM      YEAR
                                                  NORMAL
..................................................................
TEMPERATURE (F)
 YESTERDAY
  MAXIMUM         93    338 PM 104    1954  91      2       90
  MINIMUM         69    454 AM  57    1926  71     -2       73
  AVERAGE         81                        81      0       82

PRECIPITATION (IN)
  YESTERDAY        0.00          1.88 1922   0.17  -0.17     0.00
  MONTH TO DATE    0.36                      3.85  -3.49     6.37
  SINCE JUN 1      0.36                      3.85  -3.49     6.37
  SINCE JAN 1     20.33                     28.11  -7.78    30.50

SNOWFALL (IN)
  YESTERDAY        0.0

DEGREE DAYS
 HEATING
  YESTERDAY        0                         0      0        0
  MONTH TO DATE    0                         0      0        0
  SINCE JUN 1      0                         0      0        0
  SINCE JUL 1   2869                      2774     95     3207

 COOLING
  YESTERDAY       16                        16      0       17
  MONTH TO DATE  460                       403     57      442
  SINCE JUN 1    460                       403     57      442
  SINCE JAN 1    841                       725    116      757
..................................................................


WIND (MPH)
  HIGHEST WIND SPEED    16   HIGHEST WIND DIRECTION    SW (230)
  HIGHEST GUST SPEED    22   HIGHEST GUST DIRECTION    SW (210)
  AVERAGE WIND SPEED     9.2


SKY COVER
  POSSIBLE SUNSHINE  MM
  AVERAGE SKY COVER 0.0


WEATHER CONDITIONS
 THE FOLLOWING WEATHER WAS RECORDED YESTERDAY.
  NO SIGNIFICANT WEATHER WAS OBSERVED.


RELATIVE HUMIDITY (PERCENT)
 HIGHEST    97           100 AM
 LOWEST     49           100 PM
 AVERAGE    73

..........................................................


THE GREENVILLE CLIMATE NORMALS FOR TODAY
                         NORMAL    RECORD    YEAR
 MAXIMUM TEMPERATURE (F)   91       103      1931
 MINIMUM TEMPERATURE (F)   71        53      1923


SUNRISE AND SUNSET
JUNE 30 2015..........SUNRISE   557 AM CDT   SUNSET   818 PM CDT
JULY  1 2015..........SUNRISE   558 AM CDT   SUNSET   818 PM CDT


-  INDICATES NEGATIVE NUMBERS.
R  INDICATES RECORD WAS SET OR TIED.
MM INDICATES DATA IS MISSING.
T  INDICATES TRACE AMOUNT.




$$
