000
CDUS44 KJAN 222120
CLIGLH


CLIMATE REPORT
NATIONAL WEATHER SERVICE JACKSON MS
417 PM CDT THU JUN 22 2017


...................................

...THE GREENVILLE CLIMATE SUMMARY FOR JUNE 22 2017...
VALID TODAY AS OF 0400 PM LOCAL TIME.

CLIMATE NORMAL PERIOD 1981 TO 2010
CLIMATE RECORD PERIOD 1903 TO 2017


WEATHER ITEM   OBSERVED TIME   RECORD YEAR NORMAL DEPARTURE LAST
                VALUE   (LST)  VALUE       VALUE  FROM      YEAR
                                                  NORMAL
..................................................................
TEMPERATURE (F)
 TODAY
  MAXIMUM         86    154 PM 101    1953  90     -4       94
                                      1936
  MINIMUM         74    541 AM  57    1961  70      4       77
  AVERAGE         80                        80      0       86

PRECIPITATION (IN)
  TODAY            0.06          1.68 1963   0.16  -0.10     0.00
  MONTH TO DATE    3.43                      2.72   0.71     1.25
  SINCE JUN 1      3.43                      2.72   0.71     1.25
  SINCE JAN 1     19.81                     26.98  -7.17    29.78

SNOWFALL (IN)
  TODAY            0.0

DEGREE DAYS
 HEATING
  TODAY            0                         0      0        0
  MONTH TO DATE    0                         0      0        0
  SINCE JUN 1      0                         0      0        0
  SINCE JUL 1   1830                      2774   -944     1925

 COOLING
  TODAY           15                        15      0       21
  MONTH TO DATE  268                       292    -24      347
  SINCE JUN 1    268                       292    -24      347
  SINCE JAN 1    665                       614     51      689
..................................................................


WIND (MPH)
  HIGHEST WIND SPEED    22   HIGHEST WIND DIRECTION    SE (150)
  HIGHEST GUST SPEED    29   HIGHEST GUST DIRECTION    SE (140)
  AVERAGE WIND SPEED    10.2


SKY COVER
  POSSIBLE SUNSHINE  MM
  AVERAGE SKY COVER 0.6


WEATHER CONDITIONS
 THE FOLLOWING WEATHER WAS RECORDED TODAY.
  HEAVY RAIN
  RAIN
  LIGHT RAIN
  FOG
  HAZE


RELATIVE HUMIDITY (PERCENT)
 HIGHEST    94           600 AM
 LOWEST     70          1100 AM
 AVERAGE    82

..........................................................


THE GREENVILLE CLIMATE NORMALS FOR TOMORROW
                         NORMAL    RECORD    YEAR
 MAXIMUM TEMPERATURE (F)   91        99      2009
                                             1986
                                             1977
 MINIMUM TEMPERATURE (F)   70        58      1958


SUNRISE AND SUNSET
JUNE 22 2017..........SUNRISE   555 AM CDT   SUNSET   817 PM CDT
JUNE 23 2017..........SUNRISE   555 AM CDT   SUNSET   817 PM CDT


-  INDICATES NEGATIVE NUMBERS.
R  INDICATES RECORD WAS SET OR TIED.
MM INDICATES DATA IS MISSING.
T  INDICATES TRACE AMOUNT.




$$
