000
CDUS44 KJAN 152211
CLIGLH


CLIMATE REPORT
NATIONAL WEATHER SERVICE JACKSON MS
409 PM CST SUN JAN 15 2017


...................................

...THE GREENVILLE CLIMATE SUMMARY FOR JANUARY 15 2017...
VALID TODAY AS OF 0400 PM LOCAL TIME.

CLIMATE NORMAL PERIOD 1981 TO 2010
CLIMATE RECORD PERIOD 1920 TO 2017


WEATHER ITEM   OBSERVED TIME   RECORD YEAR NORMAL DEPARTURE LAST
                VALUE   (LST)  VALUE       VALUE  FROM      YEAR
                                                  NORMAL
..................................................................
TEMPERATURE (F)
 TODAY
  MAXIMUM         64    359 PM  81    1947  51     13       67
  MINIMUM         49    837 AM  11    1982  33     16       47
  AVERAGE         57                        42     15       57

PRECIPITATION (IN)
  TODAY            0.00          1.02 1962   0.16  -0.16      T
  MONTH TO DATE    1.04                      2.22  -1.18     1.23
  SINCE DEC 1      3.90                      7.84  -3.94     5.04
  SINCE JAN 1      1.04                      2.22  -1.18     1.23

SNOWFALL (IN)
  TODAY            0.0

DEGREE DAYS
 HEATING
  TODAY            8                        23    -15        8
  MONTH TO DATE  252                       342    -90      322
  SINCE DEC 1    806                       964   -158      656
  SINCE JUL 1   1075                      1426   -351      906

 COOLING
  TODAY            0                         0      0        0
  MONTH TO DATE   11                         0     11        0
  SINCE DEC 1     23                         3     20       35
  SINCE JAN 1     11                         0     11        0
..................................................................


WIND (MPH)
  HIGHEST WIND SPEED    12   HIGHEST WIND DIRECTION    NE (30)
  HIGHEST GUST SPEED    14   HIGHEST GUST DIRECTION    NE (30)
  AVERAGE WIND SPEED     6.7


SKY COVER
  POSSIBLE SUNSHINE  MM
  AVERAGE SKY COVER 0.9


WEATHER CONDITIONS
 THE FOLLOWING WEATHER WAS RECORDED TODAY.
  FOG
  FOG W/VISIBILITY <= 1/4 MILE
  HAZE


RELATIVE HUMIDITY (PERCENT)
 HIGHEST    96          1100 AM
 LOWEST     67           300 PM
 AVERAGE    82

..........................................................


THE GREENVILLE CLIMATE NORMALS FOR TOMORROW
                         NORMAL    RECORD    YEAR
 MAXIMUM TEMPERATURE (F)   51        81      1943
 MINIMUM TEMPERATURE (F)   33        10      1982


SUNRISE AND SUNSET
JANUARY 15 2017.......SUNRISE   708 AM CST   SUNSET   519 PM CST
JANUARY 16 2017.......SUNRISE   708 AM CST   SUNSET   520 PM CST


-  INDICATES NEGATIVE NUMBERS.
R  INDICATES RECORD WAS SET OR TIED.
MM INDICATES DATA IS MISSING.
T  INDICATES TRACE AMOUNT.




$$
