000
CDUS44 KJAN 302130
CLIGLH


CLIMATE REPORT
NATIONAL WEATHER SERVICE JACKSON MS
428 PM CDT SAT AUG 30 2014


...................................

...THE GREENVILLE CLIMATE SUMMARY FOR AUGUST 30 2014...
VALID TODAY AS OF 0400 PM LOCAL TIME.

CLIMATE NORMAL PERIOD 1981 TO 2010
CLIMATE RECORD PERIOD 1920 TO 2014


WEATHER ITEM   OBSERVED TIME   RECORD YEAR NORMAL DEPARTURE LAST
                VALUE   (LST)  VALUE       VALUE  FROM      YEAR
                                                  NORMAL
..................................................................
TEMPERATURE (F)
 TODAY
  MAXIMUM         79   1052 AM 103    1954  91    -12       96
  MINIMUM         74   1231 PM  58    1992  69      5       68
                                      1967
  AVERAGE         77                        80     -3       82

PRECIPITATION (IN)
  TODAY            0.77          3.36 2012   0.10   0.67     0.00
  MONTH TO DATE    3.48                      2.35   1.13     0.78
  SINCE JUN 1     15.17                     10.19   4.98     4.02
  SINCE JAN 1     39.30                     34.45   4.85    28.98

SNOWFALL (IN)
  TODAY            0.0

DEGREE DAYS
 HEATING
  TODAY            0                         0      0        0
  MONTH TO DATE    0                         0      0        0
  SINCE JUN 1      0                         0      0        0
  SINCE JUL 1      0                         0      0        0

 COOLING
  TODAY           12                        15     -3       17
  MONTH TO DATE  471                       495    -24      488
  SINCE JUN 1   1335                      1442   -107     1424
  SINCE JAN 1   1650                      1764   -114     1707
..................................................................


WIND (MPH)
  HIGHEST WIND SPEED    10   HIGHEST WIND DIRECTION     S (160)
  HIGHEST GUST SPEED    12   HIGHEST GUST DIRECTION     S (160)
  AVERAGE WIND SPEED     4.1


SKY COVER
  POSSIBLE SUNSHINE  MM
  AVERAGE SKY COVER 0.8


WEATHER CONDITIONS
 THE FOLLOWING WEATHER WAS RECORDED TODAY.
  HEAVY RAIN
  LIGHT RAIN
  FOG


RELATIVE HUMIDITY (PERCENT)
 HIGHEST    94           600 AM
 LOWEST     79          1200 AM
 AVERAGE    87

..........................................................


THE GREENVILLE CLIMATE NORMALS FOR TOMORROW
                         NORMAL    RECORD    YEAR
 MAXIMUM TEMPERATURE (F)   91       104      1985
 MINIMUM TEMPERATURE (F)   69        54      1946


SUNRISE AND SUNSET
AUGUST 30 2014........SUNRISE   637 AM CDT   SUNSET   732 PM CDT
AUGUST 31 2014........SUNRISE   637 AM CDT   SUNSET   730 PM CDT


-  INDICATES NEGATIVE NUMBERS.
R  INDICATES RECORD WAS SET OR TIED.
MM INDICATES DATA IS MISSING.
T  INDICATES TRACE AMOUNT.




$$
