000
CDUS44 KJAN 260635
CLIGLH


CLIMATE REPORT
NATIONAL WEATHER SERVICE JACKSON MS
134 AM CDT SUN JUL 26 2015


...................................

...THE GREENVILLE CLIMATE SUMMARY FOR JULY 25 2015...

CLIMATE NORMAL PERIOD 1981 TO 2010
CLIMATE RECORD PERIOD 1920 TO 2015


WEATHER ITEM   OBSERVED TIME   RECORD YEAR NORMAL DEPARTURE LAST
                VALUE   (LST)  VALUE       VALUE  FROM      YEAR
                                                  NORMAL
..................................................................
TEMPERATURE (F)
 YESTERDAY
  MAXIMUM         98    217 PM 103    1981  92      6       89
                                      1954
                                      1952
  MINIMUM         75   1148 PM  61    2014  72      3       61
  AVERAGE         87                        82      5       75

PRECIPITATION (IN)
  YESTERDAY        1.46          4.16 1959   0.10   1.36     0.00
  MONTH TO DATE    4.08                      3.25   0.83     5.20
  SINCE JUN 1      5.60                      7.29  -1.69    11.57
  SINCE JAN 1     25.57                     31.55  -5.98    35.70

SNOWFALL (IN)
  YESTERDAY        0.0

DEGREE DAYS
 HEATING
  YESTERDAY        0                         0      0        0
  MONTH TO DATE    0                         0      0        0
  SINCE JUN 1      0                         0      0        0
  SINCE JUL 1      0                         0      0        0

 COOLING
  YESTERDAY       22                        17      5       10
  MONTH TO DATE  477                       423     54      322
  SINCE JUN 1    953                       843    110      784
  SINCE JAN 1   1334                      1165    169     1099
..................................................................


WIND (MPH)
  HIGHEST WIND SPEED    32   HIGHEST WIND DIRECTION     W (270)
  HIGHEST GUST SPEED    41   HIGHEST GUST DIRECTION     W (280)
  AVERAGE WIND SPEED     3.5


SKY COVER
  POSSIBLE SUNSHINE  MM
  AVERAGE SKY COVER 0.3


WEATHER CONDITIONS
 THE FOLLOWING WEATHER WAS RECORDED YESTERDAY.
  THUNDERSTORM
  HEAVY RAIN
  RAIN
  LIGHT RAIN
  FOG


RELATIVE HUMIDITY (PERCENT)
 HIGHEST   100          1000 PM
 LOWEST     51          1200 PM
 AVERAGE    76

..........................................................


THE GREENVILLE CLIMATE NORMALS FOR TODAY
                         NORMAL    RECORD    YEAR
 MAXIMUM TEMPERATURE (F)   92       104      1925
 MINIMUM TEMPERATURE (F)   72        64      2013


SUNRISE AND SUNSET
JULY 26 2015..........SUNRISE   612 AM CDT   SUNSET   808 PM CDT
JULY 27 2015..........SUNRISE   613 AM CDT   SUNSET   808 PM CDT


-  INDICATES NEGATIVE NUMBERS.
R  INDICATES RECORD WAS SET OR TIED.
MM INDICATES DATA IS MISSING.
T  INDICATES TRACE AMOUNT.




$$
