000
CDUS44 KJAN 122121
CLIGLH


CLIMATE REPORT
NATIONAL WEATHER SERVICE JACKSON MS
418 PM CDT FRI SEP 12 2014


...................................

...THE GREENVILLE CLIMATE SUMMARY FOR SEPTEMBER 12 2014...
VALID TODAY AS OF 0400 PM LOCAL TIME.

CLIMATE NORMAL PERIOD 1981 TO 2010
CLIMATE RECORD PERIOD 1920 TO 2014


WEATHER ITEM   OBSERVED TIME   RECORD YEAR NORMAL DEPARTURE LAST
                VALUE   (LST)  VALUE       VALUE  FROM      YEAR
                                                  NORMAL
..................................................................
TEMPERATURE (F)
 TODAY
  MAXIMUM         74    217 PM 100    1980  88    -14       97
                                      1939
  MINIMUM         69    905 AM  50    1976  65      4       69
                                      1940
  AVERAGE         72                        76     -4       83

PRECIPITATION (IN)
  TODAY            T             3.60 1982   0.13  -0.13     0.00
  MONTH TO DATE    0.77                      1.23  -0.46     2.56
  SINCE SEP 1      0.77                      1.23  -0.46     2.56
  SINCE JAN 1     40.49                     35.79   4.70    31.54

SNOWFALL (IN)
  TODAY            0.0

DEGREE DAYS
 HEATING
  TODAY            0                         0      0        0
  MONTH TO DATE    0                         0      0        0
  SINCE SEP 1      0                         0      0        0
  SINCE JUL 1      0                         0      0        0

 COOLING
  TODAY            7                        11     -4       18
  MONTH TO DATE  194                       154     40      209
  SINCE SEP 1    194                       154     40      209
  SINCE JAN 1   1861                      1933    -72     1936
..................................................................


WIND (MPH)
  HIGHEST WIND SPEED    15   HIGHEST WIND DIRECTION     N (10)
  HIGHEST GUST SPEED    21   HIGHEST GUST DIRECTION     N (360)
  AVERAGE WIND SPEED    10.1


SKY COVER
  POSSIBLE SUNSHINE  MM
  AVERAGE SKY COVER 1.0


WEATHER CONDITIONS
 THE FOLLOWING WEATHER WAS RECORDED TODAY.
  FOG


RELATIVE HUMIDITY (PERCENT)
 HIGHEST    97           300 AM
 LOWEST     73           100 PM
 AVERAGE    85

..........................................................


THE GREENVILLE CLIMATE NORMALS FOR TOMORROW
                         NORMAL    RECORD    YEAR
 MAXIMUM TEMPERATURE (F)   88       101      1939
 MINIMUM TEMPERATURE (F)   64        51      1940


SUNRISE AND SUNSET
SEPTEMBER 12 2014.....SUNRISE   645 AM CDT   SUNSET   714 PM CDT
SEPTEMBER 13 2014.....SUNRISE   646 AM CDT   SUNSET   713 PM CDT


-  INDICATES NEGATIVE NUMBERS.
R  INDICATES RECORD WAS SET OR TIED.
MM INDICATES DATA IS MISSING.
T  INDICATES TRACE AMOUNT.




$$
