000
CDUS44 KJAN 280021
CLIGLH


CLIMATE REPORT
NATIONAL WEATHER SERVICE JACKSON MS
720 PM CDT WED APR 27 2016


...................................

...THE GREENVILLE CLIMATE SUMMARY FOR APRIL 27 2016...
VALID AS OF 0700 PM LOCAL TIME.

CLIMATE NORMAL PERIOD 1981 TO 2010
CLIMATE RECORD PERIOD 1920 TO 2016


WEATHER ITEM   OBSERVED TIME   RECORD YEAR NORMAL DEPARTURE LAST
                VALUE   (LST)  VALUE       VALUE  FROM      YEAR
                                                  NORMAL
..................................................................
TEMPERATURE (F)
 TODAY
  MAXIMUM         78    350 PM  96    1987  78      0
  MINIMUM         65   1018 AM  43    1992  56      9
                                      1953

PRECIPITATION (IN)
  TODAY            0.31          2.26 1949   0.14   0.17     0.00
  MONTH TO DATE    1.92                      4.38  -2.46     4.28
  SINCE MAR 1     19.24                      8.93  10.31     8.89
  SINCE JAN 1     25.75                     18.92   6.83    15.34

..................................................................










-  INDICATES NEGATIVE NUMBERS.
R  INDICATES RECORD WAS SET OR TIED.
MM INDICATES DATA IS MISSING.
T  INDICATES TRACE AMOUNT.




$$
