000
CDUS44 KJAN 220852
CLIGLH


CLIMATE REPORT
NATIONAL WEATHER SERVICE JACKSON MS
348 AM CDT FRI MAY 22 2015


...................................

...THE GREENVILLE CLIMATE SUMMARY FOR MAY 21 2015...

CLIMATE NORMAL PERIOD 1981 TO 2010
CLIMATE RECORD PERIOD 1920 TO 2015


WEATHER ITEM   OBSERVED TIME   RECORD YEAR NORMAL DEPARTURE LAST
                VALUE   (LST)  VALUE       VALUE  FROM      YEAR
                                                  NORMAL
..................................................................
TEMPERATURE (F)
 YESTERDAY
  MAXIMUM         72    105 AM  95    1987  84    -12       85
  MINIMUM         52   1159 PM  48    1993  64    -12       66
  AVERAGE         62                        74    -12       76

PRECIPITATION (IN)
  YESTERDAY        0.00          1.46 2013   0.15  -0.15     0.00
  MONTH TO DATE    2.78                      3.62  -0.84     1.69
  SINCE MAR 1     11.67                     12.98  -1.31    16.27
  SINCE JAN 1     18.12                     22.97  -4.85    20.57

SNOWFALL (IN)
  YESTERDAY        0.0

DEGREE DAYS
 HEATING
  YESTERDAY        3                         0      3        0
  MONTH TO DATE    6                        10     -4       32
  SINCE MAR 1    380                       462    -82      600
  SINCE JUL 1   2867                      2771     96     3207

 COOLING
  YESTERDAY        0                         9     -9       11
  MONTH TO DATE  192                       138     54      124
  SINCE MAR 1    290                       219     71      198
  SINCE JAN 1    290                       224     66      198
..................................................................


WIND (MPH)
  HIGHEST WIND SPEED    20   HIGHEST WIND DIRECTION     N (20)
  HIGHEST GUST SPEED    25   HIGHEST GUST DIRECTION     N (20)
  AVERAGE WIND SPEED    12.0


SKY COVER
  POSSIBLE SUNSHINE  MM
  AVERAGE SKY COVER 0.8


WEATHER CONDITIONS
 THE FOLLOWING WEATHER WAS RECORDED YESTERDAY.
  FOG


RELATIVE HUMIDITY (PERCENT)
 HIGHEST    93           600 AM
 LOWEST     72           100 PM
 AVERAGE    83

..........................................................


THE GREENVILLE CLIMATE NORMALS FOR TODAY
                         NORMAL    RECORD    YEAR
 MAXIMUM TEMPERATURE (F)   84        94      1972
                                             1970
                                             1956
 MINIMUM TEMPERATURE (F)   64        49      1929


SUNRISE AND SUNSET
MAY 22 2015...........SUNRISE   559 AM CDT   SUNSET   802 PM CDT
MAY 23 2015...........SUNRISE   559 AM CDT   SUNSET   803 PM CDT


-  INDICATES NEGATIVE NUMBERS.
R  INDICATES RECORD WAS SET OR TIED.
MM INDICATES DATA IS MISSING.
T  INDICATES TRACE AMOUNT.




$$
