000
CDUS44 KJAN 240834
CLIGLH


CLIMATE REPORT
NATIONAL WEATHER SERVICE JACKSON MS
231 AM CST MON NOV 24 2014


...................................

...THE GREENVILLE CLIMATE SUMMARY FOR NOVEMBER 23 2014...

CLIMATE NORMAL PERIOD 1981 TO 2010
CLIMATE RECORD PERIOD 1920 TO 2014


WEATHER ITEM   OBSERVED TIME   RECORD YEAR NORMAL DEPARTURE LAST
                VALUE   (LST)  VALUE       VALUE  FROM      YEAR
                                                  NORMAL
..................................................................
TEMPERATURE (F)
 YESTERDAY
  MAXIMUM         66   1209 PM  83    1921  61      5       47
  MINIMUM         55   1221 AM  21    1964  40     15       34
  AVERAGE         61                        51     10       41

PRECIPITATION (IN)
  YESTERDAY        0.51          3.20 1986   0.18   0.33     0.61
  MONTH TO DATE    2.39                      3.53  -1.14     2.45
  SINCE SEP 1      9.20                     10.93  -1.73    18.25
  SINCE JAN 1     48.92                     45.49   3.43    47.23

SNOWFALL (IN)
  YESTERDAY        0.0

DEGREE DAYS
 HEATING
  YESTERDAY        4                        14    -10       24
  MONTH TO DATE  367                       240    127      252
  SINCE SEP 1    436                       354     82      343
  SINCE JUL 1    436                       354     82      343

 COOLING
  YESTERDAY        0                         0      0        0
  MONTH TO DATE    0                         9     -9       10
  SINCE SEP 1    507                       404    103      520
  SINCE JAN 1   2174                      2183     -9     2247
..................................................................


WIND (MPH)
  HIGHEST WIND SPEED    36   HIGHEST WIND DIRECTION     W (270)
  HIGHEST GUST SPEED    50   HIGHEST GUST DIRECTION     W (260)
  AVERAGE WIND SPEED    14.5


SKY COVER
  POSSIBLE SUNSHINE  MM
  AVERAGE SKY COVER 0.7


WEATHER CONDITIONS
 THE FOLLOWING WEATHER WAS RECORDED YESTERDAY.
  HEAVY RAIN
  RAIN
  LIGHT RAIN
  FOG
  HAZE


RELATIVE HUMIDITY (PERCENT)
 HIGHEST    97           800 AM
 LOWEST     78           900 PM
 AVERAGE    88

..........................................................


THE GREENVILLE CLIMATE NORMALS FOR TODAY
                         NORMAL    RECORD    YEAR
 MAXIMUM TEMPERATURE (F)   61        84      1921
 MINIMUM TEMPERATURE (F)   40        17      1970


SUNRISE AND SUNSET
NOVEMBER 24 2014......SUNRISE   644 AM CST   SUNSET   457 PM CST
NOVEMBER 25 2014......SUNRISE   645 AM CST   SUNSET   457 PM CST


-  INDICATES NEGATIVE NUMBERS.
R  INDICATES RECORD WAS SET OR TIED.
MM INDICATES DATA IS MISSING.
T  INDICATES TRACE AMOUNT.




$$
