000
CDUS44 KJAN 150719
CLIGLH


CLIMATE REPORT
NATIONAL WEATHER SERVICE JACKSON MS
117 AM CST FRI DEC 15 2017


...................................

...THE GREENVILLE CLIMATE SUMMARY FOR DECEMBER 14 2017...

CLIMATE NORMAL PERIOD 1981 TO 2010
CLIMATE RECORD PERIOD 1903 TO 2017


WEATHER ITEM   OBSERVED TIME   RECORD YEAR NORMAL DEPARTURE LAST
                VALUE   (LST)  VALUE       VALUE  FROM      YEAR
                                                  NORMAL
..................................................................
TEMPERATURE (F)
 YESTERDAY
  MAXIMUM         58    143 PM  81    1933  54      4       49
  MINIMUM         31    712 AM   9    1958  36     -5       36
  AVERAGE         45                        45      0       43

PRECIPITATION (IN)
  YESTERDAY        T             2.75 1925   0.17  -0.17     0.00
  MONTH TO DATE    0.61                      2.82  -2.21     1.53
  SINCE DEC 1      0.61                      2.82  -2.21     1.53
  SINCE JAN 1     34.18                     49.84 -15.66    48.79

SNOWFALL (IN)
  YESTERDAY        0.0

DEGREE DAYS
 HEATING
  YESTERDAY       20                        20      0       22
  MONTH TO DATE  247                       261    -14      274
  SINCE DEC 1    247                       261    -14      274
  SINCE JUL 1    661                       723    -62      543

 COOLING
  YESTERDAY        0                         0      0        0
  MONTH TO DATE    0                         0      0        0
  SINCE DEC 1      0                         0      0        0
  SINCE JAN 1   2244                      2186     58     2672
..................................................................


WIND (MPH)
  HIGHEST WIND SPEED    16   HIGHEST WIND DIRECTION    NE (30)
  HIGHEST GUST SPEED    19   HIGHEST GUST DIRECTION     N (20)
  AVERAGE WIND SPEED     7.6


SKY COVER
  POSSIBLE SUNSHINE  MM
  AVERAGE SKY COVER 0.0


WEATHER CONDITIONS
 THE FOLLOWING WEATHER WAS RECORDED YESTERDAY.
  NO SIGNIFICANT WEATHER WAS OBSERVED.


RELATIVE HUMIDITY (PERCENT)
 HIGHEST    82           700 AM
 LOWEST     36           100 PM
 AVERAGE    59

..........................................................


THE GREENVILLE CLIMATE NORMALS FOR TODAY
                         NORMAL    RECORD    YEAR
 MAXIMUM TEMPERATURE (F)   54        79      1933
 MINIMUM TEMPERATURE (F)   36         8      1958


SUNRISE AND SUNSET
DECEMBER 15 2017......SUNRISE   701 AM CST   SUNSET   458 PM CST
DECEMBER 16 2017......SUNRISE   701 AM CST   SUNSET   458 PM CST


-  INDICATES NEGATIVE NUMBERS.
R  INDICATES RECORD WAS SET OR TIED.
MM INDICATES DATA IS MISSING.
T  INDICATES TRACE AMOUNT.




$$
