000
CDUS44 KJAN 302128
CLIGLH


CLIMATE REPORT
NATIONAL WEATHER SERVICE JACKSON MS
427 PM CDT MON MAR 30 2015


...................................

...THE GREENVILLE CLIMATE SUMMARY FOR MARCH 30 2015...
VALID TODAY AS OF 0400 PM LOCAL TIME.

CLIMATE NORMAL PERIOD 1981 TO 2010
CLIMATE RECORD PERIOD 1920 TO 2015


WEATHER ITEM   OBSERVED TIME   RECORD YEAR NORMAL DEPARTURE LAST
                VALUE   (LST)  VALUE       VALUE  FROM      YEAR
                                                  NORMAL
..................................................................
TEMPERATURE (F)
 TODAY
  MAXIMUM         76    233 PM  89    1946  69      7       65
  MINIMUM         57    623 AM  27    1964  47     10       43
  AVERAGE         67                        58      9       54

PRECIPITATION (IN)
  TODAY            T             1.89 1940   0.19  -0.19     0.00
  MONTH TO DATE    3.97                      4.36  -0.39     5.50
  SINCE MAR 1      3.97                      4.36  -0.39     5.50
  SINCE JAN 1     10.42                     14.35  -3.93     9.80

SNOWFALL (IN)
  TODAY            0.0

DEGREE DAYS
 HEATING
  TODAY            0                         8     -8       11
  MONTH TO DATE  321                       329     -8      430
  SINCE MAR 1    321                       329     -8      430
  SINCE JUL 1   2808                      2638    170     3037

 COOLING
  TODAY            2                         1      1        0
  MONTH TO DATE    4                        16    -12        5
  SINCE MAR 1      4                        16    -12        5
  SINCE JAN 1      4                        21    -17        5
..................................................................


WIND (MPH)
  HIGHEST WIND SPEED    24   HIGHEST WIND DIRECTION    SW (230)
  HIGHEST GUST SPEED    31   HIGHEST GUST DIRECTION    SW (220)
  AVERAGE WIND SPEED    10.6


SKY COVER
  POSSIBLE SUNSHINE  MM
  AVERAGE SKY COVER 0.2


WEATHER CONDITIONS
 THE FOLLOWING WEATHER WAS RECORDED TODAY.
  THUNDERSTORM
  LIGHT RAIN


RELATIVE HUMIDITY (PERCENT)
 HIGHEST    80           600 AM
 LOWEST     38          1200 PM
 AVERAGE    59

..........................................................


THE GREENVILLE CLIMATE NORMALS FOR TOMORROW
                         NORMAL    RECORD    YEAR
 MAXIMUM TEMPERATURE (F)   70        88      1963
 MINIMUM TEMPERATURE (F)   47        28      1964


SUNRISE AND SUNSET
MARCH 30 2015.........SUNRISE   655 AM CDT   SUNSET   723 PM CDT
MARCH 31 2015.........SUNRISE   653 AM CDT   SUNSET   724 PM CDT


-  INDICATES NEGATIVE NUMBERS.
R  INDICATES RECORD WAS SET OR TIED.
MM INDICATES DATA IS MISSING.
T  INDICATES TRACE AMOUNT.




$$
