555
CDUS44 KJAN 220645
CLIGLH


CLIMATE REPORT
NATIONAL WEATHER SERVICE JACKSON MS
143 AM CDT WED MAR 22 2017


...................................

...THE GREENVILLE CLIMATE SUMMARY FOR MARCH 21 2017...

CLIMATE NORMAL PERIOD 1981 TO 2010
CLIMATE RECORD PERIOD 1920 TO 2017


WEATHER ITEM   OBSERVED TIME   RECORD YEAR NORMAL DEPARTURE LAST
                VALUE   (LST)  VALUE       VALUE  FROM      YEAR
                                                  NORMAL
..................................................................
TEMPERATURE (F)
 YESTERDAY
  MAXIMUM         84    341 PM  87    1948  67     17       59
  MINIMUM         60   1159 PM  20    1965  45     15       35
  AVERAGE         72                        56     16       47

PRECIPITATION (IN)
  YESTERDAY        0.00          4.35 1955   0.15  -0.15     0.00
  MONTH TO DATE    0.92                      2.79  -1.87    14.38
  SINCE MAR 1      0.92                      2.79  -1.87    14.38
  SINCE JAN 1      8.95                     12.78  -3.83    20.89

SNOWFALL (IN)
  YESTERDAY        0.0

DEGREE DAYS
 HEATING
  YESTERDAY        0                        10    -10       18
  MONTH TO DATE  228                       252    -24      134
  SINCE MAR 1    228                       252    -24      134
  SINCE JUL 1   1761                      2561   -800     1814

 COOLING
  YESTERDAY        7                         1      6        0
  MONTH TO DATE   13                         7      6       22
  SINCE MAR 1     13                         7      6       22
  SINCE JAN 1     42                        12     30       26
..................................................................


WIND (MPH)
  HIGHEST WIND SPEED    20   HIGHEST WIND DIRECTION     N (10)
  HIGHEST GUST SPEED    25   HIGHEST GUST DIRECTION     N (10)
  AVERAGE WIND SPEED    10.3


SKY COVER
  POSSIBLE SUNSHINE  MM
  AVERAGE SKY COVER 0.0


WEATHER CONDITIONS
 THE FOLLOWING WEATHER WAS RECORDED YESTERDAY.
  HAZE


RELATIVE HUMIDITY (PERCENT)
 HIGHEST    90           500 AM
 LOWEST     29           200 PM
 AVERAGE    60

..........................................................


THE GREENVILLE CLIMATE NORMALS FOR TODAY
                         NORMAL    RECORD    YEAR
 MAXIMUM TEMPERATURE (F)   67        86      1966
 MINIMUM TEMPERATURE (F)   45        27      1965


SUNRISE AND SUNSET
MARCH 22 2017.........SUNRISE   705 AM CDT   SUNSET   717 PM CDT
MARCH 23 2017.........SUNRISE   703 AM CDT   SUNSET   718 PM CDT


-  INDICATES NEGATIVE NUMBERS.
R  INDICATES RECORD WAS SET OR TIED.
MM INDICATES DATA IS MISSING.
T  INDICATES TRACE AMOUNT.




$$
