000
CDUS44 KJAN 192216
CLIGLH


CLIMATE REPORT
NATIONAL WEATHER SERVICE JACKSON MS
414 PM CST FRI DEC 19 2014


...................................

...THE GREENVILLE CLIMATE SUMMARY FOR DECEMBER 19 2014...
VALID TODAY AS OF 0400 PM LOCAL TIME.

CLIMATE NORMAL PERIOD 1981 TO 2010
CLIMATE RECORD PERIOD 1920 TO 2014


WEATHER ITEM   OBSERVED TIME   RECORD YEAR NORMAL DEPARTURE LAST
                VALUE   (LST)  VALUE       VALUE  FROM      YEAR
                                                  NORMAL
..................................................................
TEMPERATURE (F)
 TODAY
  MAXIMUM         47    359 PM  76    1978  53     -6       65
  MINIMUM         44    801 AM  11    1963  35      9       39
  AVERAGE         46                        44      2       52

PRECIPITATION (IN)
  TODAY            T             1.28 1933   0.17  -0.17     0.00
  MONTH TO DATE    1.48                      3.70  -2.22     3.49
  SINCE DEC 1      1.48                      3.70  -2.22     3.49
  SINCE JAN 1     50.40                     50.72  -0.32    51.80

SNOWFALL (IN)
  TODAY            0.0

DEGREE DAYS
 HEATING
  TODAY           19                        21     -2       13
  MONTH TO DATE  305                       363    -58      394
  SINCE DEC 1    305                       363    -58      394
  SINCE JUL 1    845                       825     20      928

 COOLING
  TODAY            0                         0      0        0
  MONTH TO DATE    0                         0      0        6
  SINCE DEC 1      0                         0      0        6
  SINCE JAN 1   2177                      2186     -9     2253
..................................................................


WIND (MPH)
  HIGHEST WIND SPEED    13   HIGHEST WIND DIRECTION    NE (30)
  HIGHEST GUST SPEED    16   HIGHEST GUST DIRECTION    NE (30)
  AVERAGE WIND SPEED     9.0


SKY COVER
  POSSIBLE SUNSHINE  MM
  AVERAGE SKY COVER 0.9


WEATHER CONDITIONS
 THE FOLLOWING WEATHER WAS RECORDED TODAY.
  LIGHT RAIN
  FOG
  HAZE


RELATIVE HUMIDITY (PERCENT)
 HIGHEST    89           900 AM
 LOWEST     82           100 AM
 AVERAGE    86

..........................................................


THE GREENVILLE CLIMATE NORMALS FOR TOMORROW
                         NORMAL    RECORD    YEAR
 MAXIMUM TEMPERATURE (F)   53        77      1978
 MINIMUM TEMPERATURE (F)   35        15      1981
                                             1945


SUNRISE AND SUNSET
DECEMBER 19 2014......SUNRISE   703 AM CST   SUNSET   459 PM CST
DECEMBER 20 2014......SUNRISE   704 AM CST   SUNSET   500 PM CST


-  INDICATES NEGATIVE NUMBERS.
R  INDICATES RECORD WAS SET OR TIED.
MM INDICATES DATA IS MISSING.
T  INDICATES TRACE AMOUNT.




$$
