000
CDUS44 KJAN 230749
CLIGLH


CLIMATE REPORT
NATIONAL WEATHER SERVICE JACKSON MS
245 AM CDT TUE AUG 23 2016


...................................

...THE GREENVILLE CLIMATE SUMMARY FOR AUGUST 22 2016...

CLIMATE NORMAL PERIOD 1981 TO 2010
CLIMATE RECORD PERIOD 1920 TO 2016


WEATHER ITEM   OBSERVED TIME   RECORD YEAR NORMAL DEPARTURE LAST
                VALUE   (LST)  VALUE       VALUE  FROM      YEAR
                                                  NORMAL
..................................................................
TEMPERATURE (F)
 YESTERDAY
  MAXIMUM         86    352 PM 102    1926  92     -6       90
  MINIMUM         72    750 AM  55    1956  70      2       74
  AVERAGE         79                        81     -2       82

PRECIPITATION (IN)
  YESTERDAY        1.98R         1.51 1953   0.10   1.88     0.24
  MONTH TO DATE    6.43                      1.55   4.88     1.68
  SINCE JUN 1     12.83                      9.39   3.44     7.28
  SINCE JAN 1     41.36                     33.65   7.71    27.25

SNOWFALL (IN)
  YESTERDAY        0.0

DEGREE DAYS
 HEATING
  YESTERDAY        0                         0      0        0
  MONTH TO DATE    0                         0      0        0
  SINCE JUN 1      0                         0      0        0
  SINCE JUL 1      0                         0      0        0

 COOLING
  YESTERDAY       14                        16     -2       17
  MONTH TO DATE  400                       371     29      394
  SINCE JUN 1   1495                      1318    177     1470
  SINCE JAN 1   1837                      1640    197     1851
..................................................................


WIND (MPH)
  HIGHEST WIND SPEED    21   HIGHEST WIND DIRECTION     W (270)
  HIGHEST GUST SPEED    27   HIGHEST GUST DIRECTION     W (270)
  AVERAGE WIND SPEED     3.5


SKY COVER
  POSSIBLE SUNSHINE  MM
  AVERAGE SKY COVER 0.7


WEATHER CONDITIONS
 THE FOLLOWING WEATHER WAS RECORDED YESTERDAY.
  THUNDERSTORM
  HEAVY RAIN
  RAIN
  LIGHT RAIN
  FOG
  HAZE


RELATIVE HUMIDITY (PERCENT)
 HIGHEST    93           900 AM
 LOWEST     70           300 PM
 AVERAGE    82

..........................................................


THE GREENVILLE CLIMATE NORMALS FOR TODAY
                         NORMAL    RECORD    YEAR
 MAXIMUM TEMPERATURE (F)   92       102      1983
 MINIMUM TEMPERATURE (F)   70        55      1956


SUNRISE AND SUNSET
AUGUST 23 2016........SUNRISE   632 AM CDT   SUNSET   740 PM CDT
AUGUST 24 2016........SUNRISE   633 AM CDT   SUNSET   739 PM CDT


-  INDICATES NEGATIVE NUMBERS.
R  INDICATES RECORD WAS SET OR TIED.
MM INDICATES DATA IS MISSING.
T  INDICATES TRACE AMOUNT.




$$
