000
CDUS44 KJAN 240842
CLIGLH


CLIMATE REPORT
NATIONAL WEATHER SERVICE JACKSON MS
240 AM CST SAT JAN 24 2015


...................................

...THE GREENVILLE CLIMATE SUMMARY FOR JANUARY 23 2015...

CLIMATE NORMAL PERIOD 1981 TO 2010
CLIMATE RECORD PERIOD 1920 TO 2015


WEATHER ITEM   OBSERVED TIME   RECORD YEAR NORMAL DEPARTURE LAST
                VALUE   (LST)  VALUE       VALUE  FROM      YEAR
                                                  NORMAL
..................................................................
TEMPERATURE (F)
 YESTERDAY
  MAXIMUM         42    325 PM  82    1943  52    -10       35
  MINIMUM         36   1159 PM  13    1948  32      4       23
  AVERAGE         39                        42     -3       29

PRECIPITATION (IN)
  YESTERDAY        0.04          1.60 1984   0.17  -0.13     0.00
  MONTH TO DATE    2.59                      3.55  -0.96     0.84
  SINCE DEC 1      6.70                      9.17  -2.47     5.37
  SINCE JAN 1      2.59                      3.55  -0.96     0.84

SNOWFALL (IN)
  YESTERDAY       MM

DEGREE DAYS
 HEATING
  YESTERDAY       26                        23      3       36
  MONTH TO DATE  572                       526     46      572
  SINCE DEC 1   1099                      1148    -49     1214
  SINCE JUL 1   1639                      1610     29     1748

 COOLING
  YESTERDAY        0                         0      0        0
  MONTH TO DATE    0                         0      0        0
  SINCE DEC 1      0                         3     -3        9
  SINCE JAN 1      0                         0      0        0
..................................................................


WIND (MPH)
  HIGHEST WIND SPEED    23   HIGHEST WIND DIRECTION     N (360)
  HIGHEST GUST SPEED    29   HIGHEST GUST DIRECTION     N (360)
  AVERAGE WIND SPEED    14.8


SKY COVER
  POSSIBLE SUNSHINE  MM
  AVERAGE SKY COVER 1.0


WEATHER CONDITIONS
 THE FOLLOWING WEATHER WAS RECORDED YESTERDAY.
  LIGHT RAIN
  LIGHT SNOW
  FOG
  HAZE


RELATIVE HUMIDITY (PERCENT)
 HIGHEST    92           100 AM
 LOWEST     76           100 PM
 AVERAGE    84

..........................................................


THE GREENVILLE CLIMATE NORMALS FOR TODAY
                         NORMAL    RECORD    YEAR
 MAXIMUM TEMPERATURE (F)   52        82      1950
                                             1943
 MINIMUM TEMPERATURE (F)   32         3      1963


SUNRISE AND SUNSET
JANUARY 24 2015.......SUNRISE   705 AM CST   SUNSET   527 PM CST
JANUARY 25 2015.......SUNRISE   704 AM CST   SUNSET   528 PM CST


-  INDICATES NEGATIVE NUMBERS.
R  INDICATES RECORD WAS SET OR TIED.
MM INDICATES DATA IS MISSING.
T  INDICATES TRACE AMOUNT.




$$
