000
CXUS54 KHGX 011410
CF611R
PRELIMINARY LOCAL CLIMATOLOGICAL DATA (WS FORM: F-6)
STATION: BRENHAM
MONTH: MARCH
YEAR: 2023
LATITUDE: 30 13 N
LONGITUDE: 96 22 W
TEMPERATURE IN F: :PCPN: SNOW: WIND :SUNSHINE: SKY :PK WND
================================================================================
1 2 3 4 5 6A 6B 7 8 9 10 11 12 13 14 15 16 17 18
12Z AVG MX 2MIN
DY MAX MIN AVG DEP HDD CDD WTR SNW DPTH SPD SPD DIR MIN PSBL S-S WX SPD DR
================================================================================
1 83 72 78 M 0 13 0.00 0.0 0 9.0 20 190 M M 8 1 29 190
2 79 60 70 M 0 5 M 0.0 0 10.3 21 170 M M 10 13 33 170
3 72 49 61 M 4 0 M 0.0 0 12.2 24 300 M M 1 37 300
4 79 42 61 M 4 0 0.00 0.0 0 2.4 9 130 M M 0 M M
5 79 49 64 M 1 0 0.00 0.0 0 2.9 9 120 M M 2 12 17 150
6 83 57 70 M 0 5 M 0.0 M 2.0 9 210 M M 7 1 M M
7 83 69 76 M 0 11 M 0.0 M 2.0 10 160 M M 9 1 M M
8 84 67 76 M 0 11 M 0.0 M 2.6 8 150 M M 5 1 M M
9 M M M M M M M M M M M M M M M M M
10 72 60 66 M 0 1 T 0.0 0 4.3 10 360 M M 6 8 M M
11 88 58 73 M 0 8 M 0.0 M 7.9 18 200 M M 4 1 24 200
12 73 59 66 M 0 1 M 0.0 M 11.1 22 350 M M 9 29 350
13 69 51 60 M 5 0 0.00 0.0 0 3.6 12 50 M M 1 16 20
14 68 48 58 M 7 0 M 0.0 0 3.1 12 100 M M 4 16 90
15 74 46 60 M 5 0 0.00 0.0 0 7.1 14 140 M M 3 21 170
16 75 53 64 M 1 0 0.51 0.0 0 12.0 37 360 M M 8 50 360
17 58 43 51 M 14 0 0.07 0.0 0 16.3 24 330 M M 6 33 340
18 55 44 50 M 15 0 M 0.0 0 5.2 10 350 M M 8 M M
19 58 37 48 M 17 0 0.00 0.0 0 2.1 8 330 M M 0 M M
20 58 35 47 M 18 0 0.00 0.0 0 5.4 14 140 M M 7 22 150
21 73 54 64 M 1 0 0.03 0.0 0 8.8 17 180 M M 10 1 24 180
22 82 70 76 M 0 11 0.00 0.0 0 10.5 17 170 M M 10 23 200
23 84 73 79 M 0 14 0.00 0.0 0 12.7 22 180 M M 10 30 180
24 84 60 72 M 0 7 0.00 0.0 0 8.9 17 200 M M 6 29 170
25 81 49 65 M 0 0 0.00 0.0 0 2.6 13 360 M M 0 17 360
26 M M M M M M M 0.0 M 0.0 M M M M 0 M M
27 M M M M M M M M M M M M M M M M M
28 M M M M M M M M M M M M M M M M M
29 M M M M M M M M M M M M M M M M M
30 M M M M M M M M M M M M M M M M M
31 M M M M M M M M M M M M M M M M M
================================================================================
SM 1794 1305 92 87 0.61 0.0 165.0 M 134
================================================================================
AV 74.8 54.4 6.6 FASTST M M 5 MAX(MPH)
MISC ----> 37 360 50 360
================================================================================
NOTES:
# LAST OF SEVERAL OCCURRENCES
COLUMN 17 PEAK WIND IN M.P.H.
PRELIMINARY LOCAL CLIMATOLOGICAL DATA (WS FORM: F-6) , PAGE 2
STATION: BRENHAM
MONTH: MARCH
YEAR: 2023
LATITUDE: 30 13 N
LONGITUDE: 96 22 W
[TEMPERATURE DATA] [PRECIPITATION DATA] SYMBOLS USED IN COLUMN 16
AVERAGE MONTHLY: 64.6 TOTAL FOR MONTH: 0.61 1 = FOG OR MIST
DPTR FM NORMAL: 12.2 DPTR FM NORMAL: -2.26 2 = FOG REDUCING VISIBILITY
HIGHEST: 88 ON 11 GRTST 24HR 0.51 ON 16-16 TO 1/4 MILE OR LESS
LOWEST: 35 ON 20 3 = THUNDER
SNOW, ICE PELLETS, HAIL 4 = ICE PELLETS
TOTAL MONTH: 0.0 INCH 5 = HAIL
GRTST 24HR 0.0 6 = FREEZING RAIN OR DRIZZLE
GRTST DEPTH: 0 7 = DUSTSTORM OR SANDSTORM:
VSBY 1/2 MILE OR LESS
8 = SMOKE OR HAZE
[NO. OF DAYS WITH] [WEATHER - DAYS WITH] 9 = BLOWING SNOW
X = TORNADO
MAX 32 OR BELOW: 0 0.01 INCH OR MORE: 3
MAX 90 OR ABOVE: 0 0.10 INCH OR MORE: 1
MIN 32 OR BELOW: 0 0.50 INCH OR MORE: 1
MIN 0 OR BELOW: 0 1.00 INCH OR MORE: 0
[HDD (BASE 65) ]
TOTAL THIS MO. 92 CLEAR (SCALE 0-3) 8
DPTR FM NORMAL M PTCLDY (SCALE 4-7) 9
TOTAL FM JUL 1 1204 CLOUDY (SCALE 8-10) 13
DPTR FM NORMAL M
[CDD (BASE 65) ]
TOTAL THIS MO. 87
DPTR FM NORMAL M [PRESSURE DATA]
TOTAL FM JAN 1 187 HIGHEST SLP M ON M
DPTR FM NORMAL M LOWEST SLP M ON M
[REMARKS]
#FINAL-03-23#