000
CXUS51 KBTV 010800
CF61V4
PRELIMINARY LOCAL CLIMATOLOGICAL DATA (WS FORM: F-6)
STATION: SAINT JOHNSBURY VT ASOS
MONTH: DECEMBER
YEAR: 2021
LATITUDE: 44 25 N
LONGITUDE: 72 1 W
TEMPERATURE IN F: :PCPN: SNOW: WIND :SUNSHINE: SKY :PK WND
================================================================================
1 2 3 4 5 6A 6B 7 8 9 10 11 12 13 14 15 16 17 18
12Z AVG MX 2MIN
DY MAX MIN AVG DEP HDD CDD WTR SNW DPTH SPD SPD DIR MIN PSBL S-S WX SPD DR
================================================================================
1 36 19 28 -1 37 0 0.03 M M M M M M M 0 M M
2 42 20 31 2 34 0 0.21 M M M M M M M 0 M M
3 37 19 28 0 37 0 0.01 M M M M M M M 0 M M
4 31 8 20 -8 45 0 0.01 M M M M M M M 0 M M
5 32 22 27 -1 38 0 0.06 M M M M M M M 0 M M
6 51 26 39 12 26 0 0.34 M M M M M M M 0 M M
7 37 23 30 3 35 0 0.00 M M M M M M M 0 M M
8 26 20 23 -3 42 0 0.06 M M M M M M M 0 M M
9 26 13 20 -6 45 0 0.02 M M M M M M M 0 M M
10 31 10 21 -5 44 0 0.01 M M M M M M M 0 M M
11 52 27 40 15 25 0 0.64 M M M M M M M 0 M M
12 44 30 37 12 28 0 0.00 M M M M M M M 0 M M
13 47 26 37 12 28 0 0.00 M M M M M M M 0 M M
14 43 19 31 7 34 0 0.00 M M M M M M M 0 M M
15 37 16 27 3 38 0 0.12 M M M M M M M 0 M M
16 54 34 44 20 21 0 0.21 M M M M M M M 0 M M
17 59 34 47 24 18 0 0.00 M M M M M M M 0 M M
18 34 26 30 7 35 0 0.51 M M M M M M M 0 M M
19 28 17 23 0 42 0 0.14 M M M M M M M 0 M M
20 26 5 16 -6 49 0 0.00 M M M M M M M 0 M M
21 37 16 27 5 38 0 0.00 M M M M M M M 0 M M
22 35 11 23 1 42 0 0.05 M M M M M M M 0 M M
23 22 1 12 -9 53 0 0.00 M M M M M M M 0 M M
24 24 1 13 -8 52 0 0.00 M M M M M M M 0 M M
25 26 9 18 -3 47 0 0.18 M M M M M M M 0 M M
26 29 25 27 7 38 0 0.08 M M M M M M M 0 M M
27 27 20 24 4 41 0 0.00 M M M M M M M 0 M M
28 35 20 28 8 37 0 0.03 M M M M M M M 0 M M
29 36 28 32 12 33 0 0.00 M M M M M M M 0 M M
30 38 32 35 15 30 0 0.01 M M M M M M M 0 M M
31 39 32 36 17 29 0 0.03 M M M M M M M 0 M M
================================================================================
SM 1121 609 1141 0 2.75 M M M 0
================================================================================
AV 36.2 19.6 M FASTST M M 0 MAX(MPH)
MISC ----> M M M M
================================================================================
NOTES:
# LAST OF SEVERAL OCCURRENCES
COLUMN 17 PEAK WIND IN M.P.H.
PRELIMINARY LOCAL CLIMATOLOGICAL DATA (WS FORM: F-6) , PAGE 2
STATION: SAINT JOHNSBURY VT ASOS
MONTH: DECEMBER
YEAR: 2021
LATITUDE: 44 25 N
LONGITUDE: 72 1 W
[TEMPERATURE DATA] [PRECIPITATION DATA] SYMBOLS USED IN COLUMN 16
AVERAGE MONTHLY: 27.9 TOTAL FOR MONTH: 2.75 1 = FOG OR MIST
DPTR FM NORMAL: 4.1 DPTR FM NORMAL: -0.18 2 = FOG REDUCING VISIBILITY
HIGHEST: 59 ON 17 GRTST 24HR 0.64 ON 11-11 TO 1/4 MILE OR LESS
LOWEST: 1 ON 24,23 3 = THUNDER
SNOW, ICE PELLETS, HAIL 4 = ICE PELLETS
TOTAL MONTH: M 5 = HAIL
GRTST 24HR M ON M 6 = FREEZING RAIN OR DRIZZLE
GRTST DEPTH: M ON M 7 = DUSTSTORM OR SANDSTORM:
VSBY 1/2 MILE OR LESS
8 = SMOKE OR HAZE
[NO. OF DAYS WITH] [WEATHER - DAYS WITH] 9 = BLOWING SNOW
X = TORNADO
MAX 32 OR BELOW: 12 0.01 INCH OR MORE: 20
MAX 90 OR ABOVE: 0 0.10 INCH OR MORE: 8
MIN 32 OR BELOW: 29 0.50 INCH OR MORE: 2
MIN 0 OR BELOW: 0 1.00 INCH OR MORE: 0
[HDD (BASE 65) ]
TOTAL THIS MO. 1141 CLEAR (SCALE 0-3) 31
DPTR FM NORMAL -136 PTCLDY (SCALE 4-7) 0
TOTAL FM JUL 1 2603 CLOUDY (SCALE 8-10) 0
DPTR FM NORMAL -414
[CDD (BASE 65) ]
TOTAL THIS MO. 0
DPTR FM NORMAL 0 [PRESSURE DATA]
TOTAL FM JAN 1 470 HIGHEST SLP M ON M
DPTR FM NORMAL 140 LOWEST SLP M ON M
[REMARKS]
#FINAL-12-21#