000
CXUS51 KBTV 010800
CF61V4
PRELIMINARY LOCAL CLIMATOLOGICAL DATA (WS FORM: F-6)
STATION: SAINT JOHNSBURY VT ASOS
MONTH: JANUARY
YEAR: 2024
LATITUDE: 44 25 N
LONGITUDE: 72 1 W
TEMPERATURE IN F: :PCPN: SNOW: WIND :SUNSHINE: SKY :PK WND
================================================================================
1 2 3 4 5 6A 6B 7 8 9 10 11 12 13 14 15 16 17 18
12Z AVG MX 2MIN
DY MAX MIN AVG DEP HDD CDD WTR SNW DPTH SPD SPD DIR MIN PSBL S-S WX SPD DR
================================================================================
1 M M M M M M 0.00 M M M M M M M 0 M M
2 M M M M M M 0.00 M M M M M M M 0 M M
3 M M M M M M 0.00 M M M M M M M 0 M M
4 M M M M M M 0.02 M M M M M M M 0 M M
5 24 19 22 4 43 0 0.00 M M M M M M M 0 M M
6 29 20 25 7 40 0 0.03 M M M M M M M 0 M M
7 25 22 24 6 41 0 0.59 M M M M M M M 0 M M
8 30 21 26 8 39 0 0.01 M M M M M M M 0 M M
9 36 23 30 12 35 0 0.33 M M M M M M M 0 M M
10 44 34 39 22 26 0 0.69 M M M M M M M 0 M M
11 37 29 33 16 32 0 0.01 M M M M M M M 0 M M
12 35 23 29 12 36 0 0.00 M M M M M M M 0 M M
13 44 25 35 18 30 0 0.25 M M M M M M M 0 M M
14 34 22 28 11 37 0 0.06 M M M M M M M 0 M M
15 27 7 17 0 48 0 0.00 M M M M M M M 0 M M
16 21 7 14 -3 51 0 0.27 M M M M M M M 0 M M
17 22 10 16 -1 49 0 0.00 M M M M M M M 0 M M
18 25 8 17 1 48 0 0.00 M M M M M M M 0 M M
19 18 2 10 -6 55 0 0.00 M M M M M M M 0 M M
20 12 2 7 -9 58 0 0.01 M M M M M M M 0 M M
21 17 0 9 -7 56 0 0.00 M M M M M M M 0 M M
22 31 -3 14 -2 51 0 0.00 M M M M M M M 0 M M
23 34 25 30 14 35 0 0.00 M M M M M M M 0 M M
24 34 24 29 13 36 0 0.25 M M M M M M M 0 M M
25 39 34 37 21 28 0 0.11 M M M M M M M 0 M M
26 36 34 35 19 30 0 0.44 M M M M M M M 0 M M
27 39 33 36 20 29 0 0.01 M M M M M M M 0 M M
28 37 33 35 19 30 0 0.07 M M M M M M M 0 M M
29 33 28 31 15 34 0 0.00 M M M M M M M 0 M M
30 30 26 28 12 37 0 0.00 M M M M M M M 0 M M
31 33 26 30 13 35 0 0.00 M M M M M M M 0 M M
================================================================================
SM 826 534 1069 0 3.15 M M M 0
================================================================================
AV 30.6 19.8 M FASTST M M 0 MAX(MPH)
MISC ----> M M M M
================================================================================
NOTES:
# LAST OF SEVERAL OCCURRENCES
COLUMN 17 PEAK WIND IN M.P.H.
PRELIMINARY LOCAL CLIMATOLOGICAL DATA (WS FORM: F-6) , PAGE 2
STATION: SAINT JOHNSBURY VT ASOS
MONTH: JANUARY
YEAR: 2024
LATITUDE: 44 25 N
LONGITUDE: 72 1 W
[TEMPERATURE DATA] [PRECIPITATION DATA] SYMBOLS USED IN COLUMN 16
AVERAGE MONTHLY: 25.2 TOTAL FOR MONTH: 3.15 1 = FOG OR MIST
DPTR FM NORMAL: 8.1 DPTR FM NORMAL: 0.63 2 = FOG REDUCING VISIBILITY
HIGHEST: 44 ON 13,10 GRTST 24HR 1.05 ON 9-10 TO 1/4 MILE OR LESS
LOWEST: -3 ON 22 3 = THUNDER
SNOW, ICE PELLETS, HAIL 4 = ICE PELLETS
TOTAL MONTH: M 5 = HAIL
GRTST 24HR M ON M 6 = FREEZING RAIN OR DRIZZLE
GRTST DEPTH: M ON M 7 = DUSTSTORM OR SANDSTORM:
VSBY 1/2 MILE OR LESS
8 = SMOKE OR HAZE
[NO. OF DAYS WITH] [WEATHER - DAYS WITH] 9 = BLOWING SNOW
X = TORNADO
MAX 32 OR BELOW: 13 0.01 INCH OR MORE: 16
MAX 90 OR ABOVE: 0 0.10 INCH OR MORE: 8
MIN 32 OR BELOW: 22 0.50 INCH OR MORE: 2
MIN 0 OR BELOW: 2 1.00 INCH OR MORE: 0
[HDD (BASE 65) ]
TOTAL THIS MO. 1069 CLEAR (SCALE 0-3) 31
DPTR FM NORMAL -416 PTCLDY (SCALE 4-7) 0
TOTAL FM JUL 1 2795 CLOUDY (SCALE 8-10) 0
DPTR FM NORMAL -1707
[CDD (BASE 65) ]
TOTAL THIS MO. 0
DPTR FM NORMAL 0 [PRESSURE DATA]
TOTAL FM JAN 1 0 HIGHEST SLP M ON M
DPTR FM NORMAL 0 LOWEST SLP M ON M
[REMARKS]
#FINAL-01-24#