000
CXUS55 KBOU 010900
CF633V
PRELIMINARY LOCAL CLIMATOLOGICAL DATA (WS FORM: F-6)
STATION: WALDEN
MONTH: MAY
YEAR: 2023
LATITUDE: 40 45 N
LONGITUDE: 106 16 W
TEMPERATURE IN F: :PCPN: SNOW: WIND :SUNSHINE: SKY :PK WND
================================================================================
1 2 3 4 5 6A 6B 7 8 9 10 11 12 13 14 15 16 17 18
12Z AVG MX 2MIN
DY MAX MIN AVG DEP HDD CDD WTR SNW DPTH SPD SPD DIR MIN PSBL S-S WX SPD DR
================================================================================
1 68 27 48 M 17 0 M M M 5.7 17 10 M M 1 35 50
2 64 28 46 M 19 0 M M M 6.6 15 180 M M 3 29 230
3 63 30 47 M 18 0 M M M 4.9 10 140 M M 0 16 330
4 55 30 43 M 22 0 M M M 4.6 13 210 M M 4 33 160
5 59 28 44 M 21 0 M M M 8.7 22 260 M M 3 38 230
6 54 27 41 M 24 0 M M M 13.4 28 230 M M 4 43 230
7 50 30 40 M 25 0 M M M 9.5 17 250 M M 8 31 150
8 61 28 45 M 20 0 M M M 5.7 20 240 M M 4 24 240
9 64 28 46 M 19 0 M M M 7.0 16 220 M M 3 24 220
10 66 27 47 M 18 0 M M M 9.8 28 150 M M 4 38 150
11 45 37 41 M 24 0 M M M 13.5 22 330 M M 10 30 330
12 50 36 43 M 22 0 M M M 14.7 22 340 M M 10 28 340
13 54 37 46 M 19 0 M M M 10.1 16 50 M M 7 25 40
14 61 28 45 M 20 0 M M M 9.0 22 90 M M 4 25 70
15 63 34 49 M 16 0 M M M 7.4 20 250 M M 6 28 220
16 64 32 48 M 17 0 M M M 8.2 21 280 M M 3 29 280
17 64 32 48 M 17 0 M M M 6.8 15 290 M M 3 23 330
18 63 36 50 M 15 0 M M M 6.5 22 10 M M 6 30 350
19 61 36 49 M 16 0 M M M 5.5 15 70 M M 5 21 310
20 63 34 49 M 16 0 M M M 5.2 15 130 M M 4 26 160
21 66 30 48 M 17 0 M M M 6.4 13 60 M M 1 24 70
22 68 32 50 M 15 0 M M M 5.7 17 40 M M 2 21 350
23 68 32 50 M 15 0 M M M 7.4 23 60 M M 2 29 60
24 59 36 48 M 17 0 M M M 6.5 20 250 M M 6 30 250
25 68 34 51 M 14 0 M M M 5.0 15 130 M M 3 33 130
26 70 32 51 M 14 0 M M M 8.4 21 160 M M 3 32 160
27 64 32 48 M 17 0 M M M 8.0 22 200 M M 2 38 200
28 64 32 48 M 17 0 M M M 8.1 22 250 M M 3 28 250
29 68 32 50 M 15 0 M M M 10.7 25 250 M M 2 33 240
30 70 32 51 M 14 0 M M M 6.8 17 170 M M 2 24 260
31 68 32 50 M 15 0 M M M 5.6 17 180 M M 2 32 180
================================================================================
SM 1925 981 555 0 M M 241.3 M 120
================================================================================
AV 62.1 31.6 7.8 FASTST M M 4 MAX(MPH)
MISC ----> 28 230 43 230
================================================================================
NOTES:
# LAST OF SEVERAL OCCURRENCES
COLUMN 17 PEAK WIND IN M.P.H.
PRELIMINARY LOCAL CLIMATOLOGICAL DATA (WS FORM: F-6) , PAGE 2
STATION: WALDEN
MONTH: MAY
YEAR: 2023
LATITUDE: 40 45 N
LONGITUDE: 106 16 W
[TEMPERATURE DATA] [PRECIPITATION DATA] SYMBOLS USED IN COLUMN 16
AVERAGE MONTHLY: 46.9 TOTAL FOR MONTH: M 1 = FOG OR MIST
DPTR FM NORMAL: 0.0 DPTR FM NORMAL: M 2 = FOG REDUCING VISIBILITY
HIGHEST: 70 ON 26,30 GRTST 24HR M ON M TO 1/4 MILE OR LESS
LOWEST: 27 ON 1, 6 3 = THUNDER
SNOW, ICE PELLETS, HAIL 4 = ICE PELLETS
TOTAL MONTH: M 5 = HAIL
GRTST 24HR M ON M 6 = FREEZING RAIN OR DRIZZLE
GRTST DEPTH: M ON M 7 = DUSTSTORM OR SANDSTORM:
VSBY 1/2 MILE OR LESS
8 = SMOKE OR HAZE
[NO. OF DAYS WITH] [WEATHER - DAYS WITH] 9 = BLOWING SNOW
X = TORNADO
MAX 32 OR BELOW: 0 0.01 INCH OR MORE: 0
MAX 90 OR ABOVE: 0 0.10 INCH OR MORE: 0
MIN 32 OR BELOW: 22 0.50 INCH OR MORE: 0
MIN 0 OR BELOW: 0 1.00 INCH OR MORE: 0
[HDD (BASE 65) ]
TOTAL THIS MO. 555 CLEAR (SCALE 0-3) 15
DPTR FM NORMAL M PTCLDY (SCALE 4-7) 14
TOTAL FM JUL 1 10243 CLOUDY (SCALE 8-10) 2
DPTR FM NORMAL M
[CDD (BASE 65) ]
TOTAL THIS MO. 0
DPTR FM NORMAL M [PRESSURE DATA]
TOTAL FM JAN 1 0 HIGHEST SLP M ON M
DPTR FM NORMAL M LOWEST SLP M ON M
[REMARKS]
#FINAL-05-23#