000
CXUS54 KEWX 011010
CF63T5
PRELIMINARY LOCAL CLIMATOLOGICAL DATA (WS FORM: F-6)
STATION: LA GRANGE
MONTH: MARCH
YEAR: 2023
LATITUDE: 29 54 N
LONGITUDE: 96 57 W
TEMPERATURE IN F: :PCPN: SNOW: WIND :SUNSHINE: SKY :PK WND
================================================================================
1 2 3 4 5 6A 6B 7 8 9 10 11 12 13 14 15 16 17 18
12Z AVG MX 2MIN
DY MAX MIN AVG DEP HDD CDD WTR SNW DPTH SPD SPD DIR MIN PSBL S-S WX SPD DR
================================================================================
1 84 71 78 M 0 13 T M M 10.1 17 180 M M 8 23 180
2 78 58 68 M 0 3 0.03 M M 11.5 31 300 M M 10 1 45 300
3 72 50 61 M 4 0 0.00 M M 11.4 22 320 M M 1 36 M
4 78 43 61 M 4 0 0.00 M M 4.4 12 180 M M 0 M M
5 79 49 64 M 1 0 0.00 M M 4.7 10 120 M M 2 12 18 130
6 81 57 69 M 0 4 0.00 M M 3.6 10 200 M M 7 M M
7 80 67 74 M 0 9 0.00 M M 6.3 12 160 M M 8 M M
8 83 64 74 M 0 9 0.00 M M 5.3 12 180 M M 5 1 M M
9 84 66 75 M 0 10 0.00 M M 7.8 13 160 M M 6 1 21 210
10 73 60 67 M 0 2 T M M 5.2 13 340 M M 6 M M
11 87 58 73 M 0 8 0.00 M M 9.4 21 190 M M 3 12 27 190
12 75 58 67 M 0 2 0.00 M M 11.0 18 330 M M 3 1 24 330
13 68 52 60 M 5 0 0.00 M M 7.2 14 20 M M 5 20 60
14 66 47 57 M 8 0 0.00 M M 4.5 9 100 M M 7 16 70
15 75 45 60 M 5 0 0.00 M M 7.6 14 150 M M 5 22 150
16 77 57 67 M 0 2 0.07 M M 12.3 23 180 M M 9 1 30 180
17 57 42 50 M 15 0 0.03 M M 12.7 20 340 M M 9 1 37 340
18 53 45 49 M 16 0 T M M 4.7 9 20 M M 10 M M
19 58 41 50 M 15 0 0.00 M M 3.8 9 30 M M 6 M M
20 57 40 49 M 16 0 0.00 M M 6.0 14 150 M M 8 18 22 140
21 70 53 62 M 3 0 0.01 M M 9.8 15 150 M M 10 1 22 150
22 80 69 75 M 0 10 0.01 M M 13.1 17 170 M M 10 8 26 170
23 81 71 76 M 0 11 0.00 M M 15.0 24 160 M M 9 1 36 M
24 83 59 71 M 0 6 0.01 M M 9.4 21 170 M M 5 1 29 180
25 80 48 64 M 1 0 0.00 M M 3.2 12 350 M M 0 8 M M
26 73 50 62 M 3 0 T M M 1.2 5 50 M M 7 12 M M
27 78 61 70 M 0 5 T M M 5.3 8 50 M M 9 1 M M
28 71 56 64 M 1 0 T M M 10.8 17 30 M M 7 31 M
29 70 55 63 M 2 0 0.01 M M 6.7 12 100 M M 10 M M
30 74 61 68 M 0 3 T M M 8.8 13 140 M M 10 1 20 140
31 87 66 77 M 0 12 0.01 M M 10.4 20 180 M M 4 33 M
================================================================================
SM 2312 1719 99 109 0.18 M 243.3 M 199
================================================================================
AV 74.6 55.5 7.8 FASTST M M 6 MAX(MPH)
MISC ----> 31 300 45 300
================================================================================
NOTES:
# LAST OF SEVERAL OCCURRENCES
COLUMN 17 PEAK WIND IN M.P.H.
PRELIMINARY LOCAL CLIMATOLOGICAL DATA (WS FORM: F-6) , PAGE 2
STATION: LA GRANGE
MONTH: MARCH
YEAR: 2023
LATITUDE: 29 54 N
LONGITUDE: 96 57 W
[TEMPERATURE DATA] [PRECIPITATION DATA] SYMBOLS USED IN COLUMN 16
AVERAGE MONTHLY: 65.0 TOTAL FOR MONTH: 0.18 1 = FOG OR MIST
DPTR FM NORMAL: 0.0 DPTR FM NORMAL: M 2 = FOG REDUCING VISIBILITY
HIGHEST: 87 ON 31,11 GRTST 24HR 0.07 ON 16-16 TO 1/4 MILE OR LESS
LOWEST: 40 ON 20 3 = THUNDER
SNOW, ICE PELLETS, HAIL 4 = ICE PELLETS
TOTAL MONTH: M 5 = HAIL
GRTST 24HR M ON M 6 = FREEZING RAIN OR DRIZZLE
GRTST DEPTH: M ON M 7 = DUSTSTORM OR SANDSTORM:
VSBY 1/2 MILE OR LESS
8 = SMOKE OR HAZE
[NO. OF DAYS WITH] [WEATHER - DAYS WITH] 9 = BLOWING SNOW
X = TORNADO
MAX 32 OR BELOW: 0 0.01 INCH OR MORE: 8
MAX 90 OR ABOVE: 0 0.10 INCH OR MORE: 0
MIN 32 OR BELOW: 0 0.50 INCH OR MORE: 0
MIN 0 OR BELOW: 0 1.00 INCH OR MORE: 0
[HDD (BASE 65) ]
TOTAL THIS MO. 99 CLEAR (SCALE 0-3) 6
DPTR FM NORMAL M PTCLDY (SCALE 4-7) 13
TOTAL FM JUL 1 1032 CLOUDY (SCALE 8-10) 12
DPTR FM NORMAL M
[CDD (BASE 65) ]
TOTAL THIS MO. 109
DPTR FM NORMAL M [PRESSURE DATA]
TOTAL FM JAN 1 179 HIGHEST SLP M ON M
DPTR FM NORMAL M LOWEST SLP M ON M
[REMARKS]
#FINAL-03-23#