000
CXUS54 KSJT 011532 CCA
CF6ABI
PRELIMINARY LOCAL CLIMATOLOGICAL DATA (WS FORM: F-6)
STATION: ABILENE
MONTH: APRIL
YEAR: 2020
LATITUDE: 32 25 N
LONGITUDE: 99 41 W
TEMPERATURE IN F: :PCPN: SNOW: WIND :SUNSHINE: SKY :PK WND
================================================================================
1 2 3 4 5 6A 6B 7 8 9 10 11 12 13 14 15 16 17 18
12Z AVG MX 2MIN
DY MAX MIN AVG DEP HDD CDD WTR SNW DPTH SPD SPD DIR MIN PSBL S-S WX SPD DR
================================================================================
1 73 52 63 2 2 0 0.00 0.0 0 15.8 28 180 M M 0 36 180
2 79 60 70 9 0 5 0.00 0.0 0 16.7 23 150 M M 1 29 220
3 66 38 52 -9 13 0 T 0.0 0 15.8 29 350 M M 8 1 34 340
4 46 38 42 -20 23 0 0.49 0.0 0 7.1 16 350 M M 10 13 20 360
5 65 46 56 -6 9 0 T 0.0 0 11.4 20 160 M M 9 18 26 190
6 68 58 63 1 2 0 T 0.0 0 11.2 20 120 M M 8 18 23 120
7 85 65 75 13 0 10 0.00 0.0 0 11.1 18 220 M M 0 18 25 210
8 89 66 78 16 0 13 0.00 0.0 0 9.2 18 260 M M 0 24 250
9 71 56 64 1 1 0 0.03 0.0 0 5.0 20 350 M M 5 23 350
10 75 47 61 -2 4 0 0.00 0.0 M 10.0 18 110 M M 0 27 110
11 78 59 69 6 0 4 0.00 0.0 0 14.6 25 150 M M 6 3 32 140
12 77 42 60 -4 5 0 0.25 0.0 0 17.2 30 330 M M 1 13 46 320
13 55 34 45 -19 20 0 0.00 0.0 0 11.3 22 360 M M 0 27 10
14 52 37 45 -19 20 0 0.00 0.0 0 9.6 15 350 M M 6 22 40
15 68 33 51 -13 14 0 0.00 0.0 0 8.6 24 140 M M 0 29 140
16 80 50 65 0 0 0 0.00 0.0 0 19.8 31 180 M M 0 39 160
17 64 42 53 -12 12 0 0.00 0.0 0 11.6 25 350 M M 5 31 190
18 65 40 53 -12 12 0 T 0.0 0 7.9 18 160 M M 6 1 25 160
19 85 56 71 5 0 6 0.00 0.0 0 12.0 28 290 M M 3 1 34 300
20 86 50 68 2 0 3 0.00 0.0 0 6.5 15 150 M M 2 18 19 140
21 88 60 74 8 0 9 0.00 0.0 0 11.9 24 150 M M 2 18 31 160
22 86 60 73 7 0 8 0.00 0.0 0 13.6 28 300 M M 1 18 34 300
23 86 51 69 2 0 4 0.00 0.0 0 6.3 18 160 M M 0 8 26 170
24 86 61 74 7 0 9 0.00 0.0 0 17.1 29 220 M M 0 38 220
25 77 50 64 -3 1 0 0.00 0.0 0 6.6 17 350 M M 0 8 21 350
26 85 48 67 -1 0 2 0.00 0.0 0 12.9 24 170 M M 0 34 160
27 91 63 77 9 0 12 0.00 0.0 M 17.3 30 190 M M 0 39 180
28 95 66 81 13 0 16 0.00 0.0 0 12.5 24 360 M M 0 30 340
29 82 53 68 0 0 3 0.00 0.0 0 12.2 23 350 M M 1 33 350
30 89 46 68 -1 0 3 0.00 0.0 0 10.7 20 160 M M 0 25 160
================================================================================
SM 2292 1527 138 107 0.77 0.0 353.5 M 74
================================================================================
AV 76.4 50.9 11.8 FASTST M M 2 MAX(MPH)
MISC ----> # 31 180 # 46 320
================================================================================
NOTES:
# LAST OF SEVERAL OCCURRENCES
COLUMN 17 PEAK WIND IN M.P.H.
PRELIMINARY LOCAL CLIMATOLOGICAL DATA (WS FORM: F-6) , PAGE 2
STATION: ABILENE
MONTH: APRIL
YEAR: 2020
LATITUDE: 32 25 N
LONGITUDE: 99 41 W
[TEMPERATURE DATA] [PRECIPITATION DATA] SYMBOLS USED IN COLUMN 16
AVERAGE MONTHLY: 63.7 TOTAL FOR MONTH: 0.77 1 = FOG OR MIST
DPTR FM NORMAL: -0.9 DPTR FM NORMAL: -0.87 2 = FOG REDUCING VISIBILITY
HIGHEST: 95 ON 28 GRTST 24HR 0.49 ON 4- 4 TO 1/4 MILE OR LESS
LOWEST: 33 ON 15 3 = THUNDER
SNOW, ICE PELLETS, HAIL 4 = ICE PELLETS
TOTAL MONTH: 0.0 INCH 5 = HAIL
GRTST 24HR 0.0 6 = FREEZING RAIN OR DRIZZLE
GRTST DEPTH: 0 7 = DUSTSTORM OR SANDSTORM:
VSBY 1/2 MILE OR LESS
8 = SMOKE OR HAZE
[NO. OF DAYS WITH] [WEATHER - DAYS WITH] 9 = BLOWING SNOW
X = TORNADO
MAX 32 OR BELOW: 0 0.01 INCH OR MORE: 3
MAX 90 OR ABOVE: 2 0.10 INCH OR MORE: 2
MIN 32 OR BELOW: 0 0.50 INCH OR MORE: 0
MIN 0 OR BELOW: 0 1.00 INCH OR MORE: 0
[HDD (BASE 65) ]
TOTAL THIS MO. 138 CLEAR (SCALE 0-3) 21
DPTR FM NORMAL 27 PTCLDY (SCALE 4-7) 5
TOTAL FM JUL 1 2294 CLOUDY (SCALE 8-10) 4
DPTR FM NORMAL -248
[CDD (BASE 65) ]
TOTAL THIS MO. 107
DPTR FM NORMAL 8 [PRESSURE DATA]
TOTAL FM JAN 1 167 HIGHEST SLP 30.35 ON 14
DPTR FM NORMAL 34 LOWEST SLP 29.44 ON 12
[REMARKS]
#FINAL-04-20#