000
CXUS53 KABR 011100
CF6ABR
PRELIMINARY LOCAL CLIMATOLOGICAL DATA (WS FORM: F-6)
STATION: ABERDEEN SD
MONTH: SEPTEMBER
YEAR: 2022
LATITUDE: 45 27 N
LONGITUDE: 98 26 W
TEMPERATURE IN F: :PCPN: SNOW: WIND :SUNSHINE: SKY :PK WND
================================================================================
1 2 3 4 5 6A 6B 7 8 9 10 11 12 13 14 15 16 17 18
12Z AVG MX 2MIN
DY MAX MIN AVG DEP HDD CDD WTR SNW DPTH SPD SPD DIR MIN PSBL S-S WX SPD DR
================================================================================
1 95 53 74 8 0 9 0.00 0.0 0 7.1 17 200 M M 0 13 27 190
2 82 55 69 3 0 4 0.00 0.0 0 11.3 25 340 M M 0 31 340
3 79 47 63 -3 2 0 0.00 0.0 0 4.2 10 70 M M 0 1 14 70
4 83 42 63 -2 2 0 0.00 0.0 0 8.1 18 150 M M 0 12 27 150
5 86 62 74 9 0 9 0.00 0.0 0 14.8 25 170 M M 0 36 180
6 87 56 72 7 0 7 0.00 0.0 0 6.1 10 10 M M 0 1 14 40
7 91 60 76 12 0 11 0.00 0.0 0 9.1 17 150 M M 0 1 25 160
8 92 62 77 13 0 12 T 0.0 0 15.7 28 350 M M 0 37 350
9 73 43 58 -6 7 0 0.05 0.0 0 6.1 23 350 M M 5 1 34 340
10 76 37 57 -6 8 0 0.00 0.0 0 4.5 16 280 M M 1 25 320
11 81 36 59 -4 6 0 0.00 0.0 0 3.8 10 180 M M 0 16 190
12 84 40 62 0 3 0 0.00 0.0 0 6.1 16 180 M M 0 21 180
13 79 48 64 2 1 0 0.00 0.0 0 7.4 17 30 M M 0 18 22 30
14 92 54 73 11 0 8 T 0.0 0 10.0 18 160 M M 0 28 160
15 87 62 75 14 0 10 T 0.0 0 12.3 22 220 M M 1 3 34 180
16 74 58 66 5 0 1 T 0.0 0 5.1 14 350 M M 7 1 18 340
17 72 50 61 1 4 0 0.00 0.0 0 6.3 16 330 M M 5 12 20 330
18 82 47 65 5 0 0 0.00 0.0 0 5.4 13 160 M M 3 12 17 150
19 89 55 72 12 0 7 0.00 0.0 0 12.5 26 170 M M 0 36 160
20 85 55 70 11 0 5 0.00 0.0 0 11.4 24 350 M M 1 1 31 350
21 69 44 57 -2 8 0 0.00 0.0 0 12.4 26 320 M M 0 8 35 310
22 66 36 51 -7 14 0 T 0.0 0 8.2 17 170 M M 1 8 25 170
23 72 47 60 2 5 0 0.03 0.0 0 10.9 21 180 M M 8 32 170
24 69 44 57 -1 8 0 0.03 0.0 0 8.9 20 330 M M 4 27 300
25 73 43 58 1 7 0 0.00 0.0 0 15.0 30 350 M M 0 44 320
26 75 39 57 0 8 0 0.00 0.0 0 2.6 8 210 M M 3 8 11 220
27 68 37 53 -3 12 0 0.00 0.0 0 7.4 17 70 M M 0 8 23 80
28 74 31 53 -3 12 0 0.00 0.0 0 13.3 25 160 M M 0 34 170
29 82 55 69 14 0 4 0.00 0.0 0 17.5 28 180 M M 0 39 190
30 81 59 70 15 0 5 0.00 0.0 0 13.0 23 140 M M 0 29 140
================================================================================
SM 2398 1457 107 92 0.11 0.0 276.5 M 39
================================================================================
AV 79.9 48.6 9.2 FASTST M M 1 MAX(MPH)
MISC ----> 30 350 44 320
================================================================================
NOTES:
# LAST OF SEVERAL OCCURRENCES
COLUMN 17 PEAK WIND IN M.P.H.
PRELIMINARY LOCAL CLIMATOLOGICAL DATA (WS FORM: F-6) , PAGE 2
STATION: ABERDEEN SD
MONTH: SEPTEMBER
YEAR: 2022
LATITUDE: 45 27 N
LONGITUDE: 98 26 W
[TEMPERATURE DATA] [PRECIPITATION DATA] SYMBOLS USED IN COLUMN 16
AVERAGE MONTHLY: 64.3 TOTAL FOR MONTH: 0.11 1 = FOG OR MIST
DPTR FM NORMAL: 3.3 DPTR FM NORMAL: -1.88 2 = FOG REDUCING VISIBILITY
HIGHEST: 95 ON 1 GRTST 24HR 0.05 ON 9- 9 TO 1/4 MILE OR LESS
LOWEST: 31 ON 28 3 = THUNDER
SNOW, ICE PELLETS, HAIL 4 = ICE PELLETS
TOTAL MONTH: 0.0 INCH 5 = HAIL
GRTST 24HR 0.0 6 = FREEZING RAIN OR DRIZZLE
GRTST DEPTH: 0 7 = DUSTSTORM OR SANDSTORM:
VSBY 1/2 MILE OR LESS
8 = SMOKE OR HAZE
[NO. OF DAYS WITH] [WEATHER - DAYS WITH] 9 = BLOWING SNOW
X = TORNADO
MAX 32 OR BELOW: 0 0.01 INCH OR MORE: 3
MAX 90 OR ABOVE: 4 0.10 INCH OR MORE: 0
MIN 32 OR BELOW: 1 0.50 INCH OR MORE: 0
MIN 0 OR BELOW: 0 1.00 INCH OR MORE: 0
[HDD (BASE 65) ]
TOTAL THIS MO. 107 CLEAR (SCALE 0-3) 24
DPTR FM NORMAL -73 PTCLDY (SCALE 4-7) 5
TOTAL FM JUL 1 116 CLOUDY (SCALE 8-10) 1
DPTR FM NORMAL -99
[CDD (BASE 65) ]
TOTAL THIS MO. 92
DPTR FM NORMAL 36 [PRESSURE DATA]
TOTAL FM JAN 1 832 HIGHEST SLP 30.44 ON 28
DPTR FM NORMAL 206 LOWEST SLP 29.60 ON 8
[REMARKS]
#FINAL-09-22#