000
CXUS52 KTAE 010800
CF6ABY
PRELIMINARY LOCAL CLIMATOLOGICAL DATA (WS FORM: F-6)
STATION: ALBANY
MONTH: JUNE
YEAR: 2020
LATITUDE: 31 31 N
LONGITUDE: 84 11 W
TEMPERATURE IN F: :PCPN: SNOW: WIND :SUNSHINE: SKY :PK WND
================================================================================
1 2 3 4 5 6A 6B 7 8 9 10 11 12 13 14 15 16 17 18
12Z AVG MX 2MIN
DY MAX MIN AVG DEP HDD CDD WTR SNW DPTH SPD SPD DIR MIN PSBL S-S WX SPD DR
================================================================================
1 89 71 80 2 0 15 0.00 0.0 0 9.1 18 90 M M 5 22 80
2 89 70 80 1 0 15 T 0.0 0 5.3 13 120 M M 4 17 130
3 85 68 77 -2 0 12 0.00 0.0 0 3.8 9 200 M M 1 12 180
4 90 70 80 1 0 15 0.00 0.0 0 3.9 17 130 M M 3 23 120
5 92 70 81 2 0 16 0.00 0.0 0 5.2 15 210 M M 0 19 210
6 86 73 80 1 0 15 0.05 0.0 0 6.1 20 160 M M 6 24 160
7 81 73 77 -3 0 12 0.19 0.0 0 7.9 15 120 M M 9 1 19 110
8 94 75 85 5 0 20 0.09 0.0 0 8.8 29 200 M M 5 36 210
9 89 76 83 3 0 18 0.56 0.0 0 5.3 25 220 M M 7 13 33 220
10 93 76 85 5 0 20 T 0.0 0 6.8 17 210 M M 5 1 23 210
11 93 76 85 5 0 20 0.00 0.0 0 4.5 10 350 M M 3 1 14 330
12 94 71 83 3 0 18 0.06 0.0 0 5.6 25 90 M M 2 13 36 90
13 90 70 80 0 0 15 0.00 0.0 0 6.9 16 70 M M 2 23 20
14 89 67 78 -2 0 13 0.00 0.0 0 6.5 16 80 M M 1 22 30
15 89 68 79 -2 0 14 0.21 0.0 0 4.9 23 360 M M 3 18 32 20
16 79 65 72 -9 0 7 T 0.0 0 8.0 15 40 M M 5 19 40
17 84 60 72 -9 0 7 0.00 0.0 0 2.7 10 320 M M 3 12 350
18 90 65 78 -3 0 13 T 0.0 0 2.3 9 340 M M 2 12 250
19 95 67 81 0 0 16 0.00 0.0 0 2.9 10 120 M M 0 13 160
20 96 71 84 3 0 19 0.00 0.0 0 3.2 9 240 M M 2 8 13 240
21 97 71 84 3 0 19 0.00 0.0 0 4.8 14 250 M M 0 19 200
22 96 71 84 3 0 19 0.18 0.0 0 5.7 29 280 M M 1 13 38 280
23 91 71 81 0 0 16 T 0.0 0 6.9 24 210 M M 3 13 32 210
24 92 71 82 0 0 17 0.84 0.0 0 4.1 31 270 M M 4 138 37 270
25 87 73 80 -2 0 15 0.02 0.0 0 4.5 21 310 M M 1 13 29 290
26 93 72 83 1 0 18 0.00 0.0 0 3.5 13 250 M M 2 8 15 290
27 94 75 85 3 0 20 0.00 0.0 0 3.3 12 270 M M 2 8 16 250
28 95 76 86 4 0 21 0.00 0.0 0 5.4 14 260 M M 1 18 270
29 96 76 86 4 0 21 0.00 0.0 0 5.1 13 260 M M 2 17 310
30 94 73 84 2 0 19 0.03 0.0 0 4.8 20 340 M M 2 13 27 30
================================================================================
SM 2722 2131 0 485 2.23 0.0 157.8 M 86
================================================================================
AV 90.7 71.0 5.3 FASTST M M 3 MAX(MPH)
MISC ----> # 31 270 # 38 280
================================================================================
NOTES:
# LAST OF SEVERAL OCCURRENCES
COLUMN 17 PEAK WIND IN M.P.H.
PRELIMINARY LOCAL CLIMATOLOGICAL DATA (WS FORM: F-6) , PAGE 2
STATION: ALBANY
MONTH: JUNE
YEAR: 2020
LATITUDE: 31 31 N
LONGITUDE: 84 11 W
[TEMPERATURE DATA] [PRECIPITATION DATA] SYMBOLS USED IN COLUMN 16
AVERAGE MONTHLY: 80.9 TOTAL FOR MONTH: 2.23 1 = FOG OR MIST
DPTR FM NORMAL: 0.4 DPTR FM NORMAL: -2.71 2 = FOG REDUCING VISIBILITY
HIGHEST: 97 ON 21 GRTST 24HR 0.84 ON 24-24 TO 1/4 MILE OR LESS
LOWEST: 60 ON 17 3 = THUNDER
SNOW, ICE PELLETS, HAIL 4 = ICE PELLETS
TOTAL MONTH: 0.0 INCH 5 = HAIL
GRTST 24HR 0.0 6 = FREEZING RAIN OR DRIZZLE
GRTST DEPTH: 0 7 = DUSTSTORM OR SANDSTORM:
VSBY 1/2 MILE OR LESS
8 = SMOKE OR HAZE
[NO. OF DAYS WITH] [WEATHER - DAYS WITH] 9 = BLOWING SNOW
X = TORNADO
MAX 32 OR BELOW: 0 0.01 INCH OR MORE: 10
MAX 90 OR ABOVE: 19 0.10 INCH OR MORE: 5
MIN 32 OR BELOW: 0 0.50 INCH OR MORE: 2
MIN 0 OR BELOW: 0 1.00 INCH OR MORE: 0
[HDD (BASE 65) ]
TOTAL THIS MO. 0 CLEAR (SCALE 0-3) 21
DPTR FM NORMAL 0 PTCLDY (SCALE 4-7) 8
TOTAL FM JUL 1 1247 CLOUDY (SCALE 8-10) 1
DPTR FM NORMAL -591
[CDD (BASE 65) ]
TOTAL THIS MO. 485
DPTR FM NORMAL 20 [PRESSURE DATA]
TOTAL FM JAN 1 1138 HIGHEST SLP 30.24 ON 26
DPTR FM NORMAL 233 LOWEST SLP 29.89 ON 8
[REMARKS]
#FINAL-06-20#