000
CXUS54 KFWD 140752
CF6ACT
PRELIMINARY LOCAL CLIMATOLOGICAL DATA (WS FORM: F-6)
STATION: WACO
MONTH: AUGUST
YEAR: 2021
LATITUDE: 31 37 N
LONGITUDE: 97 13 W
TEMPERATURE IN F: :PCPN: SNOW: WIND :SUNSHINE: SKY :PK WND
================================================================================
1 2 3 4 5 6A 6B 7 8 9 10 11 12 13 14 15 16 17 18
12Z AVG MX 2MIN
DY MAX MIN AVG DEP HDD CDD WTR SNW DPTH SPD SPD DIR MIN PSBL S-S WX SPD DR
================================================================================
1 96 76 86 -1 0 21 0.08 0.0 0 7.7 17 360 M M 1 3 24 10
2 87 75 81 -6 0 16 0.22 0.0 0 5.3 21 330 M M 7 138 26 290
3 92 71 82 -5 0 17 0.00 0.0 0 6.0 15 50 M M 5 18 23 50
4 92 69 81 -6 0 16 0.00 0.0 0 4.3 14 90 M M 1 18 19 60
5 91 72 82 -5 0 17 0.00 0.0 0 8.2 16 170 M M 1 18 22 170
6 95 74 85 -2 0 20 0.00 0.0 0 9.5 20 150 M M 2 18 26 150
7 97 77 87 0 0 22 0.00 0.0 0 14.4 21 160 M M 3 27 160
8 97 79 88 1 0 23 0.00 0.0 0 17.1 24 180 M M 2 34 160
9 97 79 88 2 0 23 0.00 0.0 0 17.7 25 190 M M 1 32 180
10 98 79 89 3 0 24 0.00 0.0 0 14.6 22 180 M M 3 29 190
11 98 77 88 2 0 23 0.00 0.0 0 14.6 21 180 M M 3 27 200
12 98 78 88 2 0 23 0.00 0.0 0 11.5 20 180 M M 1 26 180
13 97 76 87 1 0 22 0.00 0.0 0 8.4 16 180 M M 0 21 150
14 97 74 86 0 0 21 T 0.0 0 6.3 28 10 M M 2 3 36 360
15 83 71 77 -9 0 12 1.60 0.0 0 3.8 17 270 M M 3 13 21 280
16 94 71 83 -3 0 18 0.00 0.0 0 4.6 12 160 M M 1 1 16 140
17 94 74 84 -2 0 19 0.63 0.0 0 9.9 22 340 M M 2 138 30 320
18 91 72 82 -4 0 17 4.76 0.0 0 8.3 26 70 M M 5 13 49 40
19 97 77 87 2 0 22 0.00 0.0 0 14.7 20 180 M M 3 24 180
20 95 76 86 1 0 21 0.00 0.0 0 13.8 20 180 M M 1 28 190
21 96 77 87 2 0 22 0.00 0.0 0 11.3 18 180 M M 1 24 180
22 95 76 86 1 0 21 0.00 0.0 0 9.2 16 190 M M 0 21 200
23 97 75 86 1 0 21 0.00 0.0 0 8.9 15 140 M M 0 22 160
24 96 76 86 2 0 21 0.00 0.0 0 7.7 14 180 M M 0 18 160
25 97 75 86 2 0 21 0.00 0.0 0 6.1 16 180 M M 0 19 190
26 98 76 87 3 0 22 0.00 0.0 0 5.4 14 60 M M 0 23 90
27 93 75 84 0 0 19 0.00 0.0 0 6.2 20 140 M M 3 25 150
28 93 73 83 -1 0 18 0.00 0.0 0 5.6 14 110 M M 2 17 130
29 90 76 83 -1 0 18 0.01 0.0 0 5.1 18 50 M M 6 18 24 40
30 96 74 85 2 0 20 0.00 0.0 0 6.6 15 20 M M 1 21 40
31 98 74 86 3 0 21 0.00 0.0 0 5.2 14 180 M M 0 18 170
================================================================================
SM 2935 2324 0 621 7.30 0.0 278.0 M 60
================================================================================
AV 94.7 75.0 9.0 FASTST M M 2 MAX(MPH)
MISC ----> 28 10 49 40
================================================================================
NOTES:
# LAST OF SEVERAL OCCURRENCES
COLUMN 17 PEAK WIND IN M.P.H.
PRELIMINARY LOCAL CLIMATOLOGICAL DATA (WS FORM: F-6) , PAGE 2
STATION: WACO
MONTH: AUGUST
YEAR: 2021
LATITUDE: 31 37 N
LONGITUDE: 97 13 W
[TEMPERATURE DATA] [PRECIPITATION DATA] SYMBOLS USED IN COLUMN 16
AVERAGE MONTHLY: 84.8 TOTAL FOR MONTH: 7.30 1 = FOG OR MIST
DPTR FM NORMAL: -0.7 DPTR FM NORMAL: 5.25 2 = FOG REDUCING VISIBILITY
HIGHEST: 98 ON 31,26 GRTST 24HR 4.76 ON 18-18 TO 1/4 MILE OR LESS
LOWEST: 69 ON 4 3 = THUNDER
SNOW, ICE PELLETS, HAIL 4 = ICE PELLETS
TOTAL MONTH: 0.0 INCH 5 = HAIL
GRTST 24HR 0.0 6 = FREEZING RAIN OR DRIZZLE
GRTST DEPTH: 0 7 = DUSTSTORM OR SANDSTORM:
VSBY 1/2 MILE OR LESS
8 = SMOKE OR HAZE
[NO. OF DAYS WITH] [WEATHER - DAYS WITH] 9 = BLOWING SNOW
X = TORNADO
MAX 32 OR BELOW: 0 0.01 INCH OR MORE: 6
MAX 90 OR ABOVE: 29 0.10 INCH OR MORE: 4
MIN 32 OR BELOW: 0 0.50 INCH OR MORE: 3
MIN 0 OR BELOW: 0 1.00 INCH OR MORE: 2
[HDD (BASE 65) ]
TOTAL THIS MO. 0 CLEAR (SCALE 0-3) 26
DPTR FM NORMAL 0 PTCLDY (SCALE 4-7) 5
TOTAL FM JUL 1 0 CLOUDY (SCALE 8-10) 0
DPTR FM NORMAL 0
[CDD (BASE 65) ]
TOTAL THIS MO. 621
DPTR FM NORMAL -14 [PRESSURE DATA]
TOTAL FM JAN 1 2084 HIGHEST SLP 30.13 ON 14
DPTR FM NORMAL -157 LOWEST SLP 29.67 ON 31
[REMARKS]
#FINAL-08-21#