000
CXUS51 KPHI 010815
CF6ACY
PRELIMINARY LOCAL CLIMATOLOGICAL DATA (WS FORM: F-6)
STATION: ATLANTIC CITY NJ
MONTH: AUGUST
YEAR: 2020
LATITUDE: 39 27 N
LONGITUDE: 74 34 W
TEMPERATURE IN F: :PCPN: SNOW: WIND :SUNSHINE: SKY :PK WND
================================================================================
1 2 3 4 5 6A 6B 7 8 9 10 11 12 13 14 15 16 17 18
12Z AVG MX 2MIN
DY MAX MIN AVG DEP HDD CDD WTR SNW DPTH SPD SPD DIR MIN PSBL S-S WX SPD DR
================================================================================
1 87 73 80 4 0 15 0.00 0.0 0 5.1 13 160 M M 3 18 170
2 90 77 84 8 0 19 0.01 0.0 0 10.2 20 200 M M 2 28 200
3 92 77 85 9 0 20 0.00 0.0 M 7.3 15 160 M M 1 23 200
4 84 72 78 2 0 13 0.32 0.0 0 15.1 43 140 M M 5 18 65 160
5 90 71 81 5 0 16 0.00 0.0 0 3.4 14 290 M M 0 8 19 290
6 79 70 75 -1 0 10 1.19 0.0 0 7.0 20 290 M M 5 13 25 290
7 80 69 75 -1 0 10 3.17 0.0 0 7.4 22 20 M M 9 1238 26 100
8 82 70 76 0 0 11 0.00 0.0 0 4.3 12 100 M M 6 12 15 110
9 87 67 77 2 0 12 0.00 0.0 0 5.1 15 160 M M 3 12 22 170
10 90 73 82 7 0 17 0.00 0.0 0 7.1 17 200 M M 1 23 200
11 88 74 81 6 0 16 0.00 0.0 0 8.1 20 200 M M 3 12 26 200
12 91 73 82 7 0 17 0.02 0.0 0 4.6 15 360 M M 2 1 23 160
13 86 72 79 4 0 14 0.12 0.0 0 3.6 17 320 M M 6 12 23 320
14 83 69 76 1 0 11 0.23 0.0 0 8.5 23 50 M M 5 1 31 80
15 79 67 73 -2 0 8 0.01 0.0 0 9.8 18 60 M M 3 26 80
16 75 68 72 -3 0 7 0.53 0.0 0 11.7 23 70 M M 9 18 33 60
17 80 63 72 -2 0 7 0.02 0.0 0 6.4 15 160 M M 3 1 22 180
18 87 65 76 2 0 11 0.00 0.0 0 3.5 14 300 M M 1 1 17 290
19 82 63 73 -1 0 8 1.24 0.0 0 3.2 23 280 M M 5 13 34 270
20 81 63 72 -2 0 7 0.00 0.0 0 4.6 13 180 M M 2 1 15 180
21 84 62 73 -1 0 8 0.00 0.0 0 5.2 14 170 M M 0 19 160
22 86 72 79 5 0 14 0.00 0.0 0 5.7 14 200 M M 1 19 210
23 84 68 76 2 0 11 0.26 0.0 0 2.4 15 180 M M 4 1 21 180
24 92 71 82 8 0 17 0.00 0.0 0 5.9 14 260 M M 1 20 280
25 91 75 83 10 0 18 0.00 0.0 0 10.9 20 280 M M 1 26 290
26 84 62 73 0 0 8 0.00 0.0 0 7.5 20 320 M M 1 26 320
27 93 73 83 10 0 18 T 0.0 0 12.0 23 260 M M 1 32 270
28 91 72 82 9 0 17 0.31 0.0 0 8.4 35 300 M M 1 13 45 300
29 82 73 78 5 0 13 0.24 0.0 0 9.1 17 300 M M 5 1 26 210
30 81 62 72 0 0 7 0.00 0.0 0 7.4 20 300 M M 2 26 300
31 80 60 70 -2 0 5 0.07 0.0 0 4.7 15 130 M M 3 1 20 110
================================================================================
SM 2641 2146 0 385 7.74 0.0 215.2 M 94
================================================================================
AV 85.2 69.2 6.9 FASTST M M 3 MAX(MPH)
MISC ----> 43 140 65 160
================================================================================
NOTES:
# LAST OF SEVERAL OCCURRENCES
COLUMN 17 PEAK WIND IN M.P.H.
PRELIMINARY LOCAL CLIMATOLOGICAL DATA (WS FORM: F-6) , PAGE 2
STATION: ATLANTIC CITY NJ
MONTH: AUGUST
YEAR: 2020
LATITUDE: 39 27 N
LONGITUDE: 74 34 W
[TEMPERATURE DATA] [PRECIPITATION DATA] SYMBOLS USED IN COLUMN 16
AVERAGE MONTHLY: 77.2 TOTAL FOR MONTH: 7.74 1 = FOG OR MIST
DPTR FM NORMAL: 2.8 DPTR FM NORMAL: 3.63 2 = FOG REDUCING VISIBILITY
HIGHEST: 93 ON 27 GRTST 24HR 3.17 ON 7- 7 TO 1/4 MILE OR LESS
LOWEST: 60 ON 31 3 = THUNDER
SNOW, ICE PELLETS, HAIL 4 = ICE PELLETS
TOTAL MONTH: 0.0 INCH 5 = HAIL
GRTST 24HR 0.0 6 = FREEZING RAIN OR DRIZZLE
GRTST DEPTH: 0 7 = DUSTSTORM OR SANDSTORM:
VSBY 1/2 MILE OR LESS
8 = SMOKE OR HAZE
[NO. OF DAYS WITH] [WEATHER - DAYS WITH] 9 = BLOWING SNOW
X = TORNADO
MAX 32 OR BELOW: 0 0.01 INCH OR MORE: 15
MAX 90 OR ABOVE: 9 0.10 INCH OR MORE: 10
MIN 32 OR BELOW: 0 0.50 INCH OR MORE: 4
MIN 0 OR BELOW: 0 1.00 INCH OR MORE: 3
[HDD (BASE 65) ]
TOTAL THIS MO. 0 CLEAR (SCALE 0-3) 21
DPTR FM NORMAL -3 PTCLDY (SCALE 4-7) 8
TOTAL FM JUL 1 0 CLOUDY (SCALE 8-10) 2
DPTR FM NORMAL 0
[CDD (BASE 65) ]
TOTAL THIS MO. 385
DPTR FM NORMAL 90 [PRESSURE DATA]
TOTAL FM JAN 1 1187 HIGHEST SLP 30.16 ON 9
DPTR FM NORMAL 278 LOWEST SLP 29.47 ON 4
[REMARKS]
#FINAL-08-20#