000
CXUS51 KPHI 010815
CF6ACY
PRELIMINARY LOCAL CLIMATOLOGICAL DATA (WS FORM: F-6)
STATION: ATLANTIC CITY AIRPORT NJ
MONTH: SEPTEMBER
YEAR: 2023
LATITUDE: 39 27 N
LONGITUDE: 74 34 W
TEMPERATURE IN F: :PCPN: SNOW: WIND :SUNSHINE: SKY :PK WND
================================================================================
1 2 3 4 5 6A 6B 7 8 9 10 11 12 13 14 15 16 17 18
12Z AVG MX 2MIN
DY MAX MIN AVG DEP HDD CDD WTR SNW DPTH SPD SPD DIR MIN PSBL S-S WX SPD DR
================================================================================
1 76 54 65 -8 0 0 0.00 0.0 0 6.6 15 110 M M 0 26 90
2 78 50 64 -8 1 0 0.00 0.0 0 4.5 14 160 M M 0 20 160
3 91 64 78 6 0 13 0.00 0.0 0 6.7 18 280 M M 0 26 290
4 94 70 82 10 0 17 T 0.0 0 6.3 16 100 M M 0 3 25 280
5 94 71 83 11 0 18 0.00 0.0 0 5.5 14 340 M M 1 18 310
6 97 71 84 13 0 19 0.00 0.0 0 4.6 14 310 M M 1 1 20 320
7 93 71 82 11 0 17 0.00 0.0 0 7.3 16 160 M M 0 1 27 150
8 90 76 83 12 0 18 T 0.0 0 7.0 18 160 M M 2 13 24 150
9 89 71 80 9 0 15 T 0.0 0 5.3 23 360 M M 4 123 28 360
10 82 69 76 6 0 11 0.95 0.0 0 2.5 22 280 M M 4 123 42 230
11 83 67 75 5 0 10 T 0.0 0 4.1 14 320 M M 6 13 18 310
12 86 65 76 6 0 11 0.00 0.0 0 4.9 13 130 M M 1 1 17 150
13 83 64 74 5 0 9 0.45 0.0 0 6.4 14 170 M M 4 13 20 150
14 80 60 70 1 0 5 0.00 0.0 0 8.0 16 340 M M 1 22 330
15 76 53 65 -4 0 0 0.00 0.0 0 10.0 20 350 M M 0 30 340
16 79 52 66 -2 0 1 0.00 0.0 0 8.7 17 310 M M 0 25 280
17 78 48 63 -5 2 0 0.00 0.0 0 6.3 16 150 M M 3 25 140
18 74 60 67 -1 0 2 0.53 0.0 0 7.8 18 310 M M 8 1 24 320
19 76 52 64 -3 1 0 0.00 0.0 0 8.7 20 290 M M 1 26 280
20 78 51 65 -2 0 0 0.00 0.0 0 3.5 14 320 M M 0 24 320
21 75 51 63 -4 2 0 0.00 0.0 0 3.4 14 130 M M 0 19 110
22 72 53 63 -3 2 0 T 0.0 0 13.7 25 50 M M 4 38 60
23 66 61 64 -2 1 0 3.67 0.0 0 21.8 30 50 M M 10 13 47 50
24 73 66 70 4 0 5 0.04 0.0 0 7.8 23 50 M M 10 1 31 50
25 71 60 66 1 0 1 0.18 0.0 0 9.0 25 60 M M 10 1 35 50
26 61 58 60 -5 5 0 0.09 0.0 0 12.7 24 50 M M 10 18 37 60
27 67 53 60 -4 5 0 0.00 0.0 0 10.2 22 60 M M 6 29 50
28 66 56 61 -3 4 0 0.36 0.0 0 11.8 20 50 M M 10 1 26 50
29 66 61 64 0 1 0 0.96 0.0 0 10.9 20 40 M M 10 1 29 60
30 66 59 63 0 2 0 0.04 0.0 0 8.4 15 360 M M 10 1 21 340
================================================================================
SM 2360 1817 26 172 7.27 0.0 234.4 M 116
================================================================================
AV 78.7 60.6 7.8 FASTST M M 4 MAX(MPH)
MISC ----> 30 50 47 50
================================================================================
NOTES:
# LAST OF SEVERAL OCCURRENCES
COLUMN 17 PEAK WIND IN M.P.H.
PRELIMINARY LOCAL CLIMATOLOGICAL DATA (WS FORM: F-6) , PAGE 2
STATION: ATLANTIC CITY AIRPORT NJ
MONTH: SEPTEMBER
YEAR: 2023
LATITUDE: 39 27 N
LONGITUDE: 74 34 W
[TEMPERATURE DATA] [PRECIPITATION DATA] SYMBOLS USED IN COLUMN 16
AVERAGE MONTHLY: 69.6 TOTAL FOR MONTH: 7.27 1 = FOG OR MIST
DPTR FM NORMAL: 1.2 DPTR FM NORMAL: 3.72 2 = FOG REDUCING VISIBILITY
HIGHEST: 97 ON 6 GRTST 24HR 3.67 ON 23-23 TO 1/4 MILE OR LESS
LOWEST: 48 ON 17 3 = THUNDER
SNOW, ICE PELLETS, HAIL 4 = ICE PELLETS
TOTAL MONTH: 0.0 INCH 5 = HAIL
GRTST 24HR 0.0 6 = FREEZING RAIN OR DRIZZLE
GRTST DEPTH: 0 7 = DUSTSTORM OR SANDSTORM:
VSBY 1/2 MILE OR LESS
8 = SMOKE OR HAZE
[NO. OF DAYS WITH] [WEATHER - DAYS WITH] 9 = BLOWING SNOW
X = TORNADO
MAX 32 OR BELOW: 0 0.01 INCH OR MORE: 10
MAX 90 OR ABOVE: 6 0.10 INCH OR MORE: 7
MIN 32 OR BELOW: 0 0.50 INCH OR MORE: 4
MIN 0 OR BELOW: 0 1.00 INCH OR MORE: 1
[HDD (BASE 65) ]
TOTAL THIS MO. 26 CLEAR (SCALE 0-3) 16
DPTR FM NORMAL -17 PTCLDY (SCALE 4-7) 7
TOTAL FM JUL 1 26 CLOUDY (SCALE 8-10) 7
DPTR FM NORMAL -17
[CDD (BASE 65) ]
TOTAL THIS MO. 172
DPTR FM NORMAL 28 [PRESSURE DATA]
TOTAL FM JAN 1 1035 HIGHEST SLP 30.32 ON 26
DPTR FM NORMAL -77 LOWEST SLP 29.71 ON 18
[REMARKS]
#FINAL-09-23#