000
CXUS54 KFWD 010730
CF6AFW
PRELIMINARY LOCAL CLIMATOLOGICAL DATA (WS FORM: F-6)
STATION: FORT WORTH ALLIANCE
MONTH: OCTOBER
YEAR: 2022
LATITUDE: 32 58 N
LONGITUDE: 97 19 W
TEMPERATURE IN F: :PCPN: SNOW: WIND :SUNSHINE: SKY :PK WND
================================================================================
1 2 3 4 5 6A 6B 7 8 9 10 11 12 13 14 15 16 17 18
12Z AVG MX 2MIN
DY MAX MIN AVG DEP HDD CDD WTR SNW DPTH SPD SPD DIR MIN PSBL S-S WX SPD DR
================================================================================
1 81 51 66 -7 0 1 0.00 M M 4.2 16 10 M M 0 18 50
2 83 51 67 -6 0 2 0.00 M M 3.4 13 80 M M 0 20 80
3 84 50 67 -5 0 2 0.00 M M 2.8 13 110 M M 0 17 110
4 85 56 71 -1 0 6 0.00 M M 4.6 13 180 M M 1 18 180
5 88 57 73 1 0 8 0.00 M M 3.9 12 120 M M 2 8 17 120
6 90 61 76 5 0 11 0.00 M M 4.0 10 50 M M 3 16 60
7 87 60 74 3 0 9 0.00 M M 6.8 17 20 M M 7 23 30
8 76 56 66 -5 0 1 0.00 M M 9.3 15 20 M M 6 21 20
9 81 54 68 -2 0 3 0.00 M M 4.7 10 100 M M 6 14 100
10 87 63 75 5 0 10 0.00 M M 8.8 21 160 M M 5 26 170
11 81 66 74 4 0 9 0.07 M M 12.1 24 170 M M 7 31 170
12 93 66 80 11 0 15 0.00 M M 12.1 18 350 M M 1 27 240
13 82 53 68 -1 0 3 0.00 M M 7.3 16 360 M M 0 23 10
14 87 53 70 2 0 5 0.00 M M 8.1 17 190 M M 1 25 190
15 93 71 82 14 0 17 0.00 M M 13.7 21 160 M M 4 28 210
16 80 63 72 4 0 7 0.21 M M 11.5 32 10 M M 9 13 39 360
17 70 47 59 -8 6 0 0.00 M M 10.9 22 350 M M 5 29 350
18 65 42 54 -13 11 0 0.00 M M 9.0 20 10 M M 1 30 270
19 68 38 53 -13 12 0 0.00 M M 5.8 15 170 M M 1 23 160
20 85 54 70 4 0 5 0.00 M M 8.4 18 250 M M 0 28 260
21 91 51 71 5 0 6 0.00 M M 10.8 23 190 M M 0 32 190
22 88 64 76 11 0 11 0.00 M M 20.8 30 180 M M 5 41 180
23 86 68 77 12 0 12 0.00 M M 23.1 37 170 M M 6 46 160
24 78 59 69 4 0 4 1.76 M M 13.5 32 250 M M 9 13 43 260
25 71 46 59 -5 6 0 T M M 14.1 35 290 M M 3 8 47 290
26 73 45 59 -5 6 0 0.00 M M 5.8 12 130 M M 0 8 21 100
27 75 51 63 -1 2 0 0.00 M M 10.6 21 140 M M 3 28 130
28 65 52 59 -4 6 0 1.83 M M 13.7 38 50 M M 10 13 50 40
29 64 54 59 -4 6 0 0.14 M M 10.6 17 330 M M 9 1 24 280
30 75 53 64 2 1 0 0.00 M M 7.5 15 310 M M 2 24 280
31 77 50 64 2 1 0 0.00 M M 1.7 7 120 M M 6 11 150
================================================================================
SM 2489 1705 57 147 4.01 M 283.6 M 112
================================================================================
AV 80.3 55.0 9.1 FASTST M M 4 MAX(MPH)
MISC ----> 38 50 50 40
================================================================================
NOTES:
# LAST OF SEVERAL OCCURRENCES
COLUMN 17 PEAK WIND IN M.P.H.
PRELIMINARY LOCAL CLIMATOLOGICAL DATA (WS FORM: F-6) , PAGE 2
STATION: FORT WORTH ALLIANCE
MONTH: OCTOBER
YEAR: 2022
LATITUDE: 32 58 N
LONGITUDE: 97 19 W
[TEMPERATURE DATA] [PRECIPITATION DATA] SYMBOLS USED IN COLUMN 16
AVERAGE MONTHLY: 67.6 TOTAL FOR MONTH: 4.01 1 = FOG OR MIST
DPTR FM NORMAL: -0.1 DPTR FM NORMAL: -0.05 2 = FOG REDUCING VISIBILITY
HIGHEST: 93 ON 15,12 GRTST 24HR 1.91 ON 28-29 TO 1/4 MILE OR LESS
LOWEST: 38 ON 19 3 = THUNDER
SNOW, ICE PELLETS, HAIL 4 = ICE PELLETS
TOTAL MONTH: M 5 = HAIL
GRTST 24HR M ON M 6 = FREEZING RAIN OR DRIZZLE
GRTST DEPTH: M ON M 7 = DUSTSTORM OR SANDSTORM:
VSBY 1/2 MILE OR LESS
8 = SMOKE OR HAZE
[NO. OF DAYS WITH] [WEATHER - DAYS WITH] 9 = BLOWING SNOW
X = TORNADO
MAX 32 OR BELOW: 0 0.01 INCH OR MORE: 5
MAX 90 OR ABOVE: 4 0.10 INCH OR MORE: 4
MIN 32 OR BELOW: 0 0.50 INCH OR MORE: 2
MIN 0 OR BELOW: 0 1.00 INCH OR MORE: 2
[HDD (BASE 65) ]
TOTAL THIS MO. 57 CLEAR (SCALE 0-3) 14
DPTR FM NORMAL -17 PTCLDY (SCALE 4-7) 13
TOTAL FM JUL 1 57 CLOUDY (SCALE 8-10) 4
DPTR FM NORMAL -21
[CDD (BASE 65) ]
TOTAL THIS MO. 147
DPTR FM NORMAL -9 [PRESSURE DATA]
TOTAL FM JAN 1 3370 HIGHEST SLP M ON M
DPTR FM NORMAL 479 LOWEST SLP 29.57 ON 24
[REMARKS]
#FINAL-10-22#