000
CXUS54 KFWD 010830
CF6AFW
PRELIMINARY LOCAL CLIMATOLOGICAL DATA (WS FORM: F-6)
STATION: FORT WORTH ALLIANCE
MONTH: NOVEMBER
YEAR: 2021
LATITUDE: 32 58 N
LONGITUDE: 97 19 W
TEMPERATURE IN F: :PCPN: SNOW: WIND :SUNSHINE: SKY :PK WND
================================================================================
1 2 3 4 5 6A 6B 7 8 9 10 11 12 13 14 15 16 17 18
12Z AVG MX 2MIN
DY MAX MIN AVG DEP HDD CDD WTR SNW DPTH SPD SPD DIR MIN PSBL S-S WX SPD DR
================================================================================
1 79 51 65 3 0 0 0.00 M M 7.6 18 180 M M 5 24 170
2 58 49 54 -7 11 0 0.41 M M 10.6 16 30 M M 9 1 35 20
3 49 46 48 -13 17 0 0.58 M M 10.0 16 40 M M 10 13 26 60
4 57 42 50 -10 15 0 0.00 M M 4.6 9 50 M M 8 16 80
5 61 39 50 -10 15 0 0.00 M M 4.4 12 170 M M 1 21 90
6 67 40 54 -6 11 0 0.00 M M 5.3 12 180 M M 0 16 180
7 75 45 60 0 5 0 0.00 M M 9.5 16 160 M M 0 22 190
8 74 49 62 3 3 0 0.00 M M 11.5 21 180 M M 2 1 27 190
9 76 58 67 8 0 2 0.00 M M 10.7 17 170 M M 7 23 190
10 77 60 69 11 0 4 0.92 M M 14.7 43 310 M M 8 138 54 310
11 67 47 57 -1 8 0 0.00 M M 9.2 18 350 M M 1 8 25 340
12 68 44 56 -2 9 0 0.00 M M 10.2 24 350 M M 1 33 340
13 66 37 52 -5 13 0 0.00 M M 6.3 14 170 M M 3 19 170
14 70 45 58 1 7 0 0.00 M M 5.6 14 10 M M 3 18 190
15 80 43 62 5 3 0 0.00 M M 6.7 14 170 M M 2 8 19 160
16 80 60 70 14 0 5 0.00 M M 18.6 30 180 M M 2 37 180
17 82 52 67 11 0 2 0.00 M M 17.1 26 190 M M 4 33 170
18 61 40 51 -5 14 0 0.00 M M 12.8 24 50 M M 5 34 10
19 61 35 48 -7 17 0 0.00 M M 8.5 17 160 M M 2 26 110
20 73 47 60 5 5 0 0.00 M M 14.3 25 170 M M 5 30 170
21 65 47 56 1 9 0 0.00 M M 12.7 24 340 M M 9 32 340
22 66 38 52 -2 13 0 0.00 M M 5.4 10 330 M M 1 8 16 50
23 71 42 57 3 8 0 0.00 M M 12.3 23 170 M M 3 32 150
24 75 54 65 11 0 0 T M M 14.3 28 180 M M 7 37 200
25 63 35 49 -5 16 0 0.00 M M 14.3 29 350 M M 5 39 350
26 59 31 45 -8 20 0 0.00 M M 5.6 13 190 M M 7 20 190
27 54 40 47 -6 18 0 0.46 M M 5.4 13 190 M M 9 1 16 190
28 66 42 54 1 11 0 T M M 7.4 21 350 M M 2 128 25 360
29 74 40 57 5 8 0 0.00 M M 7.5 16 190 M M 0 20 220
30 77 47 62 10 3 0 0.00 M M 9.7 20 180 M M 4 25 170
================================================================================
SM 2051 1345 259 13 2.37 M 292.8 M 125
================================================================================
AV 68.4 44.8 9.8 FASTST M M 4 MAX(MPH)
MISC ----> 43 310 54 310
================================================================================
NOTES:
# LAST OF SEVERAL OCCURRENCES
COLUMN 17 PEAK WIND IN M.P.H.
PRELIMINARY LOCAL CLIMATOLOGICAL DATA (WS FORM: F-6) , PAGE 2
STATION: FORT WORTH ALLIANCE
MONTH: NOVEMBER
YEAR: 2021
LATITUDE: 32 58 N
LONGITUDE: 97 19 W
[TEMPERATURE DATA] [PRECIPITATION DATA] SYMBOLS USED IN COLUMN 16
AVERAGE MONTHLY: 56.6 TOTAL FOR MONTH: 2.37 1 = FOG OR MIST
DPTR FM NORMAL: 0.0 DPTR FM NORMAL: -0.14 2 = FOG REDUCING VISIBILITY
HIGHEST: 82 ON 17 GRTST 24HR 0.99 ON 2- 3 TO 1/4 MILE OR LESS
LOWEST: 31 ON 26 3 = THUNDER
SNOW, ICE PELLETS, HAIL 4 = ICE PELLETS
TOTAL MONTH: M 5 = HAIL
GRTST 24HR M ON M 6 = FREEZING RAIN OR DRIZZLE
GRTST DEPTH: M ON M 7 = DUSTSTORM OR SANDSTORM:
VSBY 1/2 MILE OR LESS
8 = SMOKE OR HAZE
[NO. OF DAYS WITH] [WEATHER - DAYS WITH] 9 = BLOWING SNOW
X = TORNADO
MAX 32 OR BELOW: 0 0.01 INCH OR MORE: 4
MAX 90 OR ABOVE: 0 0.10 INCH OR MORE: 4
MIN 32 OR BELOW: 1 0.50 INCH OR MORE: 2
MIN 0 OR BELOW: 0 1.00 INCH OR MORE: 0
[HDD (BASE 65) ]
TOTAL THIS MO. 259 CLEAR (SCALE 0-3) 15
DPTR FM NORMAL -22 PTCLDY (SCALE 4-7) 10
TOTAL FM JUL 1 282 CLOUDY (SCALE 8-10) 5
DPTR FM NORMAL -76
[CDD (BASE 65) ]
TOTAL THIS MO. 13
DPTR FM NORMAL -18 [PRESSURE DATA]
TOTAL FM JAN 1 2713 HIGHEST SLP 30.52 ON 18
DPTR FM NORMAL -209 LOWEST SLP 29.71 ON 10
[REMARKS]
#FINAL-11-21#