000
CXUS52 KFFC 011010
CF6AHN
PRELIMINARY LOCAL CLIMATOLOGICAL DATA (WS FORM: F-6)
STATION: ATHENS
MONTH: AUGUST
YEAR: 2020
LATITUDE: 33 57 N
LONGITUDE: 83 19 W
TEMPERATURE IN F: :PCPN: SNOW: WIND :SUNSHINE: SKY :PK WND
================================================================================
1 2 3 4 5 6A 6B 7 8 9 10 11 12 13 14 15 16 17 18
12Z AVG MX 2MIN
DY MAX MIN AVG DEP HDD CDD WTR SNW DPTH SPD SPD DIR MIN PSBL S-S WX SPD DR
================================================================================
1 97 75 86 6 0 21 0.00 0.0 M 3.4 12 220 M M 2 25 170
2 98 73 86 6 0 21 T M M 3.3 12 240 M M 1 17 220
3 92 68 80 0 0 15 1.52 M M 4.0 20 300 M M 3 13 30 260
4 93 66 80 0 0 15 0.00 M M 2.3 12 360 M M 4 12 17 340
5 96 70 83 3 0 18 0.00 M M 4.1 15 90 M M 1 3 23 80
6 95 71 83 3 0 18 0.00 M M 4.8 12 180 M M 5 18 21 190
7 93 71 82 2 0 17 1.75 M M 2.8 21 260 M M 4 13 40 260
8 96 69 83 3 0 18 0.00 M M 1.4 13 170 M M 1 1 23 190
9 96 72 84 4 0 19 0.04 0.0 M 2.1 18 330 M M 1 13 31 340
10 93 70 82 2 0 17 0.25 0.0 M 2.3 17 360 M M 3 138 27 350
11 94 70 82 2 0 17 0.00 0.0 M 3.2 17 50 M M 1 3 23 20
12 96 71 84 4 0 19 0.00 0.0 M 3.3 16 20 M M 1 3 22 30
13 95 72 84 4 0 19 1.51 0.0 M 4.4 16 190 M M 4 13 33 190
14 89 71 80 0 0 15 0.16 M M 2.4 7 260 M M 7 13 12 110
15 89 73 81 1 0 16 0.18 M M 1.6 15 310 M M 6 138 26 300
16 92 71 82 2 0 17 0.00 M M 1.4 8 40 M M 4 12 11 40
17 91 70 81 1 0 16 0.00 M M 1.8 12 240 M M 1 13 19 220
18 92 67 80 0 0 15 0.00 0.0 M 4.0 14 50 M M 1 1 20 70
19 92 68 80 0 0 15 0.30 M M 3.4 25 360 M M 4 13 37 360
20 87 69 78 -2 0 13 0.26 M M 5.6 15 80 M M 3 138 19 70
21 83 69 76 -3 0 11 2.37 0.0 M 4.1 16 270 M M 8 13 31 270
22 89 68 79 0 0 14 0.00 0.0 M 2.1 10 170 M M 4 1 18 180
23 88 71 80 1 0 15 0.00 0.0 M 2.2 10 130 M M 5 19 130
24 86 73 80 1 0 15 0.24 0.0 M 4.0 10 70 M M 7 1 19 160
25 78 74 76 -3 0 11 0.24 0.0 M 2.8 6 50 M M 7 1 9 140
26 92 73 83 4 0 18 0.45 0.0 M 2.2 21 10 M M 4 13 28 20
27 92 70 81 2 0 16 0.00 M M 1.6 8 160 M M 1 12 13 160
28 91 75 83 5 0 18 0.00 M M 3.4 9 180 M M 3 17 200
29 90 76 83 5 0 18 T M M 6.4 14 270 M M 5 23 240
30 94 74 84 6 0 19 0.00 M M 4.8 18 80 M M 3 1 24 80
31 91 73 82 4 0 17 0.00 M M 1.6 8 360 M M 1 1 12 280
================================================================================
SM 2840 2203 0 513 9.27 0.0 96.8 M 105
================================================================================
AV 91.6 71.1 3.1 FASTST M M 3 MAX(MPH)
MISC ----> 25 360 40 260
================================================================================
NOTES:
# LAST OF SEVERAL OCCURRENCES
COLUMN 17 PEAK WIND IN M.P.H.
PRELIMINARY LOCAL CLIMATOLOGICAL DATA (WS FORM: F-6) , PAGE 2
STATION: ATHENS
MONTH: AUGUST
YEAR: 2020
LATITUDE: 33 57 N
LONGITUDE: 83 19 W
[TEMPERATURE DATA] [PRECIPITATION DATA] SYMBOLS USED IN COLUMN 16
AVERAGE MONTHLY: 81.3 TOTAL FOR MONTH: 9.27 1 = FOG OR MIST
DPTR FM NORMAL: 1.7 DPTR FM NORMAL: 5.74 2 = FOG REDUCING VISIBILITY
HIGHEST: 98 ON 2 GRTST 24HR 2.60 ON 20-21 TO 1/4 MILE OR LESS
LOWEST: 66 ON 4 3 = THUNDER
SNOW, ICE PELLETS, HAIL 4 = ICE PELLETS
TOTAL MONTH: 0.0 INCH 5 = HAIL
GRTST 24HR 0.0 6 = FREEZING RAIN OR DRIZZLE
GRTST DEPTH: M ON M 7 = DUSTSTORM OR SANDSTORM:
VSBY 1/2 MILE OR LESS
8 = SMOKE OR HAZE
[NO. OF DAYS WITH] [WEATHER - DAYS WITH] 9 = BLOWING SNOW
X = TORNADO
MAX 32 OR BELOW: 0 0.01 INCH OR MORE: 13
MAX 90 OR ABOVE: 23 0.10 INCH OR MORE: 12
MIN 32 OR BELOW: 0 0.50 INCH OR MORE: 4
MIN 0 OR BELOW: 0 1.00 INCH OR MORE: 4
[HDD (BASE 65) ]
TOTAL THIS MO. 0 CLEAR (SCALE 0-3) 14
DPTR FM NORMAL 0 PTCLDY (SCALE 4-7) 17
TOTAL FM JUL 1 0 CLOUDY (SCALE 8-10) 0
DPTR FM NORMAL 0
[CDD (BASE 65) ]
TOTAL THIS MO. 513
DPTR FM NORMAL 60 [PRESSURE DATA]
TOTAL FM JAN 1 1750 HIGHEST SLP 30.17 ON 24
DPTR FM NORMAL 195 LOWEST SLP 29.77 ON 30
[REMARKS]
#FINAL-08-20#