000
CXUS55 KCYS 011610
CF6AIA
PRELIMINARY LOCAL CLIMATOLOGICAL DATA (WS FORM: F-6)
STATION: ALLIANCE NEBRASKA AIRPORT
MONTH: MARCH
YEAR: 2023
LATITUDE: 42 2 N
LONGITUDE: 102 48 W
TEMPERATURE IN F: :PCPN: SNOW: WIND :SUNSHINE: SKY :PK WND
================================================================================
1 2 3 4 5 6A 6B 7 8 9 10 11 12 13 14 15 16 17 18
12Z AVG MX 2MIN
DY MAX MIN AVG DEP HDD CDD WTR SNW DPTH SPD SPD DIR MIN PSBL S-S WX SPD DR
================================================================================
1 38 20 29 -1 36 0 0.00 M M 9.8 22 260 M M 3 28 260
2 47 23 35 4 30 0 0.00 M M 10.7 21 260 M M 3 1 26 270
3 39 25 32 1 33 0 T M M 10.0 22 260 M M 6 1 30 260
4 42 24 33 1 32 0 0.00 M M 11.4 26 270 M M 4 34 270
5 53 23 38 6 27 0 0.00 M M 14.2 25 270 M M 2 37 260
6 30 24 27 -5 38 0 0.00 M M 11.8 17 340 M M 9 23 340
7 31 21 26 -7 39 0 T M M 7.3 16 160 M M 9 1 20 150
8 28 23 26 -7 39 0 0.00 M M 10.4 18 120 M M 10 1 23 110
9 33 17 25 -9 40 0 T M M 8.1 20 340 M M 7 1 23 320
10 34 16 25 -9 40 0 0.00 M M 17.5 32 170 M M 6 1 43 180
11 49 25 37 2 28 0 0.00 M M 16.1 32 290 M M 2 42 300
12 34 18 26 -9 39 0 0.00 M M 12.6 22 320 M M 2 36 320
13 47 14 31 -5 34 0 0.00 M M 13.0 25 140 M M 3 33 160
14 65 25 45 9 20 0 0.00 M M 12.0 32 270 M M 0 44 250
15 70 26 48 12 17 0 0.04 M M 11.5 29 340 M M 4 1 37 340
16 36 19 28 -9 37 0 T M M 16.8 31 350 M M 8 1 42 340
17 37 11 24 -13 41 0 0.00 M M 17.7 38 330 M M 2 53 320
18 35 9 22 -16 43 0 0.00 M M 8.2 16 340 M M 0 26 350
19 57 12 35 -3 30 0 0.00 M M 13.0 28 280 M M 0 36 270
20 51 14 33 -5 32 0 0.00 M M 8.5 20 120 M M 1 24 130
21 56 26 41 2 24 0 T M M 13.8 41 280 M M 3 1 52 280
22 38 22 30 -9 35 0 T M M 8.8 21 100 M M 8 1 28 100
23 52 25 39 0 26 0 0.00 M M 10.1 22 220 M M 5 18 29 210
24 55 22 39 -1 26 0 0.00 M M 7.9 16 310 M M 1 21 300
25 37 21 29 -11 36 0 T M M 16.2 32 270 M M 8 12 40 270
26 34 15 25 -15 40 0 0.01 M M 4.1 12 150 M M 6 1 13 100
27 33 15 24 -16 41 0 T M M 9.7 23 340 M M 8 18 28 340
28 50 12 31 -9 34 0 0.00 M M 12.3 26 200 M M 0 36 190
29 39 19 29 -12 36 0 0.00 M M 12.4 23 70 M M 4 1 28 70
30 63 19 41 0 24 0 T M M 10.5 25 300 M M 1 1 32 310
31 33 12 23 -18 42 0 0.12 M M 11.8 32 320 M M 7 18 43 330
================================================================================
SM 1346 597 1039 0 0.17 M 358.2 M 132
================================================================================
AV 43.4 19.3 11.6 FASTST M M 4 MAX(MPH)
MISC ----> 41 280 53 320
================================================================================
NOTES:
# LAST OF SEVERAL OCCURRENCES
COLUMN 17 PEAK WIND IN M.P.H.
PRELIMINARY LOCAL CLIMATOLOGICAL DATA (WS FORM: F-6) , PAGE 2
STATION: ALLIANCE NEBRASKA AIRPORT
MONTH: MARCH
YEAR: 2023
LATITUDE: 42 2 N
LONGITUDE: 102 48 W
[TEMPERATURE DATA] [PRECIPITATION DATA] SYMBOLS USED IN COLUMN 16
AVERAGE MONTHLY: 31.3 TOTAL FOR MONTH: 0.17 1 = FOG OR MIST
DPTR FM NORMAL: -5.1 DPTR FM NORMAL: -0.43 2 = FOG REDUCING VISIBILITY
HIGHEST: 70 ON 15 GRTST 24HR 0.12 ON 30-31 TO 1/4 MILE OR LESS
LOWEST: 9 ON 18 3 = THUNDER
SNOW, ICE PELLETS, HAIL 4 = ICE PELLETS
TOTAL MONTH: M 5 = HAIL
GRTST 24HR M ON M 6 = FREEZING RAIN OR DRIZZLE
GRTST DEPTH: M ON M 7 = DUSTSTORM OR SANDSTORM:
VSBY 1/2 MILE OR LESS
8 = SMOKE OR HAZE
[NO. OF DAYS WITH] [WEATHER - DAYS WITH] 9 = BLOWING SNOW
X = TORNADO
MAX 32 OR BELOW: 3 0.01 INCH OR MORE: 3
MAX 90 OR ABOVE: 0 0.10 INCH OR MORE: 1
MIN 32 OR BELOW: 31 0.50 INCH OR MORE: 0
MIN 0 OR BELOW: 0 1.00 INCH OR MORE: 0
[HDD (BASE 65) ]
TOTAL THIS MO. 1039 CLEAR (SCALE 0-3) 13
DPTR FM NORMAL 152 PTCLDY (SCALE 4-7) 14
TOTAL FM JUL 1 6433 CLOUDY (SCALE 8-10) 4
DPTR FM NORMAL 133
[CDD (BASE 65) ]
TOTAL THIS MO. 0
DPTR FM NORMAL 0 [PRESSURE DATA]
TOTAL FM JAN 1 0 HIGHEST SLP 30.51 ON 18
DPTR FM NORMAL 0 LOWEST SLP 29.41 ON 30
[REMARKS]
#FINAL-03-23#