000
CXAK56 PAJK 011310
CF6AJN
PRELIMINARY LOCAL CLIMATOLOGICAL DATA (WS FORM: F-6)
STATION: JUNEAU
MONTH: JUNE
YEAR: 2023
LATITUDE: 58 22 N
LONGITUDE: 134 35 W
TEMPERATURE IN F: :PCPN: SNOW: WIND :SUNSHINE: SKY :PK WND
================================================================================
1 2 3 4 5 6A 6B 7 8 9 10 11 12 13 14 15 16 17 18
12Z AVG MX 2MIN
DY MAX MIN AVG DEP HDD CDD WTR SNW DPTH SPD SPD DIR MIN PSBL S-S WX SPD DR
================================================================================
1 53 41 47 -6 18 0 0.09 0.0 0 4.6 12 120 M M 10 1 13 70
2 58 43 51 -2 14 0 T 0.0 0 4.0 14 240 M M 9 16 250
3 58 42 50 -3 15 0 0.11 0.0 0 4.3 20 230 M M 7 23 230
4 63 43 53 0 12 0 0.00 0.0 0 8.0 22 120 M M 9 28 120
5 53 47 50 -3 15 0 0.01 0.0 0 7.0 14 100 M M 10 1 19 100
6 52 46 49 -5 16 0 0.03 0.0 0 6.9 14 90 M M 10 1 16 80
7 67 44 56 2 9 0 0.00 0.0 0 5.3 14 240 M M 7 16 230
8 74 44 59 5 6 0 0.00 0.0 0 5.8 20 120 M M 8 25 120
9 59 52 56 2 9 0 0.09 0.0 0 4.5 12 230 M M 10 1 13 240
10 60 45 53 -1 12 0 0.19 0.0 0 3.4 21 260 M M 9 1 24 230
11 61 43 52 -2 13 0 0.62 0.0 0 9.1 21 120 M M 9 1 27 130
12 58 47 53 -1 12 0 0.05 0.0 0 7.7 17 260 M M 9 1 20 270
13 59 46 53 -1 12 0 0.00 0.0 0 7.4 22 250 M M 8 26 250
14 58 42 50 -5 15 0 0.00 0.0 0 2.7 13 50 M M 7 16 50
15 58 37 48 -7 17 0 0.50 0.0 0 9.8 26 110 M M 8 1 35 110
16 52 46 49 -6 16 0 0.35 0.0 0 19.9 29 110 M M 10 18 38 110
17 61 46 54 -1 11 0 0.02 0.0 0 8.5 18 110 M M 8 1 24 110
18 75 45 60 5 5 0 0.00 0.0 0 4.9 13 270 M M 4 17 250
19 78 45 62 7 3 0 0.00 0.0 0 5.4 14 240 M M 3 18 220
20 77 48 63 8 2 0 0.00 0.0 0 7.2 16 300 M M 6 22 290
21 70 48 59 4 6 0 T 0.0 0 8.4 13 250 M M 7 M M
22 69 53 61 6 4 0 T 0.0 0 4.5 12 240 M M 8 1 15 180
23 76 57 67 12 0 2 0.00 0.0 0 7.7 14 130 M M 7 19 120
24 64 57 61 5 4 0 T 0.0 0 9.4 18 120 M M 10 1 25 120
25 60 55 58 2 7 0 0.28 0.0 0 5.8 14 90 M M 10 1 19 90
26 60 54 57 1 8 0 0.35 0.0 0 11.6 20 120 M M 10 1 27 120
27 63 54 59 3 6 0 0.15 0.0 0 6.1 16 80 M M 10 1 21 90
28 61 54 58 2 7 0 0.68 0.0 0 7.4 21 120 M M 9 1 28 120
29 58 50 54 -2 11 0 0.89 0.0 0 9.1 21 110 M M 9 1 27 110
30 54 47 51 -5 14 0 0.07 0.0 0 9.1 17 120 M M 9 1 23 120
================================================================================
SM 1869 1421 299 2 4.48 0.0 215.5 M 250
================================================================================
AV 62.3 47.4 7.2 FASTST M M 8 MAX(MPH)
MISC ----> 29 110 38 110
================================================================================
NOTES:
# LAST OF SEVERAL OCCURRENCES
COLUMN 17 PEAK WIND IN M.P.H.
PRELIMINARY LOCAL CLIMATOLOGICAL DATA (WS FORM: F-6) , PAGE 2
STATION: JUNEAU
MONTH: JUNE
YEAR: 2023
LATITUDE: 58 22 N
LONGITUDE: 134 35 W
[TEMPERATURE DATA] [PRECIPITATION DATA] SYMBOLS USED IN COLUMN 16
AVERAGE MONTHLY: 54.8 TOTAL FOR MONTH: 4.48 1 = FOG OR MIST
DPTR FM NORMAL: 0.2 DPTR FM NORMAL: 0.66 2 = FOG REDUCING VISIBILITY
HIGHEST: 78 ON 19 GRTST 24HR 0.98 ON 28-29 TO 1/4 MILE OR LESS
LOWEST: 37 ON 15 3 = THUNDER
SNOW, ICE PELLETS, HAIL 4 = ICE PELLETS
TOTAL MONTH: 0.0 INCH 5 = HAIL
GRTST 24HR 0.0 6 = FREEZING RAIN OR DRIZZLE
GRTST DEPTH: 0 7 = DUSTSTORM OR SANDSTORM:
VSBY 1/2 MILE OR LESS
8 = SMOKE OR HAZE
[NO. OF DAYS WITH] [WEATHER - DAYS WITH] 9 = BLOWING SNOW
X = TORNADO
MAX 32 OR BELOW: 0 0.01 INCH OR MORE: 17
MAX 90 OR ABOVE: 0 0.10 INCH OR MORE: 10
MIN 32 OR BELOW: 0 0.50 INCH OR MORE: 4
MIN 0 OR BELOW: 0 1.00 INCH OR MORE: 0
[HDD (BASE 65) ]
TOTAL THIS MO. 299 CLEAR (SCALE 0-3) 0
DPTR FM NORMAL -14 PTCLDY (SCALE 4-7) 11
TOTAL FM JUL 1 8048 CLOUDY (SCALE 8-10) 19
DPTR FM NORMAL -289
[CDD (BASE 65) ]
TOTAL THIS MO. 2
DPTR FM NORMAL 1 [PRESSURE DATA]
TOTAL FM JAN 1 2 HIGHEST SLP 30.24 ON 11
DPTR FM NORMAL 1 LOWEST SLP 29.54 ON 15
[REMARKS]
#FINAL-06-23#