000
CXUS55 KBOU 010900
CF6AKO
PRELIMINARY LOCAL CLIMATOLOGICAL DATA (WS FORM: F-6)
STATION: AKRON CO
MONTH: JUNE
YEAR: 2023
LATITUDE: 40 10 N
LONGITUDE: 103 13 W
TEMPERATURE IN F: :PCPN: SNOW: WIND :SUNSHINE: SKY :PK WND
================================================================================
1 2 3 4 5 6A 6B 7 8 9 10 11 12 13 14 15 16 17 18
12Z AVG MX 2MIN
DY MAX MIN AVG DEP HDD CDD WTR SNW DPTH SPD SPD DIR MIN PSBL S-S WX SPD DR
================================================================================
1 73 53 63 0 2 0 0.13 M M 11.1 29 260 M M 5 13 37 270
2 76 49 63 -1 2 0 M M M 8.5 23 100 M M 2 3 32 100
3 61 55 58 -6 7 0 0.19 M M 6.4 13 90 M M 10 1 16 80
4 70 54 62 -2 3 0 0.33 M M 11.9 26 110 M M 9 13 40 130
5 72 51 62 -3 3 0 0.00 M M 9.5 21 170 M M 1 30 140
6 77 52 65 0 0 0 0.00 M M 12.1 21 170 M M 0 30 180
7 79 55 67 1 0 2 0.00 M M 10.5 20 170 M M 2 3 28 140
8 79 54 67 1 0 2 0.01 M M 7.8 18 250 M M 2 3 25 240
9 81 54 68 2 0 3 0.05 M M 7.1 25 280 M M 1 3 36 280
10 77 49 63 -3 2 0 0.38 M M 8.3 36 300 M M 1 138 47 290
11 65 53 59 -8 6 0 0.00 M M 10.3 18 100 M M 8 27 80
12 65 51 58 -9 7 0 1.19 M M 10.8 23 280 M M 9 13 33 270
13 65 51 58 -10 7 0 0.09 M M 8.1 14 290 M M 7 1 19 300
14 74 49 62 -6 3 0 0.00 M M 7.6 12 270 M M 0 16 230
15 77 57 67 -1 0 2 0.05 M M 9.5 23 280 M M 5 3 32 270
16 67 53 60 -8 5 0 0.42 M M 8.8 21 360 M M 9 13 27 350
17 69 49 59 -10 6 0 0.02 M M 5.4 16 110 M M 5 123 21 110
18 82 52 67 -2 0 2 0.00 M M 10.2 15 210 M M 0 21 200
19 87 54 71 2 0 6 0.00 M M 7.8 18 160 M M 0 29 160
20 83 61 72 2 0 7 0.00 M M 8.1 20 100 M M 1 12 26 100
21 82 61 72 2 0 7 2.93 M M 13.3 49 120 M M 8 123 65 120
22 76 59 68 -2 0 3 0.12 M M 9.9 21 210 M M 4 30 360
23 82 60 71 1 0 6 0.00 M M 11.5 23 360 M M 4 3 33 290
24 82 52 67 -4 0 2 0.00 M M 11.9 23 10 M M 0 36 340
25 77 49 63 -8 2 0 0.00 M M 6.8 13 130 M M 0 18 130
26 83 56 70 -1 0 5 0.00 M M 16.3 26 130 M M 1 35 130
27 91 62 77 5 0 12 0.00 M M 12.6 23 240 M M 3 3 35 240
28 84 58 71 -1 0 6 0.91 M M 10.2 39 70 M M 4 138 56 60
29 77 57 67 -5 0 2 0.38 M M 11.0 35 300 M M 2 13 53 300
30 69 53 61 -11 4 0 0.28 M M 8.6 23 20 M M 5 13 30 20
================================================================================
SM 2282 1623 59 67 7.48 M 291.9 M 108
================================================================================
AV 76.1 54.1 9.7 FASTST M M 4 MAX(MPH)
MISC ----> 49 120 65 120
================================================================================
NOTES:
# LAST OF SEVERAL OCCURRENCES
COLUMN 17 PEAK WIND IN M.P.H.
PRELIMINARY LOCAL CLIMATOLOGICAL DATA (WS FORM: F-6) , PAGE 2
STATION: AKRON CO
MONTH: JUNE
YEAR: 2023
LATITUDE: 40 10 N
LONGITUDE: 103 13 W
[TEMPERATURE DATA] [PRECIPITATION DATA] SYMBOLS USED IN COLUMN 16
AVERAGE MONTHLY: 65.1 TOTAL FOR MONTH: 7.48 1 = FOG OR MIST
DPTR FM NORMAL: -3.1 DPTR FM NORMAL: 5.24 2 = FOG REDUCING VISIBILITY
HIGHEST: 91 ON 27 GRTST 24HR 3.05 ON 21-22 TO 1/4 MILE OR LESS
LOWEST: 49 ON 14,10 3 = THUNDER
SNOW, ICE PELLETS, HAIL 4 = ICE PELLETS
TOTAL MONTH: M 5 = HAIL
GRTST 24HR M ON M 6 = FREEZING RAIN OR DRIZZLE
GRTST DEPTH: M ON M 7 = DUSTSTORM OR SANDSTORM:
VSBY 1/2 MILE OR LESS
8 = SMOKE OR HAZE
[NO. OF DAYS WITH] [WEATHER - DAYS WITH] 9 = BLOWING SNOW
X = TORNADO
MAX 32 OR BELOW: 0 0.01 INCH OR MORE: 16
MAX 90 OR ABOVE: 1 0.10 INCH OR MORE: 11
MIN 32 OR BELOW: 0 0.50 INCH OR MORE: 3
MIN 0 OR BELOW: 0 1.00 INCH OR MORE: 2
[HDD (BASE 65) ]
TOTAL THIS MO. 59 CLEAR (SCALE 0-3) 16
DPTR FM NORMAL 7 PTCLDY (SCALE 4-7) 10
TOTAL FM JUL 1 6623 CLOUDY (SCALE 8-10) 4
DPTR FM NORMAL 434
[CDD (BASE 65) ]
TOTAL THIS MO. 67
DPTR FM NORMAL -80 [PRESSURE DATA]
TOTAL FM JAN 1 83 HIGHEST SLP M ON M
DPTR FM NORMAL -92 LOWEST SLP 29.58 ON 23
[REMARKS]
#FINAL-06-23#