000
CXUS55 KBOU 011000
CF6AKO
PRELIMINARY LOCAL CLIMATOLOGICAL DATA (WS FORM: F-6)
STATION: AKRON CO
MONTH: NOVEMBER
YEAR: 2022
LATITUDE: 40 10 N
LONGITUDE: 103 13 W
TEMPERATURE IN F: :PCPN: SNOW: WIND :SUNSHINE: SKY :PK WND
================================================================================
1 2 3 4 5 6A 6B 7 8 9 10 11 12 13 14 15 16 17 18
12Z AVG MX 2MIN
DY MAX MIN AVG DEP HDD CDD WTR SNW DPTH SPD SPD DIR MIN PSBL S-S WX SPD DR
================================================================================
1 74 31 53 9 12 0 0.00 M M 10.7 22 180 M M 0 29 170
2 71 40 56 12 9 0 0.00 M M 9.5 24 230 M M 0 31 230
3 57 28 43 0 22 0 0.01 M M 14.8 29 10 M M 4 18 39 10
4 45 17 31 -12 34 0 0.00 M M 9.2 21 330 M M 3 26 290
5 64 27 46 4 19 0 0.00 M M 13.6 26 270 M M 0 35 280
6 49 32 41 -1 24 0 0.00 M M 10.3 23 330 M M 8 31 330
7 53 32 43 1 22 0 0.00 M M 20.9 36 160 M M 3 47 140
8 76 41 59 18 6 0 0.00 M M 16.7 31 200 M M 0 42 190
9 54 22 38 -3 27 0 T M M 12.9 32 350 M M 5 126 44 340
10 49 14 32 -8 33 0 T M M 11.7 23 40 M M 4 29 50
11 37 9 23 -17 42 0 T M M 8.1 21 320 M M 5 26 320
12 45 13 29 -11 36 0 0.00 M M 7.8 15 180 M M 0 24 180
13 49 11 30 -9 35 0 0.00 M M 12.4 28 30 M M 1 36 40
14 37 11 24 -15 41 0 0.00 M M 10.2 20 320 M M 2 26 340
15 37 14 26 -13 39 0 T M M 12.1 26 330 M M 4 38 290
16 40 15 28 -10 37 0 T M M 12.8 29 340 M M 6 38 330
17 30 12 21 -17 44 0 T M M 12.8 26 10 M M 10 18 35 10
18 20 1 11 -26 54 0 T M M 12.5 20 360 M M 3 18 24 360
19 37 5 21 -16 44 0 0.00 M M 12.4 20 260 M M 0 26 260
20 50 14 32 -5 33 0 0.00 M M 11.1 21 260 M M 0 27 240
21 52 19 36 0 29 0 0.00 M M 8.7 16 240 M M 0 21 230
22 54 23 39 3 26 0 0.00 M M 9.5 20 280 M M 0 26 250
23 56 26 41 6 24 0 T M M 15.7 31 340 M M 0 41 340
24 45 21 33 -2 32 0 T M M 16.6 30 350 M M 4 40 350
25 55 21 38 3 27 0 0.00 M M 11.8 20 260 M M 0 26 260
26 57 29 43 9 22 0 T M M 17.0 35 340 M M 1 45 350
27 47 30 39 5 26 0 T M M 9.8 18 210 M M 5 1 25 210
28 56 23 40 6 25 0 T M M 12.2 26 50 M M 2 36 50
29 23 6 15 -18 50 0 0.01 M M 12.0 24 20 M M 7 168 32 10
30 35 5 20 -13 45 0 0.00 M M 12.0 23 150 M M 0 31 170
================================================================================
SM 1454 592 919 0 0.02 M 367.8 M 77
================================================================================
AV 48.5 19.7 12.3 FASTST M M 3 MAX(MPH)
MISC ----> 36 160 47 140
================================================================================
NOTES:
# LAST OF SEVERAL OCCURRENCES
COLUMN 17 PEAK WIND IN M.P.H.
PRELIMINARY LOCAL CLIMATOLOGICAL DATA (WS FORM: F-6) , PAGE 2
STATION: AKRON CO
MONTH: NOVEMBER
YEAR: 2022
LATITUDE: 40 10 N
LONGITUDE: 103 13 W
[TEMPERATURE DATA] [PRECIPITATION DATA] SYMBOLS USED IN COLUMN 16
AVERAGE MONTHLY: 34.1 TOTAL FOR MONTH: 0.02 1 = FOG OR MIST
DPTR FM NORMAL: -4.2 DPTR FM NORMAL: -0.40 2 = FOG REDUCING VISIBILITY
HIGHEST: 76 ON 8 GRTST 24HR 0.01 ON 3- 3 TO 1/4 MILE OR LESS
LOWEST: 1 ON 18 3 = THUNDER
SNOW, ICE PELLETS, HAIL 4 = ICE PELLETS
TOTAL MONTH: M 5 = HAIL
GRTST 24HR M ON M 6 = FREEZING RAIN OR DRIZZLE
GRTST DEPTH: M ON M 7 = DUSTSTORM OR SANDSTORM:
VSBY 1/2 MILE OR LESS
8 = SMOKE OR HAZE
[NO. OF DAYS WITH] [WEATHER - DAYS WITH] 9 = BLOWING SNOW
X = TORNADO
MAX 32 OR BELOW: 3 0.01 INCH OR MORE: 2
MAX 90 OR ABOVE: 0 0.10 INCH OR MORE: 0
MIN 32 OR BELOW: 28 0.50 INCH OR MORE: 0
MIN 0 OR BELOW: 0 1.00 INCH OR MORE: 0
[HDD (BASE 65) ]
TOTAL THIS MO. 919 CLEAR (SCALE 0-3) 19
DPTR FM NORMAL 119 PTCLDY (SCALE 4-7) 9
TOTAL FM JUL 1 1370 CLOUDY (SCALE 8-10) 2
DPTR FM NORMAL -33
[CDD (BASE 65) ]
TOTAL THIS MO. 0
DPTR FM NORMAL 0 [PRESSURE DATA]
TOTAL FM JAN 1 1152 HIGHEST SLP 30.57 ON 18
DPTR FM NORMAL 333 LOWEST SLP 29.43 ON 28
[REMARKS]
#FINAL-11-22#