000
CXUS55 KBOU 010900
CF6AKO
PRELIMINARY LOCAL CLIMATOLOGICAL DATA (WS FORM: F-6)
STATION: AKRON CO
MONTH: JUNE
YEAR: 2021
LATITUDE: 40 10 N
LONGITUDE: 103 13 W
TEMPERATURE IN F: :PCPN: SNOW: WIND :SUNSHINE: SKY :PK WND
================================================================================
1 2 3 4 5 6A 6B 7 8 9 10 11 12 13 14 15 16 17 18
12Z AVG MX 2MIN
DY MAX MIN AVG DEP HDD CDD WTR SNW DPTH SPD SPD DIR MIN PSBL S-S WX SPD DR
================================================================================
1 71 46 59 -4 6 0 0.00 M M 5.6 12 320 M M 1 16 320
2 74 46 60 -4 5 0 0.00 M M 7.0 15 40 M M 0 19 50
3 81 53 67 3 0 2 0.00 M M 7.5 14 230 M M 0 18 230
4 85 55 70 6 0 5 0.00 M M 7.8 15 160 M M 0 21 210
5 86 60 73 8 0 8 0.00 M M 10.3 16 260 M M 0 22 130
6 88 60 74 9 0 9 0.25 M M 13.2 35 250 M M 1 3 55 210
7 86 54 70 4 0 5 0.00 M M 8.7 22 160 M M 0 28 160
8 87 61 74 8 0 9 0.00 M M 15.0 26 160 M M 0 1 40 150
9 84 60 72 6 0 7 0.00 M M 8.1 14 160 M M 3 12 21 140
10 92 63 78 12 0 13 0.00 M M 13.8 23 150 M M 1 128 32 150
11 75 51 63 -4 2 0 0.00 M M 12.9 32 320 M M 0 43 320
12 84 56 70 3 0 5 0.00 M M 13.4 23 150 M M 0 32 160
13 91 58 75 7 0 10 0.01 M M 12.2 24 130 M M 1 13 32 130
14 93 61 77 9 0 12 0.00 M M 12.4 17 170 M M 0 26 180
15 95 65 80 12 0 15 0.00 M M 12.2 23 140 M M 0 32 130
16 100 66 83 15 0 18 0.00 M M 11.8 38 110 M M 0 8 52 100
17 98 60 79 10 0 14 0.00 M M 7.7 32 330 M M 0 43 320
18 87 62 75 6 0 10 0.00 M M 9.9 24 320 M M 0 33 310
19 89 59 74 5 0 9 0.25 M M 11.5 25 240 M M 1 138 48 280
20 79 53 66 -4 0 1 0.14 M M 16.2 28 10 M M 2 1 37 10
21 72 52 62 -8 3 0 0.05 M M 6.5 17 10 M M 6 21 10
22 92 56 74 4 0 9 0.00 M M 11.0 20 360 M M 0 30 330
23 97 62 80 10 0 15 0.00 M M 9.6 20 260 M M 0 27 270
24 85 61 73 2 0 8 0.04 M M 8.8 24 290 M M 2 31 290
25 79 57 68 -3 0 3 T M M 10.4 40 320 M M 3 3 54 320
26 76 55 66 -5 0 1 T M M 11.4 24 360 M M 5 36 350
27 77 50 64 -8 1 0 T M M 9.9 28 340 M M 3 37 320
28 76 48 62 -10 3 0 0.00 M M 8.4 24 350 M M 1 1 32 340
29 78 49 64 -8 1 0 0.00 M M 7.7 14 130 M M 2 1 20 150
30 80 59 70 -2 0 5 0.00 M M 11.9 23 150 M M 4 33 160
================================================================================
SM 2537 1698 21 193 0.74 M 312.8 M 36
================================================================================
AV 84.6 56.6 10.4 FASTST M M 1 MAX(MPH)
MISC ----> 40 320 55 210
================================================================================
NOTES:
# LAST OF SEVERAL OCCURRENCES
COLUMN 17 PEAK WIND IN M.P.H.
PRELIMINARY LOCAL CLIMATOLOGICAL DATA (WS FORM: F-6) , PAGE 2
STATION: AKRON CO
MONTH: JUNE
YEAR: 2021
LATITUDE: 40 10 N
LONGITUDE: 103 13 W
[TEMPERATURE DATA] [PRECIPITATION DATA] SYMBOLS USED IN COLUMN 16
AVERAGE MONTHLY: 70.6 TOTAL FOR MONTH: 0.74 1 = FOG OR MIST
DPTR FM NORMAL: 2.4 DPTR FM NORMAL: -1.50 2 = FOG REDUCING VISIBILITY
HIGHEST: 100 ON 16 GRTST 24HR 0.25 ON 6- 6 TO 1/4 MILE OR LESS
LOWEST: 46 ON 2, 1 3 = THUNDER
SNOW, ICE PELLETS, HAIL 4 = ICE PELLETS
TOTAL MONTH: M 5 = HAIL
GRTST 24HR M ON M 6 = FREEZING RAIN OR DRIZZLE
GRTST DEPTH: M ON M 7 = DUSTSTORM OR SANDSTORM:
VSBY 1/2 MILE OR LESS
8 = SMOKE OR HAZE
[NO. OF DAYS WITH] [WEATHER - DAYS WITH] 9 = BLOWING SNOW
X = TORNADO
MAX 32 OR BELOW: 0 0.01 INCH OR MORE: 6
MAX 90 OR ABOVE: 8 0.10 INCH OR MORE: 3
MIN 32 OR BELOW: 0 0.50 INCH OR MORE: 0
MIN 0 OR BELOW: 0 1.00 INCH OR MORE: 0
[HDD (BASE 65) ]
TOTAL THIS MO. 21 CLEAR (SCALE 0-3) 26
DPTR FM NORMAL -31 PTCLDY (SCALE 4-7) 4
TOTAL FM JUL 1 6322 CLOUDY (SCALE 8-10) 0
DPTR FM NORMAL 133
[CDD (BASE 65) ]
TOTAL THIS MO. 193
DPTR FM NORMAL 46 [PRESSURE DATA]
TOTAL FM JAN 1 211 HIGHEST SLP M ON M
DPTR FM NORMAL 36 LOWEST SLP 29.57 ON 6
[REMARKS]
#FINAL-06-21#