000
CXUS55 KBOU 011000
CF6AKO
PRELIMINARY LOCAL CLIMATOLOGICAL DATA (WS FORM: F-6)
STATION: AKRON CO
MONTH: DECEMBER
YEAR: 2023
LATITUDE: 40 10 N
LONGITUDE: 103 13 W
TEMPERATURE IN F: :PCPN: SNOW: WIND :SUNSHINE: SKY :PK WND
================================================================================
1 2 3 4 5 6A 6B 7 8 9 10 11 12 13 14 15 16 17 18
12Z AVG MX 2MIN
DY MAX MIN AVG DEP HDD CDD WTR SNW DPTH SPD SPD DIR MIN PSBL S-S WX SPD DR
================================================================================
1 40 17 29 -3 36 0 0.00 M M 8.2 14 210 M M 3 18 210
2 42 19 31 -1 34 0 T M M 12.1 25 290 M M 2 35 310
3 42 22 32 0 33 0 T M M 17.0 36 340 M M 3 48 340
4 61 23 42 11 23 0 0.00 M M 11.1 32 310 M M 1 44 310
5 59 26 43 12 22 0 0.00 M M 9.5 14 270 M M 0 19 260
6 66 39 53 22 12 0 0.00 M M 9.3 20 270 M M 0 23 270
7 65 29 47 17 18 0 0.00 M M 15.8 29 320 M M 0 39 330
8 45 20 33 3 32 0 0.00 M M 10.7 24 330 M M 2 34 330
9 40 17 29 -1 36 0 T M M 14.9 31 350 M M 2 40 330
10 47 19 33 3 32 0 0.00 M M 9.7 16 220 M M 0 24 220
11 51 28 40 10 25 0 0.00 M M 5.8 12 350 M M 4 14 360
12 37 20 29 0 36 0 0.00 M M 11.6 21 120 M M 3 29 110
13 37 17 27 -2 38 0 0.05 M M 8.0 14 140 M M 7 16 19 140
14 36 27 32 3 33 0 0.04 M M 12.8 21 170 M M 9 1 32 180
15 50 22 36 7 29 0 T M M 16.0 31 330 M M 2 12 40 340
16 55 21 38 9 27 0 0.00 M M 9.2 15 280 M M 0 20 280
17 56 28 42 14 23 0 0.00 M M 10.0 22 360 M M 0 30 360
18 56 25 41 13 24 0 0.00 M M 10.2 17 260 M M 0 22 230
19 64 32 48 20 17 0 0.00 M M 9.2 18 280 M M 2 23 300
20 60 35 48 20 17 0 0.00 M M 5.1 10 220 M M 3 13 180
21 61 32 47 19 18 0 0.00 M M 10.1 17 350 M M 4 23 330
22 60 28 44 16 21 0 0.00 M M 10.6 17 190 M M 0 28 190
23 54 33 44 16 21 0 T M M 8.8 29 350 M M 6 1 39 360
24 33 10 22 -6 43 0 0.02 M M 19.9 37 350 M M 8 1 51 350
25 26 11 19 -9 46 0 T M M 20.3 39 340 M M 9 1 56 320
26 32 20 26 -2 39 0 0.11 M M 30.8 41 330 M M 10 1289 56 330
27 38 20 29 1 36 0 T M M 17.7 31 340 M M 7 1 40 350
28 39 17 28 0 37 0 0.00 M M 10.5 16 280 M M 0 19 280
29 44 18 31 3 34 0 0.00 M M 10.3 17 280 M M 0 22 270
30 48 23 36 8 29 0 0.00 M M 7.4 16 270 M M 0 20 270
31 33 21 27 -1 38 0 0.00 M M 8.9 13 150 M M 0 16 180
================================================================================
SM 1477 719 909 0 0.22 M 371.5 M 87
================================================================================
AV 47.6 23.2 12.0 FASTST M M 3 MAX(MPH)
MISC ----> 41 330 # 56 330
================================================================================
NOTES:
# LAST OF SEVERAL OCCURRENCES
COLUMN 17 PEAK WIND IN M.P.H.
PRELIMINARY LOCAL CLIMATOLOGICAL DATA (WS FORM: F-6) , PAGE 2
STATION: AKRON CO
MONTH: DECEMBER
YEAR: 2023
LATITUDE: 40 10 N
LONGITUDE: 103 13 W
[TEMPERATURE DATA] [PRECIPITATION DATA] SYMBOLS USED IN COLUMN 16
AVERAGE MONTHLY: 35.4 TOTAL FOR MONTH: 0.22 1 = FOG OR MIST
DPTR FM NORMAL: 6.1 DPTR FM NORMAL: 0.02 2 = FOG REDUCING VISIBILITY
HIGHEST: 66 ON 6 GRTST 24HR 0.11 ON 26-26 TO 1/4 MILE OR LESS
LOWEST: 10 ON 24 3 = THUNDER
SNOW, ICE PELLETS, HAIL 4 = ICE PELLETS
TOTAL MONTH: M 5 = HAIL
GRTST 24HR M ON M 6 = FREEZING RAIN OR DRIZZLE
GRTST DEPTH: M ON M 7 = DUSTSTORM OR SANDSTORM:
VSBY 1/2 MILE OR LESS
8 = SMOKE OR HAZE
[NO. OF DAYS WITH] [WEATHER - DAYS WITH] 9 = BLOWING SNOW
X = TORNADO
MAX 32 OR BELOW: 2 0.01 INCH OR MORE: 4
MAX 90 OR ABOVE: 0 0.10 INCH OR MORE: 1
MIN 32 OR BELOW: 28 0.50 INCH OR MORE: 0
MIN 0 OR BELOW: 0 1.00 INCH OR MORE: 0
[HDD (BASE 65) ]
TOTAL THIS MO. 909 CLEAR (SCALE 0-3) 21
DPTR FM NORMAL -197 PTCLDY (SCALE 4-7) 7
TOTAL FM JUL 1 2107 CLOUDY (SCALE 8-10) 3
DPTR FM NORMAL -405
[CDD (BASE 65) ]
TOTAL THIS MO. 0
DPTR FM NORMAL 0 [PRESSURE DATA]
TOTAL FM JAN 1 722 HIGHEST SLP 30.60 ON 13
DPTR FM NORMAL -97 LOWEST SLP 29.54 ON 7
[REMARKS]
#FINAL-12-23#