000
CXUS55 KBOU 011000
CF6AKO
PRELIMINARY LOCAL CLIMATOLOGICAL DATA (WS FORM: F-6)
STATION: AKRON CO
MONTH: NOVEMBER
YEAR: 2020
LATITUDE: 40 10 N
LONGITUDE: 103 13 W
TEMPERATURE IN F: :PCPN: SNOW: WIND :SUNSHINE: SKY :PK WND
================================================================================
1 2 3 4 5 6A 6B 7 8 9 10 11 12 13 14 15 16 17 18
12Z AVG MX 2MIN
DY MAX MIN AVG DEP HDD CDD WTR SNW DPTH SPD SPD DIR MIN PSBL S-S WX SPD DR
================================================================================
1 66 31 49 5 16 0 0.00 M M 7.9 17 230 M M 0 21 230
2 74 38 56 12 9 0 0.00 M M 11.6 20 250 M M 0 23 260
3 77 43 60 16 5 0 0.00 M M 10.0 20 240 M M 0 26 240
4 79 41 60 17 5 0 T M M 14.4 29 320 M M 0 37 330
5 75 39 57 14 8 0 0.00 M M 9.7 16 200 M M 0 22 200
6 78 39 59 17 6 0 0.00 M M 11.2 17 220 M M 0 24 190
7 80 52 66 24 0 1 0.00 M M 17.7 31 170 M M 1 48 160
8 63 39 51 10 14 0 T M M 18.3 40 210 M M 1 8 54 200
9 42 24 33 -8 32 0 0.01 M M 11.9 21 20 M M 8 1 27 350
10 37 16 27 -13 38 0 0.09 M M 5.7 13 270 M M 5 128 16 270
11 47 23 35 -5 30 0 0.00 M M 10.5 18 160 M M 0 25 160
12 42 20 31 -8 34 0 0.00 M M 11.0 35 330 M M 2 44 310
13 62 23 43 4 22 0 0.00 M M 13.6 21 170 M M 0 29 170
14 49 26 38 0 27 0 0.00 M M 25.8 54 310 M M 2 8 69 310
15 55 16 36 -2 29 0 0.00 M M 11.8 32 310 M M 1 42 310
16 64 34 49 12 16 0 0.00 M M 10.7 24 310 M M 0 32 310
17 72 36 54 17 11 0 0.00 M M 12.9 20 220 M M 0 26 220
18 69 41 55 19 10 0 0.00 M M 12.0 20 250 M M 0 25 220
19 64 37 51 15 14 0 0.00 M M 14.0 23 310 M M 0 33 320
20 53 30 42 7 23 0 0.00 M M 6.3 12 130 M M 1 16 130
21 53 23 38 3 27 0 0.00 M M 9.9 22 170 M M 1 29 170
22 46 16 31 -3 34 0 0.00 M M 11.2 18 160 M M 0 25 150
23 59 26 43 9 22 0 0.00 M M 9.2 17 20 M M 2 12 25 170
24 37 21 29 -4 36 0 0.04 M M 13.2 28 20 M M 7 12 37 20
25 54 22 38 5 27 0 0.00 M M 11.5 17 340 M M 0 23 340
26 44 23 34 1 31 0 0.00 M M 8.9 17 340 M M 2 23 340
27 46 18 32 0 33 0 0.00 M M 8.9 16 230 M M 0 22 200
28 52 25 39 7 26 0 0.00 M M 13.1 20 260 M M 0 23 260
29 40 19 30 -1 35 0 0.00 M M 13.6 23 350 M M 0 31 360
30 52 18 35 4 30 0 0.00 M M 11.7 23 260 M M 0 28 260
================================================================================
SM 1731 859 650 1 0.14 M 358.2 M 33
================================================================================
AV 57.7 28.6 11.9 FASTST M M 1 MAX(MPH)
MISC ----> 54 310 69 310
================================================================================
NOTES:
# LAST OF SEVERAL OCCURRENCES
COLUMN 17 PEAK WIND IN M.P.H.
PRELIMINARY LOCAL CLIMATOLOGICAL DATA (WS FORM: F-6) , PAGE 2
STATION: AKRON CO
MONTH: NOVEMBER
YEAR: 2020
LATITUDE: 40 10 N
LONGITUDE: 103 13 W
[TEMPERATURE DATA] [PRECIPITATION DATA] SYMBOLS USED IN COLUMN 16
AVERAGE MONTHLY: 43.2 TOTAL FOR MONTH: 0.14 1 = FOG OR MIST
DPTR FM NORMAL: 5.6 DPTR FM NORMAL: -0.44 2 = FOG REDUCING VISIBILITY
HIGHEST: 80 ON 7 GRTST 24HR 0.10 ON 9-10 TO 1/4 MILE OR LESS
LOWEST: 16 ON 22,15 3 = THUNDER
SNOW, ICE PELLETS, HAIL 4 = ICE PELLETS
TOTAL MONTH: M 5 = HAIL
GRTST 24HR M ON M 6 = FREEZING RAIN OR DRIZZLE
GRTST DEPTH: M ON M 7 = DUSTSTORM OR SANDSTORM:
VSBY 1/2 MILE OR LESS
8 = SMOKE OR HAZE
[NO. OF DAYS WITH] [WEATHER - DAYS WITH] 9 = BLOWING SNOW
X = TORNADO
MAX 32 OR BELOW: 0 0.01 INCH OR MORE: 3
MAX 90 OR ABOVE: 0 0.10 INCH OR MORE: 0
MIN 32 OR BELOW: 19 0.50 INCH OR MORE: 0
MIN 0 OR BELOW: 0 1.00 INCH OR MORE: 0
[HDD (BASE 65) ]
TOTAL THIS MO. 650 CLEAR (SCALE 0-3) 27
DPTR FM NORMAL -172 PTCLDY (SCALE 4-7) 2
TOTAL FM JUL 1 1358 CLOUDY (SCALE 8-10) 1
DPTR FM NORMAL -86
[CDD (BASE 65) ]
TOTAL THIS MO. 1
DPTR FM NORMAL 1 [PRESSURE DATA]
TOTAL FM JAN 1 1090 HIGHEST SLP 30.59 ON 29
DPTR FM NORMAL 334 LOWEST SLP 29.21 ON 8
[REMARKS]
#FINAL-11-20#