769
CXUS55 KBOU 010754
CF6AKO
PRELIMINARY LOCAL CLIMATOLOGICAL DATA (WS FORM: F-6)
STATION: AKRON CO
MONTH: JULY
YEAR: 2020
LATITUDE: 40 10 N
LONGITUDE: 103 13 W
TEMPERATURE IN F: :PCPN: SNOW: WIND :SUNSHINE: SKY :PK WND
================================================================================
1 2 3 4 5 6A 6B 7 8 9 10 11 12 13 14 15 16 17 18
12Z AVG MX 2MIN
DY MAX MIN AVG DEP HDD CDD WTR SNW DPTH SPD SPD DIR MIN PSBL S-S WX SPD DR
================================================================================
1 86 52 69 -3 0 4 0.00 M M 12.5 25 120 M M 0 37 100
2 89 65 77 4 0 12 0.09 M M 17.7 38 100 M M 4 13 48 100
3 91 60 76 3 0 11 0.03 M M 16.1 38 210 M M 1 3 54 220
4 89 61 75 2 0 10 0.00 M M 13.8 31 260 M M 0 45 200
5 89 60 75 2 0 10 0.00 M M 8.6 20 180 M M 0 25 150
6 94 63 79 6 0 14 0.00 M M 13.7 28 160 M M 0 37 160
7 98 63 81 7 0 16 0.05 M M 19.1 40 180 M M 0 3 56 170
8 97 67 82 8 0 17 0.00 M M 8.8 28 20 M M 0 36 180
9 88 56 72 -2 0 7 0.00 M M 11.4 25 160 M M 0 36 130
10 100 67 84 10 0 19 0.00 M M 13.7 22 220 M M 2 32 270
11 92 62 77 3 0 12 0.00 M M 13.3 23 360 M M 1 31 10
12 101 65 83 9 0 18 0.00 M M 15.9 31 180 M M 2 3 47 180
13 99 63 81 7 0 16 T M M 14.1 46 340 M M 0 3 59 340
14 74 62 68 -6 0 3 T M M 13.4 22 120 M M 3 3 31 50
15 75 59 67 -7 0 2 0.00 M M 11.7 20 120 M M 6 1 26 110
16 97 56 77 3 0 12 0.00 M M 9.1 28 190 M M 0 39 200
17 98 67 83 8 0 18 0.00 M M 10.0 22 210 M M 0 29 220
18 98 66 82 7 0 17 0.01 M M 12.4 36 50 M M 1 44 50
19 92 65 79 4 0 14 T M M 12.5 26 180 M M 4 3 37 180
20 93 58 76 1 0 11 0.00 M M 11.2 26 80 M M 0 34 80
21 91 57 74 -1 0 9 T M M 15.4 30 30 M M 1 3 38 30
22 98 58 78 3 0 13 0.19 M M 10.6 35 290 M M 1 3 48 200
23 94 63 79 5 0 14 0.00 M M 14.5 24 160 M M 1 31 160
24 95 64 80 6 0 15 0.39 M M 11.9 24 340 M M 2 3 42 220
25 92 64 78 4 0 13 0.22 M M 9.1 33 140 M M 3 3 40 240
26 82 65 74 0 0 9 0.00 M M 11.1 23 10 M M 5 1 29 20
27 83 61 72 -2 0 7 0.00 M M 8.1 18 120 M M 4 12 28 110
28 88 61 75 1 0 10 0.26 M M 11.9 39 280 M M 2 13 49 290
29 87 61 74 0 0 9 0.05 M M 11.6 48 300 M M 2 3 73 290
30 71 56 64 -10 1 0 0.16 M M 9.4 21 30 M M 7 1 25 40
31 86 54 70 -4 0 5 0.00 0.0 0 8.9 26 70 M M 0 37 60
================================================================================
SM 2807 1901 1 347 1.45 0.0 381.5 M 52
================================================================================
AV 90.6 61.3 12.3 FASTST M M 2 MAX(MPH)
MISC ----> # 48 300 # 73 290
================================================================================
NOTES:
# LAST OF SEVERAL OCCURRENCES
COLUMN 17 PEAK WIND IN M.P.H.
PRELIMINARY LOCAL CLIMATOLOGICAL DATA (WS FORM: F-6) , PAGE 2
STATION: AKRON CO
MONTH: JULY
YEAR: 2020
LATITUDE: 40 10 N
LONGITUDE: 103 13 W
[TEMPERATURE DATA] [PRECIPITATION DATA] SYMBOLS USED IN COLUMN 16
AVERAGE MONTHLY: 75.9 TOTAL FOR MONTH: 1.45 1 = FOG OR MIST
DPTR FM NORMAL: 1.9 DPTR FM NORMAL: -1.10 2 = FOG REDUCING VISIBILITY
HIGHEST: 101 ON 12 GRTST 24HR 0.39 ON 24-24 TO 1/4 MILE OR LESS
LOWEST: 52 ON 1 3 = THUNDER
SNOW, ICE PELLETS, HAIL 4 = ICE PELLETS
TOTAL MONTH: 0.0 INCH 5 = HAIL
GRTST 24HR 0.0 6 = FREEZING RAIN OR DRIZZLE
GRTST DEPTH: 0 7 = DUSTSTORM OR SANDSTORM:
VSBY 1/2 MILE OR LESS
8 = SMOKE OR HAZE
[NO. OF DAYS WITH] [WEATHER - DAYS WITH] 9 = BLOWING SNOW
X = TORNADO
MAX 32 OR BELOW: 0 0.01 INCH OR MORE: 10
MAX 90 OR ABOVE: 18 0.10 INCH OR MORE: 5
MIN 32 OR BELOW: 0 0.50 INCH OR MORE: 0
MIN 0 OR BELOW: 0 1.00 INCH OR MORE: 0
[HDD (BASE 65) ]
TOTAL THIS MO. 1 CLEAR (SCALE 0-3) 25
DPTR FM NORMAL -6 PTCLDY (SCALE 4-7) 6
TOTAL FM JUL 1 1 CLOUDY (SCALE 8-10) 0
DPTR FM NORMAL -6
[CDD (BASE 65) ]
TOTAL THIS MO. 347
DPTR FM NORMAL 59 [PRESSURE DATA]
TOTAL FM JAN 1 626 HIGHEST SLP M ON M
DPTR FM NORMAL 185 LOWEST SLP 29.58 ON 7
[REMARKS]
#FINAL-07-20#