000
CXUS55 KBOU 010745
CF6AKO
PRELIMINARY LOCAL CLIMATOLOGICAL DATA (WS FORM: F-6)
STATION: AKRON CO
MONTH: FEBRUARY
YEAR: 2020
LATITUDE: 40 10 N
LONGITUDE: 103 13 W
TEMPERATURE IN F: :PCPN: SNOW: WIND :SUNSHINE: SKY :PK WND
================================================================================
1 2 3 4 5 6A 6B 7 8 9 10 11 12 13 14 15 16 17 18
12Z AVG MX 2MIN
DY MAX MIN AVG DEP HDD CDD WTR SNW DPTH SPD SPD DIR MIN PSBL S-S WX SPD DR
================================================================================
1 67 27 47 18 18 0 0.00 M M 14.8 20 250 M M 0 26 240
2 78 29 54 25 11 0 0.00 M M 15.2 32 50 M M 0 42 50
3 30 16 23 -6 42 0 T M M 17.4 30 30 M M 10 16 39 50
4 19 0 10 -19 55 0 0.01 M M 8.1 18 50 M M 10 128 23 60
5 26 -5 11 -18 54 0 0.00 M M 11.7 18 330 M M 2 18 24 300
6 37 10 24 -6 41 0 0.00 M M 12.9 28 330 M M 6 37 340
7 35 24 30 0 35 0 T M M 11.6 21 290 M M 10 26 310
8 58 21 40 10 25 0 0.00 M M 11.7 30 340 M M 2 40 330
9 35 18 27 -3 38 0 0.00 M M 12.2 29 360 M M 8 37 360
10 39 12 26 -4 39 0 T M M 11.9 22 10 M M 4 8 28 360
11 36 9 23 -7 42 0 0.00 M M 13.8 25 220 M M 1 35 190
12 38 14 26 -4 39 0 T M M 14.8 30 350 M M 5 1 42 360
13 28 12 20 -11 45 0 0.01 M M 8.5 15 140 M M 6 1 19 160
14 63 18 41 10 24 0 0.00 M M 12.2 21 350 M M 0 31 210
15 43 16 30 -1 35 0 0.00 M M 8.1 21 10 M M 1 26 360
16 54 25 40 9 25 0 0.00 M M 8.0 17 190 M M 4 25 190
17 42 26 34 2 31 0 0.02 M M 14.6 37 340 M M 9 1 47 340
18 38 15 27 -5 38 0 0.00 M M 6.0 14 220 M M 4 12 17 220
19 28 10 19 -13 46 0 T M M 11.2 21 40 M M 10 1 26 40
20 34 2 18 -14 47 0 0.00 M M 9.1 15 240 M M 1 1 19 220
21 57 16 37 4 28 0 0.00 M M 10.5 21 260 M M 0 26 250
22 62 30 46 13 19 0 0.00 M M 8.9 18 260 M M 0 23 260
23 51 31 41 8 24 0 0.00 M M 10.4 21 40 M M 7 27 70
24 40 25 33 -1 32 0 0.02 M M 19.6 41 320 M M 6 18 52 330
25 28 5 17 -17 48 0 T M M 22.3 39 320 M M 7 128 56 320
26 39 2 21 -13 44 0 0.00 M M 9.4 20 300 M M 2 26 280
27 44 21 33 -2 32 0 T M M 16.3 37 330 M M 5 48 310
28 58 19 39 4 26 0 0.00 M M 11.2 30 330 M M 0 36 340
29 58 28 43 8 22 0 0.00 0.0 0 11.4 17 290 M M 0 23 230
================================================================================
SM 1265 476 1005 0 0.06 0.0 353.8 M 120
================================================================================
AV 43.6 16.4 12.2 FASTST M M 4 MAX(MPH)
MISC ----> # 41 320 # 56 320
================================================================================
NOTES:
# LAST OF SEVERAL OCCURRENCES
COLUMN 17 PEAK WIND IN M.P.H.
PRELIMINARY LOCAL CLIMATOLOGICAL DATA (WS FORM: F-6) , PAGE 2
STATION: AKRON CO
MONTH: FEBRUARY
YEAR: 2020
LATITUDE: 40 10 N
LONGITUDE: 103 13 W
[TEMPERATURE DATA] [PRECIPITATION DATA] SYMBOLS USED IN COLUMN 16
AVERAGE MONTHLY: 30.0 TOTAL FOR MONTH: 0.06 1 = FOG OR MIST
DPTR FM NORMAL: -1.4 DPTR FM NORMAL: -0.38 2 = FOG REDUCING VISIBILITY
HIGHEST: 78 ON 2 GRTST 24HR 0.02 ON 24-24 TO 1/4 MILE OR LESS
LOWEST: -5 ON 5 3 = THUNDER
SNOW, ICE PELLETS, HAIL 4 = ICE PELLETS
TOTAL MONTH: 0.0 INCH 5 = HAIL
GRTST 24HR 0.0 6 = FREEZING RAIN OR DRIZZLE
GRTST DEPTH: 0 7 = DUSTSTORM OR SANDSTORM:
VSBY 1/2 MILE OR LESS
8 = SMOKE OR HAZE
[NO. OF DAYS WITH] [WEATHER - DAYS WITH] 9 = BLOWING SNOW
X = TORNADO
MAX 32 OR BELOW: 6 0.01 INCH OR MORE: 4
MAX 90 OR ABOVE: 0 0.10 INCH OR MORE: 0
MIN 32 OR BELOW: 29 0.50 INCH OR MORE: 0
MIN 0 OR BELOW: 2 1.00 INCH OR MORE: 0
[HDD (BASE 65) ]
TOTAL THIS MO. 1005 CLEAR (SCALE 0-3) 13
DPTR FM NORMAL 64 PTCLDY (SCALE 4-7) 11
TOTAL FM JUL 1 4538 CLOUDY (SCALE 8-10) 5
DPTR FM NORMAL -143
[CDD (BASE 65) ]
TOTAL THIS MO. 0
DPTR FM NORMAL 0 [PRESSURE DATA]
TOTAL FM JAN 1 0 HIGHEST SLP M ON M
DPTR FM NORMAL 0 LOWEST SLP 29.36 ON 2
[REMARKS]
#FINAL-02-20#