000
CXUS55 KBOU 010900
CF6AKO
PRELIMINARY LOCAL CLIMATOLOGICAL DATA (WS FORM: F-6)
STATION: AKRON CO
MONTH: OCTOBER
YEAR: 2023
LATITUDE: 40 10 N
LONGITUDE: 103 13 W
TEMPERATURE IN F: :PCPN: SNOW: WIND :SUNSHINE: SKY :PK WND
================================================================================
1 2 3 4 5 6A 6B 7 8 9 10 11 12 13 14 15 16 17 18
12Z AVG MX 2MIN
DY MAX MIN AVG DEP HDD CDD WTR SNW DPTH SPD SPD DIR MIN PSBL S-S WX SPD DR
================================================================================
1 84 63 74 17 0 9 0.00 M M 19.2 30 180 M M 0 44 180
2 86 55 71 14 0 6 0.22 M M 15.5 33 210 M M 2 13 53 200
3 70 44 57 1 8 0 0.01 M M 7.7 20 290 M M 4 12 26 310
4 69 38 54 -2 11 0 0.00 M M 4.0 16 200 M M 2 23 200
5 65 49 57 2 8 0 0.00 M M 7.5 15 30 M M 6 21 20
6 55 37 46 -9 19 0 0.00 M M 11.6 26 20 M M 5 37 10
7 71 35 53 -1 12 0 0.00 M M 7.5 17 260 M M 0 8 22 240
8 77 43 60 6 5 0 0.00 M M 9.9 17 270 M M 0 21 270
9 78 41 60 7 5 0 0.00 M M 5.6 13 200 M M 0 19 170
10 80 45 63 10 2 0 0.00 M M 8.7 21 280 M M 0 25 280
11 76 47 62 10 3 0 0.01 M M 11.8 25 340 M M 2 8 34 340
12 59 35 47 -5 18 0 0.23 M M 18.3 36 320 M M 6 13 48 320
13 49 27 38 -13 27 0 0.14 M M 20.8 41 340 M M 6 1 58 340
14 52 24 38 -13 27 0 0.00 M M 6.4 13 10 M M 0 17 360
15 62 28 45 -5 20 0 0.00 M M 8.5 16 10 M M 0 21 20
16 72 37 55 5 10 0 0.00 M M 8.1 15 270 M M 0 20 260
17 84 46 65 15 0 0 0.00 M M 9.6 31 330 M M 0 39 330
18 70 37 54 5 11 0 0.00 M M 12.2 37 340 M M 0 50 340
19 79 41 60 11 5 0 0.00 M M 11.8 25 340 M M 0 36 350
20 83 44 64 16 1 0 0.00 M M 9.5 17 350 M M 0 23 350
21 78 44 61 13 4 0 0.00 M M 12.1 22 120 M M 0 32 110
22 71 37 54 6 11 0 0.00 M M 8.4 17 130 M M 0 25 130
23 80 40 60 13 5 0 0.00 M M 6.8 15 100 M M 0 20 100
24 67 37 52 5 13 0 0.00 M M 8.9 17 330 M M 2 1 24 330
25 64 44 54 8 11 0 0.00 M M 9.5 21 150 M M 7 12 30 150
26 50 22 36 -10 29 0 0.01 M M 12.6 31 360 M M 10 12 40 360
27 44 18 31 -15 34 0 0.00 M M 10.4 20 10 M M 4 27 120
28 27 20 24 -21 41 0 0.29 M M 8.8 16 100 M M 8 12 23 120
29 29 13 21 -24 44 0 0.02 M M 9.8 21 340 M M 6 1 27 340
30 43 11 27 -17 38 0 0.00 M M 10.0 17 250 M M 0 21 240
31 49 17 33 -11 32 0 0.00 M M 9.0 16 220 M M 0 21 210
================================================================================
SM 2023 1119 454 15 0.93 M 320.5 M 70
================================================================================
AV 65.3 36.1 10.3 FASTST M M 2 MAX(MPH)
MISC ----> 41 340 58 340
================================================================================
NOTES:
# LAST OF SEVERAL OCCURRENCES
COLUMN 17 PEAK WIND IN M.P.H.
PRELIMINARY LOCAL CLIMATOLOGICAL DATA (WS FORM: F-6) , PAGE 2
STATION: AKRON CO
MONTH: OCTOBER
YEAR: 2023
LATITUDE: 40 10 N
LONGITUDE: 103 13 W
[TEMPERATURE DATA] [PRECIPITATION DATA] SYMBOLS USED IN COLUMN 16
AVERAGE MONTHLY: 50.7 TOTAL FOR MONTH: 0.93 1 = FOG OR MIST
DPTR FM NORMAL: 0.5 DPTR FM NORMAL: -0.06 2 = FOG REDUCING VISIBILITY
HIGHEST: 86 ON 2 GRTST 24HR 0.37 ON 12-13 TO 1/4 MILE OR LESS
LOWEST: 11 ON 30 3 = THUNDER
SNOW, ICE PELLETS, HAIL 4 = ICE PELLETS
TOTAL MONTH: M 5 = HAIL
GRTST 24HR M ON M 6 = FREEZING RAIN OR DRIZZLE
GRTST DEPTH: M ON M 7 = DUSTSTORM OR SANDSTORM:
VSBY 1/2 MILE OR LESS
8 = SMOKE OR HAZE
[NO. OF DAYS WITH] [WEATHER - DAYS WITH] 9 = BLOWING SNOW
X = TORNADO
MAX 32 OR BELOW: 2 0.01 INCH OR MORE: 8
MAX 90 OR ABOVE: 0 0.10 INCH OR MORE: 4
MIN 32 OR BELOW: 9 0.50 INCH OR MORE: 0
MIN 0 OR BELOW: 0 1.00 INCH OR MORE: 0
[HDD (BASE 65) ]
TOTAL THIS MO. 454 CLEAR (SCALE 0-3) 21
DPTR FM NORMAL -10 PTCLDY (SCALE 4-7) 8
TOTAL FM JUL 1 510 CLOUDY (SCALE 8-10) 2
DPTR FM NORMAL -94
[CDD (BASE 65) ]
TOTAL THIS MO. 15
DPTR FM NORMAL 10 [PRESSURE DATA]
TOTAL FM JAN 1 722 HIGHEST SLP M ON M
DPTR FM NORMAL -97 LOWEST SLP 29.24 ON 11
[REMARKS]
#FINAL-10-23#