000
CXUS55 KALY 011410
CF6ALB
PRELIMINARY LOCAL CLIMATOLOGICAL DATA (WS FORM: F-6)
STATION: ALBANY NY
MONTH: NOVEMBER
YEAR: 2020
LATITUDE: 42 45 N
LONGITUDE: 73 48 W
TEMPERATURE IN F: :PCPN: SNOW: WIND :SUNSHINE: SKY :PK WND
================================================================================
1 2 3 4 5 6A 6B 7 8 9 10 11 12 13 14 15 16 17 18
12Z AVG MX 2MIN
DY MAX MIN AVG DEP HDD CDD WTR SNW DPTH SPD SPD DIR MIN PSBL S-S WX SPD DR
================================================================================
1 48 30 39 -5 26 0 0.14 0.0 0 14.4 36 270 M M 7 1 48 270
2 38 31 35 -9 30 0 T T 0 14.8 36 280 M M 8 46 280
3 41 25 33 -11 32 0 0.21 T 0 9.2 26 260 M M 7 16 39 240
4 56 27 42 -2 23 0 0.00 0.0 0 9.3 20 170 M M 3 25 150
5 64 45 55 12 10 0 0.00 0.0 0 9.3 18 150 M M 4 23 150
6 70 45 58 15 7 0 0.00 0.0 0 5.2 15 160 M M 5 20 220
7 70 40 55 12 10 0 0.00 0.0 0 3.0 9 170 M M 5 1 11 160
8 72 34 53 11 12 0 0.00 0.0 0 0.8 7 180 M M 1 1 8 180
9 67 33 50 8 15 0 0.00 0.0 0 1.0 6 170 M M 1 1 8 160
10 70 34 52 10 13 0 0.00 0.0 0 6.1 15 160 M M 3 19 170
11 67 56 62 21 3 0 0.34 0.0 0 10.7 18 260 M M 7 1 27 140
12 56 33 45 4 20 0 T 0.0 0 9.2 18 280 M M 8 24 280
13 42 28 35 -6 30 0 0.02 0.0 0 2.8 12 270 M M 8 1 14 280
14 42 24 33 -7 32 0 T 0.0 0 8.5 23 270 M M 7 29 270
15 52 21 37 -3 28 0 0.44 T 0 8.3 30 230 M M 7 14 52 210
16 47 36 42 2 23 0 T 0.0 0 9.8 23 260 M M 8 8 33 270
17 40 28 34 -5 31 0 T T 0 8.1 20 260 M M 8 1 25 260
18 28 16 22 -17 43 0 T T 0 12.5 25 290 M M 6 37 290
19 41 16 29 -10 36 0 0.00 0.0 0 12.5 26 160 M M 8 36 170
20 56 39 48 10 17 0 0.00 0.0 0 10.4 20 160 M M 8 27 140
21 48 34 41 3 24 0 0.00 0.0 0 9.2 24 280 M M 6 32 280
22 41 23 32 -6 33 0 0.01 T 0 3.3 17 140 M M 8 1 25 130
23 43 27 35 -2 30 0 0.54 0.0 0 10.0 28 280 M M 7 1 38 290
24 40 23 32 -5 33 0 0.00 0.0 0 8.1 21 320 M M 4 25 270
25 46 25 36 0 29 0 0.12 T 0 6.9 23 170 M M 10 1 31 160
26 52 40 46 10 19 0 0.44 0.0 0 5.8 14 270 M M 10 1 17 250
27 49 40 45 9 20 0 T 0.0 0 5.8 15 270 M M 9 19 280
28 47 25 36 1 29 0 0.05 0.0 0 5.2 23 280 M M 7 33 270
29 47 22 35 0 30 0 0.00 0.0 0 3.6 13 160 M M 3 15 160
30 55 27 41 7 24 0 1.38 0.0 0 4.3 14 160 M M 10 1 21 170
================================================================================
SM 1535 927 712 0 3.69 T 228.1 M 193
================================================================================
AV 51.2 30.9 7.6 FASTST M M 6 MAX(MPH)
MISC ----> # 36 270 52 210
================================================================================
NOTES:
# LAST OF SEVERAL OCCURRENCES
COLUMN 17 PEAK WIND IN M.P.H.
PRELIMINARY LOCAL CLIMATOLOGICAL DATA (WS FORM: F-6) , PAGE 2
STATION: ALBANY NY
MONTH: NOVEMBER
YEAR: 2020
LATITUDE: 42 45 N
LONGITUDE: 73 48 W
[TEMPERATURE DATA] [PRECIPITATION DATA] SYMBOLS USED IN COLUMN 16
AVERAGE MONTHLY: 41.0 TOTAL FOR MONTH: 3.69 1 = FOG OR MIST
DPTR FM NORMAL: 1.3 DPTR FM NORMAL: 0.40 2 = FOG REDUCING VISIBILITY
HIGHEST: 72 ON 8 GRTST 24HR 1.38 ON 30-30 TO 1/4 MILE OR LESS
LOWEST: 16 ON 19,18 3 = THUNDER
SNOW, ICE PELLETS, HAIL 4 = ICE PELLETS
TOTAL MONTH: T 5 = HAIL
GRTST 24HR T ON 2- 2 6 = FREEZING RAIN OR DRIZZLE
GRTST DEPTH: 0 7 = DUSTSTORM OR SANDSTORM:
VSBY 1/2 MILE OR LESS
8 = SMOKE OR HAZE
[NO. OF DAYS WITH] [WEATHER - DAYS WITH] 9 = BLOWING SNOW
X = TORNADO
MAX 32 OR BELOW: 1 0.01 INCH OR MORE: 11
MAX 90 OR ABOVE: 0 0.10 INCH OR MORE: 8
MIN 32 OR BELOW: 17 0.50 INCH OR MORE: 2
MIN 0 OR BELOW: 0 1.00 INCH OR MORE: 1
[HDD (BASE 65) ]
TOTAL THIS MO. 712 CLEAR (SCALE 0-3) 5
DPTR FM NORMAL -47 PTCLDY (SCALE 4-7) 19
TOTAL FM JUL 1 1406 CLOUDY (SCALE 8-10) 6
DPTR FM NORMAL 1
[CDD (BASE 65) ]
TOTAL THIS MO. 0
DPTR FM NORMAL 0 [PRESSURE DATA]
TOTAL FM JAN 1 815 HIGHEST SLP 30.59 ON 18
DPTR FM NORMAL 217 LOWEST SLP 29.34 ON 30
[REMARKS]
#FINAL-11-20#