000
CXUS51 KALY 011941
CLSALB
CLIMATE REPORT
NATIONAL WEATHER SERVICE ALBANY NY
341 PM EDT FRI SEP 01 2023
...................................
...THE ALBANY NY CLIMATE SUMMARY FOR THE SEASON, FROM
6/1/2023 TO 8/31/2023...
CLIMATE NORMAL PERIOD: 1991 TO 2020
CLIMATE RECORD PERIOD: 1874 TO 2023
WEATHER OBSERVED NORMAL DEPART LAST YEAR`S
VALUE DATE(S) VALUE FROM VALUE DATE(S)
NORMAL
................................................................
TEMPERATURE (F)
RECORD
HIGH 104 07/04/1911
LOW 34 08/29/1982
HIGHEST 93 07/05 99 08/04
06/02
LOWEST 44 06/04 47 06/05
06/20
AVG. MAXIMUM 81.2 81.8 -0.6 84.2
AVG. MINIMUM 61.2 60.1 1.1 61.8
MEAN 71.2 71.0 0.2 72.9
DAYS MAX >= 90 7 8.5 -1.5 22
DAYS MAX <= 32 0 0.0 0.0 0
DAYS MIN <= 32 0 0.0 0.0 0
DAYS MIN <= 0 0 0.0 0.0 0
PRECIPITATION (INCHES)
RECORD
MAXIMUM 27.21 1871
MINIMUM 4.29 1929
TOTALS 18.89 12.36 6.53 7.27
DAILY AVG. 0.21 0.08
DAYS >= .01 45 34.6 10.4 29
DAYS >= .10 29 22.0 7.0 14
DAYS >= .50 12 8.3 3.7 5
DAYS >= 1.00 6 2.8 3.2 0
GREATEST
24 HR. TOTAL 2.31 07/18 TO 07/18
DEGREE DAYS
HEATING TOTAL 51 46 5 18
SINCE 7/1 2 9 -7 0
COOLING TOTAL 648 601 47 781
SINCE 1/1 694 644 50 868
................................................................
WIND (MPH)
AVERAGE WIND SPEED 5.9
HIGHEST WIND SPEED/DIRECTION 26/290 DATE 07/13
HIGHEST GUST SPEED/DIRECTION 36/220 DATE 07/13
WEATHER CONDITIONS. NUMBER OF DAYS WITH
THUNDERSTORM 22 MIXED PRECIP 0
HEAVY RAIN 15 RAIN 25
LIGHT RAIN 53 FREEZING RAIN 0
LT FREEZING RAIN 0 HAIL 0
HEAVY SNOW 0 SNOW 0
LIGHT SNOW 0 SLEET 0
FOG 59 FOG W/VIS <= 1/4 MILE 5
HAZE 15
- INDICATES NEGATIVE NUMBERS.
R INDICATES RECORD WAS SET OR TIED.
MM INDICATES DATA IS MISSING.
T INDICATES TRACE AMOUNT.
$$