000
CXUS54 KCRP 011310
CF6ALI
PRELIMINARY LOCAL CLIMATOLOGICAL DATA (WS FORM: F-6)
STATION: ALICE
MONTH: FEBRUARY
YEAR: 2023
LATITUDE: 27 44 N
LONGITUDE: 98 1 W
TEMPERATURE IN F: :PCPN: SNOW: WIND :SUNSHINE: SKY :PK WND
================================================================================
1 2 3 4 5 6A 6B 7 8 9 10 11 12 13 14 15 16 17 18
12Z AVG MX 2MIN
DY MAX MIN AVG DEP HDD CDD WTR SNW DPTH SPD SPD DIR MIN PSBL S-S WX SPD DR
================================================================================
1 39 34 37 -22 28 0 T 0.0 0 10.1 16 350 M M M 1 24 360
2 50 36 43 -16 22 0 T 0.0 0 M 18 330 M M M 1 26 330
3 63 38 51 -8 14 0 0.00 0.0 0 7.3 20 350 M M M 1 26 360
4 73 34 54 -5 11 0 0.00 0.0 0 5.9 14 140 M M M 1 23 140
5 82 44 63 3 2 0 0.00 0.0 0 6.3 17 140 M M M 12 23 130
6 85 49 67 7 0 2 0.00 0.0 0 13.0 25 140 M M M 12 33 140
7 81 69 75 15 0 10 0.00 0.0 0 14.1 23 130 M M M 34 140
8 71 40 56 -4 9 0 T 0.0 0 M 21 300 M M M 18 29 310
9 77 36 57 -3 8 0 0.00 0.0 0 6.0 16 130 M M M 23 140
10 66 42 54 -6 11 0 0.00 0.0 0 M 21 350 M M M 30 340
11 67 34 51 -10 14 0 0.00 0.0 0 M M M M M M M M
12 71 30 51 -10 14 0 0.00 0.0 0 M M M M M M M M
13 78 44 61 0 4 0 0.00 0.0 0 M 26 140 M M M 38 140
14 88 57 73 12 0 8 0.00 0.0 0 11.8 26 170 M M M 1 40 190
15 91 55 73 12 0 8 0.00 0.0 0 9.3 21 160 M M M 12 32 180
16 72 51 62 0 3 0 T 0.0 0141.1 28 360 M M M 38 10
17 60 38 49 -13 16 0 0.00 0.0 0 12.6 24 350 M M M 38 360
18 68 34 51 -11 14 0 0.00 0.0 0 M 13 50 M M M 19 50
19 83 43 63 1 2 0 0.00 0.0 0 M 20 120 M M M 26 130
20 89 61 75 13 0 10 T 0.0 0 8.8 21 220 M M M 1 26 220
21 92 64 78 15 0 13 M 0.0 0 15.9 39 170 M M M 1 29 200
22 M M M M M M M 0.0 0 M M M M M M M M
23 94 58 76 13 0 11 0.00 0.0 0 M 17 110 M M M 12 22 120
24 88 71 80 17 0 15 0.00 0.0 0 M 20 130 M M M 28 140
25 86 63 75 12 0 10 T 0.0 0 M 21 130 M M M 8 30 120
26 84 69 77 13 0 12 0.00 0.0 0 12.7 23 140 M M M 1 31 130
27 88 66 77 13 0 12 0.00 0.0 0 7.5 17 360 M M M 1 25 360
28 94 68 81 17 0 16 0.00 0.0 0 9.7 22 130 M M M 128 29 140
================================================================================
SM 2080 1328 172 127 T 0.0 292.1 M M
================================================================================
AV 77.0 49.2 18.3 FASTST M M M MAX(MPH)
MISC ----> 39 170 40 190
================================================================================
NOTES:
# LAST OF SEVERAL OCCURRENCES
COLUMN 17 PEAK WIND IN M.P.H.
PRELIMINARY LOCAL CLIMATOLOGICAL DATA (WS FORM: F-6) , PAGE 2
STATION: ALICE
MONTH: FEBRUARY
YEAR: 2023
LATITUDE: 27 44 N
LONGITUDE: 98 1 W
[TEMPERATURE DATA] [PRECIPITATION DATA] SYMBOLS USED IN COLUMN 16
AVERAGE MONTHLY: 63.1 TOTAL FOR MONTH: T 1 = FOG OR MIST
DPTR FM NORMAL: 1.8 DPTR FM NORMAL: -1.33 2 = FOG REDUCING VISIBILITY
HIGHEST: 94 ON 28,23 GRTST 24HR T ON 1- 1 TO 1/4 MILE OR LESS
LOWEST: 30 ON 12 3 = THUNDER
SNOW, ICE PELLETS, HAIL 4 = ICE PELLETS
TOTAL MONTH: 0.0 INCH 5 = HAIL
GRTST 24HR 0.0 6 = FREEZING RAIN OR DRIZZLE
GRTST DEPTH: 0 7 = DUSTSTORM OR SANDSTORM:
VSBY 1/2 MILE OR LESS
8 = SMOKE OR HAZE
[NO. OF DAYS WITH] [WEATHER - DAYS WITH] 9 = BLOWING SNOW
X = TORNADO
MAX 32 OR BELOW: 0 0.01 INCH OR MORE: 0
MAX 90 OR ABOVE: 4 0.10 INCH OR MORE: 0
MIN 32 OR BELOW: 1 0.50 INCH OR MORE: 0
MIN 0 OR BELOW: 0 1.00 INCH OR MORE: 0
[HDD (BASE 65) ]
TOTAL THIS MO. 172 CLEAR (SCALE 0-3) 0
DPTR FM NORMAL 5 PTCLDY (SCALE 4-7) 0
TOTAL FM JUL 1 719 CLOUDY (SCALE 8-10) 28
DPTR FM NORMAL -77
[CDD (BASE 65) ]
TOTAL THIS MO. 127
DPTR FM NORMAL 62 [PRESSURE DATA]
TOTAL FM JAN 1 210 HIGHEST SLP M ON M
DPTR FM NORMAL 113 LOWEST SLP M ON M
[REMARKS]
#FINAL-02-23#