000
CXUS54 KEPZ 011030
CF6ALM
PRELIMINARY LOCAL CLIMATOLOGICAL DATA (WS FORM: F-6)
STATION: ALAMOGORDO
MONTH: MAY
YEAR: 2020
LATITUDE: 32 49 N
LONGITUDE: 106 0 W
TEMPERATURE IN F: :PCPN: SNOW: WIND :SUNSHINE: SKY :PK WND
================================================================================
1 2 3 4 5 6A 6B 7 8 9 10 11 12 13 14 15 16 17 18
12Z AVG MX 2MIN
DY MAX MIN AVG DEP HDD CDD WTR SNW DPTH SPD SPD DIR MIN PSBL S-S WX SPD DR
================================================================================
1 95 61 78 M 0 13 0.00 M M 9.5 22 240 M M 0 29 230
2 93 57 75 M 0 10 0.00 M M 7.7 22 260 M M 0 28 260
3 91 57 74 M 0 9 0.00 M M 7.8 18 210 M M 0 26 180
4 91 57 74 M 0 9 0.00 M M 6.7 12 270 M M 0 18 290
5 84 57 71 M 0 6 0.00 M M 9.6 18 190 M M 0 8 25 220
6 91 52 72 M 0 7 0.00 M M 5.8 13 150 M M 0 18 160
7 97 63 80 M 0 15 0.00 M M 9.0 21 250 M M 0 31 250
8 81 57 69 M 0 4 0.00 M M 10.4 20 220 M M 0 30 220
9 86 50 68 M 0 3 0.00 M M 5.5 9 310 M M 0 M M
10 84 54 69 M 0 4 0.00 M M 8.2 22 180 M M 1 28 220
11 84 55 70 M 0 5 0.00 M M 9.6 38 320 M M 2 47 320
12 88 50 69 M 0 4 0.00 M M 6.8 15 250 M M 0 23 210
13 86 55 71 M 0 6 0.00 M 0 7.3 14 290 M M 0 25 230
14 88 55 72 M 0 7 0.00 M M 5.6 14 250 M M 0 22 250
15 86 50 68 M 0 3 0.00 0.0 0 6.5 13 300 M M 0 20 300
16 91 50 71 M 0 6 0.00 M M 6.8 13 270 M M 0 22 330
17 93 57 75 M 0 10 0.00 M M 6.2 12 260 M M 0 21 160
18 97 59 78 M 0 13 0.00 M M 5.9 16 180 M M 0 23 180
19 95 59 77 M 0 12 0.00 M M 6.9 18 240 M M 0 26 240
20 88 55 72 M 0 7 0.00 M M 7.8 17 230 M M 0 26 230
21 84 48 66 M 0 1 0.00 M M 7.1 17 220 M M 0 25 250
22 88 48 68 M 0 3 0.00 M M 7.4 17 230 M M 0 23 230
23 88 59 74 M 0 9 0.00 M M 7.9 16 250 M M 0 28 220
24 86 55 71 M 0 6 0.00 M M 6.8 15 240 M M 0 27 240
25 81 57 69 M 0 4 0.00 M M 8.1 16 330 M M 0 22 330
26 84 50 67 M 0 2 0.00 M M 5.4 9 140 M M 0 20 340
27 95 57 76 M 0 11 0.00 M M 7.3 12 350 M M 0 26 230
28 95 63 79 M 0 14 0.00 M M 7.2 14 70 M M 0 22 210
29 91 64 78 M 0 13 0.00 M M 9.0 16 160 M M 0 24 160
30 93 64 79 M 0 14 0.00 M M 10.6 21 180 M M 0 24 190
31 91 64 78 M 0 13 0.00 M M 9.1 20 160 M M 0 8 26 160
================================================================================
SM 2765 1739 0 243 0.00 0.0 235.4 M 3
================================================================================
AV 89.2 56.1 7.6 FASTST M M 0 MAX(MPH)
MISC ----> 38 320 47 320
================================================================================
NOTES:
# LAST OF SEVERAL OCCURRENCES
COLUMN 17 PEAK WIND IN M.P.H.
PRELIMINARY LOCAL CLIMATOLOGICAL DATA (WS FORM: F-6) , PAGE 2
STATION: ALAMOGORDO
MONTH: MAY
YEAR: 2020
LATITUDE: 32 49 N
LONGITUDE: 106 0 W
[TEMPERATURE DATA] [PRECIPITATION DATA] SYMBOLS USED IN COLUMN 16
AVERAGE MONTHLY: 72.6 TOTAL FOR MONTH: 0.00 1 = FOG OR MIST
DPTR FM NORMAL: 0.0 DPTR FM NORMAL: M 2 = FOG REDUCING VISIBILITY
HIGHEST: 97 ON 18, 7 GRTST 24HR 0.00 ON 1- 1 TO 1/4 MILE OR LESS
LOWEST: 48 ON 22,21 3 = THUNDER
SNOW, ICE PELLETS, HAIL 4 = ICE PELLETS
TOTAL MONTH: 0.0 INCH 5 = HAIL
GRTST 24HR 0.0 6 = FREEZING RAIN OR DRIZZLE
GRTST DEPTH: 0 7 = DUSTSTORM OR SANDSTORM:
VSBY 1/2 MILE OR LESS
8 = SMOKE OR HAZE
[NO. OF DAYS WITH] [WEATHER - DAYS WITH] 9 = BLOWING SNOW
X = TORNADO
MAX 32 OR BELOW: 0 0.01 INCH OR MORE: 0
MAX 90 OR ABOVE: 15 0.10 INCH OR MORE: 0
MIN 32 OR BELOW: 0 0.50 INCH OR MORE: 0
MIN 0 OR BELOW: 0 1.00 INCH OR MORE: 0
[HDD (BASE 65) ]
TOTAL THIS MO. 0 CLEAR (SCALE 0-3) 31
DPTR FM NORMAL M PTCLDY (SCALE 4-7) 0
TOTAL FM JUL 1 2863 CLOUDY (SCALE 8-10) 0
DPTR FM NORMAL M
[CDD (BASE 65) ]
TOTAL THIS MO. 243
DPTR FM NORMAL M [PRESSURE DATA]
TOTAL FM JAN 1 278 HIGHEST SLP M ON M
DPTR FM NORMAL M LOWEST SLP M ON M
[REMARKS]
#FINAL-05-20#