000
CXUS53 KDMX 221516
CF6ALO
PRELIMINARY LOCAL CLIMATOLOGICAL DATA (WS FORM: F-6)
STATION: WATERLOO IA
MONTH: FEBRUARY
YEAR: 2023
LATITUDE: 42 32 N
LONGITUDE: 92 24 W
TEMPERATURE IN F: :PCPN: SNOW: WIND :SUNSHINE: SKY :PK WND
================================================================================
1 2 3 4 5 6A 6B 7 8 9 10 11 12 13 14 15 16 17 18
12Z AVG MX 2MIN
DY MAX MIN AVG DEP HDD CDD WTR SNW DPTH SPD SPD DIR MIN PSBL S-S WX SPD DR
================================================================================
1 25 -7 9 -11 56 0 0.00 0.0 7 4.6 15 210 M M 0 8 17 220
2 22 -6 8 -12 57 0 0.00 0.0 7 12.9 29 320 M M 0 18 36 330
3 11 -10 1 -19 64 0 0.00 0.0 7 9.6 20 330 M M 5 26 320
4 38 10 24 4 41 0 0.00 0.0 7 7.6 16 160 M M 0 1 24 160
5 34 8 21 0 44 0 0.00 0.0 6 7.2 18 290 M M 0 128 25 300
6 44 8 26 5 39 0 0.00 0.0 5 11.2 29 120 M M 5 128 38 120
7 37 26 32 11 33 0 0.00 0.0 4 10.8 22 290 M M 4 32 280
8 54 22 38 17 27 0 0.00 0.0 3 5.7 16 190 M M 0 8 22 180
9 39 24 32 10 33 0 0.01 0.0 2 13.8 26 320 M M 8 8 38 320
10 33 13 23 1 42 0 0.00 0.0 2 9.2 21 330 M M 0 28 320
11 47 23 35 13 30 0 0.00 0.0 1 11.1 23 220 M M 0 31 210
12 47 25 36 13 29 0 0.00 0.0 1 6.5 14 230 M M 0 17 230
13 51 28 40 17 25 0 0.00 0.0 1 8.0 14 170 M M 0 20 180
14 48 34 41 18 24 0 0.82 0.0 T 13.3 28 150 M M 7 18 41 120
15 45 22 34 10 31 0 T 0.0 0 17.1 30 270 M M 10 1 43 260
16 27 11 19 -5 46 0 0.13 2.8 0 16.0 24 320 M M 8 8 32 320
17 27 6 17 -7 48 0 0.00 0.0 3 8.6 17 180 M M 0 23 180
18 41 19 30 5 35 0 0.00 0.0 2 8.5 20 190 M M 0 30 200
19 45 26 36 11 29 0 0.00 0.0 0 11.6 20 200 M M 2 27 190
20 48 23 36 10 29 0 0.00 0.0 0 11.2 29 290 M M 3 1 44 300
21 31 14 23 -3 42 0 0.00 0.0 0 12.6 31 310 M M 5 41 320
22 31 26 29 3 36 0 0.20 0.5 0 18.2 29 70 M M 8 168 39 70
23 32 6 19 -8 46 0 0.03 T 1 15.0 29 280 M M 7 1 38 290
24 24 1 13 -14 52 0 T 0.1 1 7.1 18 310 M M 6 8 23 310
25 37 13 25 -3 40 0 0.00 0.0 T 8.6 23 230 M M 1 29 220
26 50 19 35 7 30 0 0.00 0.0 0 8.4 21 110 M M 2 26 110
27 43 35 39 10 26 0 1.10 0.0 0 15.8 26 110 M M 10 13 36 110
28 43 26 35 6 30 0 T 0.0 0 6.7 16 50 M M 5 18 21 50
================================================================================
SM 1054 445 1064 0 2.29 3.4 296.9 M 96
================================================================================
AV 37.6 15.9 10.6 FASTST M M 3 MAX(MPH)
MISC ----> 31 310 44 300
================================================================================
NOTES:
# LAST OF SEVERAL OCCURRENCES
COLUMN 17 PEAK WIND IN M.P.H.
PRELIMINARY LOCAL CLIMATOLOGICAL DATA (WS FORM: F-6) , PAGE 2
STATION: WATERLOO IA
MONTH: FEBRUARY
YEAR: 2023
LATITUDE: 42 32 N
LONGITUDE: 92 24 W
[TEMPERATURE DATA] [PRECIPITATION DATA] SYMBOLS USED IN COLUMN 16
AVERAGE MONTHLY: 26.8 TOTAL FOR MONTH: 2.29 1 = FOG OR MIST
DPTR FM NORMAL: 2.9 DPTR FM NORMAL: 1.15 2 = FOG REDUCING VISIBILITY
HIGHEST: 54 ON 8 GRTST 24HR 1.10 ON 27-27 TO 1/4 MILE OR LESS
LOWEST: -10 ON 3 3 = THUNDER
SNOW, ICE PELLETS, HAIL 4 = ICE PELLETS
TOTAL MONTH: 3.4 INCHES 5 = HAIL
GRTST 24HR 2.8 ON 16-16 6 = FREEZING RAIN OR DRIZZLE
GRTST DEPTH: 7 ON 4, 3 7 = DUSTSTORM OR SANDSTORM:
VSBY 1/2 MILE OR LESS
8 = SMOKE OR HAZE
[NO. OF DAYS WITH] [WEATHER - DAYS WITH] 9 = BLOWING SNOW
X = TORNADO
MAX 32 OR BELOW: 9 0.01 INCH OR MORE: 6
MAX 90 OR ABOVE: 0 0.10 INCH OR MORE: 4
MIN 32 OR BELOW: 26 0.50 INCH OR MORE: 2
MIN 0 OR BELOW: 3 1.00 INCH OR MORE: 1
[HDD (BASE 65) ]
TOTAL THIS MO. 1068 CLEAR (SCALE 0-3) 14
DPTR FM NORMAL -83 PTCLDY (SCALE 4-7) 10
TOTAL FM JUL 1 5051 CLOUDY (SCALE 8-10) 4
DPTR FM NORMAL -118
[CDD (BASE 65) ]
TOTAL THIS MO. 0
DPTR FM NORMAL 0 [PRESSURE DATA]
TOTAL FM JAN 1 0 HIGHEST SLP 30.75 ON 24
DPTR FM NORMAL 0 LOWEST SLP 29.08 ON 27
[REMARKS]
#FINAL-02-23#