000
CXUS53 KDMX 050259
CF6ALO
PRELIMINARY LOCAL CLIMATOLOGICAL DATA (WS FORM: F-6)
STATION: WATERLOO IA
MONTH: JUNE
YEAR: 2022
LATITUDE: 42 32 N
LONGITUDE: 92 24 W
TEMPERATURE IN F: :PCPN: SNOW: WIND :SUNSHINE: SKY :PK WND
================================================================================
1 2 3 4 5 6A 6B 7 8 9 10 11 12 13 14 15 16 17 18
12Z AVG MX 2MIN
DY MAX MIN AVG DEP HDD CDD WTR SNW DPTH SPD SPD DIR MIN PSBL S-S WX SPD DR
================================================================================
1 74 53 64 -4 1 0 0.00 0.0 0 8.1 16 320 M M 1 22 290
2 80 45 63 -5 2 0 0.00 0.0 0 8.1 24 270 M M 1 36 260
3 78 48 63 -5 2 0 0.00 0.0 0 5.5 20 330 M M 1 25 340
4 69 56 63 -6 2 0 0.02 0.0 0 8.7 18 80 M M 9 24 140
5 82 55 69 0 0 4 1.73 0.0 0 7.4 22 280 M M 8 13 31 280
6 73 60 67 -2 0 2 0.04 0.0 0 5.7 17 40 M M 9 1 22 50
7 80 56 68 -2 0 3 0.13 0.0 0 2.9 24 360 M M 6 13 32 350
8 77 58 68 -2 0 3 0.32 0.0 0 6.8 18 340 M M 5 13 24 340
9 80 55 68 -2 0 3 0.00 0.0 0 4.5 14 340 M M 4 21 310
10 74 61 68 -2 0 3 0.25 0.0 0 5.0 12 230 M M 6 1 14 300
11 75 61 68 -3 0 3 0.01 0.0 0 6.9 14 230 M M 7 20 190
12 87 63 75 4 0 10 0.01 0.0 0 8.1 16 100 M M 4 13 20 100
13 90 68 79 8 0 14 0.03 0.0 0 10.2 20 130 M M 5 138 26 130
14 97 71 84 12 0 19 0.02 0.0 0 15.7 26 210 M M 0 3 39 180
15 87 63 75 3 0 10 0.81 0.0 0 8.5 28 310 M M 6 138 36 310
16 90 61 76 4 0 11 0.00 0.0 0 10.1 25 260 M M 0 35 270
17 87 60 74 2 0 9 0.00 0.0 0 6.3 16 340 M M 0 25 360
18 84 58 71 -1 0 6 0.00 0.0 0 10.3 18 130 M M 0 25 130
19 90 63 77 4 0 12 0.00 0.0 0 13.3 20 190 M M 0 28 200
20 95 69 82 9 0 17 0.00 0.0 0 12.9 24 230 M M 0 30 220
21 95 66 81 8 0 16 0.00 0.0 0 10.6 21 320 M M 0 29 260
22 88 62 75 2 0 10 0.00 0.0 0 8.3 18 320 M M 0 26 340
23 92 60 76 3 0 11 0.00 0.0 0 8.6 17 210 M M 0 24 200
24 87 64 76 2 0 11 0.06 0.0 0 11.0 23 210 M M 3 31 210
25 83 68 76 2 0 11 2.45 0.0 0 8.1 23 150 M M 7 13 35 150
26 76 57 67 -7 0 2 0.00 0.0 0 12.2 25 320 M M 0 34 320
27 83 51 67 -7 0 2 0.00 0.0 0 4.5 17 310 M M 0 25 330
28 85 59 72 -2 0 7 0.12 0.0 0 10.5 26 230 M M 2 13 36 240
29 91 58 75 1 0 10 0.00 0.0 0 8.8 20 190 M M 0 1 30 200
30 90 71 81 7 0 16 0.00 0.0 0 11.9 28 210 M M 1 39 210
================================================================================
SM 2519 1800 7 225 6.00 0.0 259.5 M 85
================================================================================
AV 84.0 60.0 8.7 FASTST M M 3 MAX(MPH)
MISC ----> # 28 310 # 39 180
================================================================================
NOTES:
# LAST OF SEVERAL OCCURRENCES
COLUMN 17 PEAK WIND IN M.P.H.
PRELIMINARY LOCAL CLIMATOLOGICAL DATA (WS FORM: F-6) , PAGE 2
STATION: WATERLOO IA
MONTH: JUNE
YEAR: 2022
LATITUDE: 42 32 N
LONGITUDE: 92 24 W
[TEMPERATURE DATA] [PRECIPITATION DATA] SYMBOLS USED IN COLUMN 16
AVERAGE MONTHLY: 72.0 TOTAL FOR MONTH: 6.00 1 = FOG OR MIST
DPTR FM NORMAL: 0.5 DPTR FM NORMAL: 0.28 2 = FOG REDUCING VISIBILITY
HIGHEST: 97 ON 14 GRTST 24HR 2.51 ON 24-25 TO 1/4 MILE OR LESS
LOWEST: 45 ON 2 3 = THUNDER
SNOW, ICE PELLETS, HAIL 4 = ICE PELLETS
TOTAL MONTH: 0.0 INCH 5 = HAIL
GRTST 24HR 0.0 6 = FREEZING RAIN OR DRIZZLE
GRTST DEPTH: 0 7 = DUSTSTORM OR SANDSTORM:
VSBY 1/2 MILE OR LESS
8 = SMOKE OR HAZE
[NO. OF DAYS WITH] [WEATHER - DAYS WITH] 9 = BLOWING SNOW
X = TORNADO
MAX 32 OR BELOW: 0 0.01 INCH OR MORE: 14
MAX 90 OR ABOVE: 9 0.10 INCH OR MORE: 7
MIN 32 OR BELOW: 0 0.50 INCH OR MORE: 3
MIN 0 OR BELOW: 0 1.00 INCH OR MORE: 2
[HDD (BASE 65) ]
TOTAL THIS MO. 7 CLEAR (SCALE 0-3) 18
DPTR FM NORMAL -11 PTCLDY (SCALE 4-7) 9
TOTAL FM JUL 1 6670 CLOUDY (SCALE 8-10) 3
DPTR FM NORMAL -42
[CDD (BASE 65) ]
TOTAL THIS MO. 225
DPTR FM NORMAL 13 [PRESSURE DATA]
TOTAL FM JAN 1 333 HIGHEST SLP 30.29 ON 27
DPTR FM NORMAL 49 LOWEST SLP 29.59 ON 13
[REMARKS]
#FINAL-06-22#