000
CXUS56 KPDT 011810
CF6ALW
PRELIMINARY LOCAL CLIMATOLOGICAL DATA (WS FORM: F-6)
STATION: WALLA WALLA WA
MONTH: MARCH
YEAR: 2022
LATITUDE: 46 5 N
LONGITUDE: 118 17 W
TEMPERATURE IN F: :PCPN: SNOW: WIND :SUNSHINE: SKY :PK WND
================================================================================
1 2 3 4 5 6A 6B 7 8 9 10 11 12 13 14 15 16 17 18
12Z AVG MX 2MIN
DY MAX MIN AVG DEP HDD CDD WTR SNW DPTH SPD SPD DIR MIN PSBL S-S WX SPD DR
================================================================================
1 65 47 56 13 9 0 0.14 M M 8.0 17 210 M M 9 23 210
2 53 47 50 7 15 0 0.14 M M 5.1 9 170 M M 9 12 11 180
3 48 38 43 -1 22 0 0.50 M M 10.2 16 200 M M 9 12 20 200
4 50 32 41 -3 24 0 0.00 M M 7.6 15 190 M M 2 20 190
5 48 30 39 -5 26 0 0.00 M M 6.1 13 210 M M 3 16 200
6 50 31 41 -3 24 0 0.00 M M 6.0 12 10 M M 1 15 360
7 58 34 46 1 19 0 0.00 M M 9.8 17 230 M M 2 25 230
8 44 32 38 -7 27 0 0.13 M M 6.6 21 10 M M 9 1 25 360
9 40 25 33 -12 32 0 T M M 7.6 18 10 M M 4 27 10
10 44 21 33 -13 32 0 0.00 M M 4.9 15 190 M M 1 20 190
11 58 34 46 0 19 0 T M M 6.2 18 180 M M 7 24 140
12 69 40 55 9 10 0 T M M 4.9 24 260 M M 2 30 260
13 51 40 46 0 19 0 0.23 M M 11.4 37 240 M M 8 1 46 250
14 59 41 50 3 15 0 0.29 M M 7.2 17 300 M M 9 1 24 300
15 58 42 50 3 15 0 0.15 M M 14.6 31 250 M M 8 39 260
16 54 39 47 0 18 0 T M M 9.6 17 220 M M 5 8 23 210
17 57 33 45 -2 20 0 0.03 M M 7.2 15 190 M M 3 18 220
18 58 43 51 3 14 0 0.00 M M 6.9 15 240 M M 5 20 250
19 53 38 46 -2 19 0 T M M 9.3 24 250 M M 6 37 240
20 51 33 42 -6 23 0 0.00 M M 11.2 18 220 M M 4 26 220
21 52 40 46 -2 19 0 0.06 M M 7.0 15 180 M M 10 21 160
22 64 47 56 8 9 0 T M M 3.7 12 90 M M 6 15 230
23 65 42 54 6 11 0 T M M 9.2 23 210 M M 5 128 31 210
24 61 38 50 1 15 0 0.00 M M 5.5 15 30 M M 2 8 22 360
25 60 42 51 2 14 0 0.00 M M 3.2 9 160 M M 1 11 170
26 67 42 55 6 10 0 0.00 M M 5.2 12 50 M M 3 13 190
27 63 45 54 5 11 0 0.00 M M 5.4 12 250 M M 0 17 210
28 66 48 57 8 8 0 0.02 M M 7.0 17 80 M M 5 1 21 90
29 63 48 56 6 9 0 0.00 M M 8.4 21 190 M M 4 29 180
30 57 44 51 1 14 0 0.00 M M 15.9 26 210 M M 5 35 230
31 54 38 46 -4 19 0 0.00 M M 10.6 14 210 M M 7 25 240
================================================================================
SM 1740 1194 541 0 1.69 M 241.5 M 154
================================================================================
AV 56.1 38.5 7.8 FASTST M M 5 MAX(MPH)
MISC ----> 37 240 46 250
================================================================================
NOTES:
# LAST OF SEVERAL OCCURRENCES
COLUMN 17 PEAK WIND IN M.P.H.
PRELIMINARY LOCAL CLIMATOLOGICAL DATA (WS FORM: F-6) , PAGE 2
STATION: WALLA WALLA WA
MONTH: MARCH
YEAR: 2022
LATITUDE: 46 5 N
LONGITUDE: 118 17 W
[TEMPERATURE DATA] [PRECIPITATION DATA] SYMBOLS USED IN COLUMN 16
AVERAGE MONTHLY: 47.3 TOTAL FOR MONTH: 1.69 1 = FOG OR MIST
DPTR FM NORMAL: 0.5 DPTR FM NORMAL: -0.42 2 = FOG REDUCING VISIBILITY
HIGHEST: 69 ON 12 GRTST 24HR 0.50 ON 2- 3 TO 1/4 MILE OR LESS
LOWEST: 21 ON 10 3 = THUNDER
SNOW, ICE PELLETS, HAIL 4 = ICE PELLETS
TOTAL MONTH: M 5 = HAIL
GRTST 24HR M ON M 6 = FREEZING RAIN OR DRIZZLE
GRTST DEPTH: M ON M 7 = DUSTSTORM OR SANDSTORM:
VSBY 1/2 MILE OR LESS
8 = SMOKE OR HAZE
[NO. OF DAYS WITH] [WEATHER - DAYS WITH] 9 = BLOWING SNOW
X = TORNADO
MAX 32 OR BELOW: 0 0.01 INCH OR MORE: 10
MAX 90 OR ABOVE: 0 0.10 INCH OR MORE: 7
MIN 32 OR BELOW: 6 0.50 INCH OR MORE: 1
MIN 0 OR BELOW: 0 1.00 INCH OR MORE: 0
[HDD (BASE 65) ]
TOTAL THIS MO. 541 CLEAR (SCALE 0-3) 11
DPTR FM NORMAL -23 PTCLDY (SCALE 4-7) 14
TOTAL FM JUL 1 4168 CLOUDY (SCALE 8-10) 6
DPTR FM NORMAL -19
[CDD (BASE 65) ]
TOTAL THIS MO. 0
DPTR FM NORMAL 0 [PRESSURE DATA]
TOTAL FM JAN 1 0 HIGHEST SLP M ON M
DPTR FM NORMAL 0 LOWEST SLP 29.60 ON 27
[REMARKS]
#FINAL-03-22#