000
CXUS54 KAMA 011628
CF6AMA
PRELIMINARY LOCAL CLIMATOLOGICAL DATA (WS FORM: F-6)
STATION: AMARILLO
MONTH: OCTOBER
YEAR: 2020
LATITUDE: 35 13 N
LONGITUDE: 101 42 W
TEMPERATURE IN F: :PCPN: SNOW: WIND :SUNSHINE: SKY :PK WND
================================================================================
1 2 3 4 5 6A 6B 7 8 9 10 11 12 13 14 15 16 17 18
12Z AVG MX 2MIN
DY MAX MIN AVG DEP HDD CDD WTR SNW DPTH SPD SPD DIR MIN PSBL S-S WX SPD DR
================================================================================
1 73 48 61 -3 4 0 0.00 0.0 0 10.7 20 60 M M 0 26 40
2 83 45 64 1 1 0 0.00 0.0 0 14.5 28 200 M M 0 35 200
3 73 49 61 -2 4 0 0.00 0.0 0 13.4 28 30 M M 0 35 30
4 77 43 60 -2 5 0 0.00 0.0 0 10.2 22 200 M M 0 29 200
5 90 51 71 9 0 6 0.00 0.0 0 14.0 26 190 M M 0 30 200
6 89 50 70 8 0 5 0.00 0.0 0 9.3 15 350 M M 0 19 340
7 93 52 73 12 0 8 0.00 0.0 0 11.1 20 240 M M 0 26 230
8 90 53 72 11 0 7 0.00 0.0 0 15.4 25 180 M M 0 8 37 210
9 94 56 75 14 0 10 0.00 0.0 0 12.8 25 210 M M 0 32 210
10 93 50 72 12 0 7 0.00 0.0 0 8.6 17 130 M M 0 25 330
11 92 49 71 11 0 6 0.00 0.0 0 19.4 38 230 M M 1 8 48 230
12 75 42 59 -1 6 0 0.00 0.0 0 11.1 29 360 M M 0 8 34 360
13 85 49 67 8 0 2 0.00 0.0 0 8.7 21 350 M M 0 8 24 350
14 94 49 72 13 0 7 0.00 0.0 0 13.2 32 20 M M 0 43 20
15 64 42 53 -6 12 0 0.00 0.0 0 14.0 37 10 M M 0 45 10
16 67 35 51 -7 14 0 0.00 0.0 0 13.7 29 190 M M 0 33 180
17 87 48 68 10 0 3 0.00 0.0 0 12.4 26 200 M M 0 33 200
18 65 38 52 -6 13 0 0.00 0.0 0 16.1 29 350 M M 7 1 34 10
19 66 37 52 -5 13 0 0.00 0.0 0 7.8 20 150 M M 5 1 23 150
20 85 43 64 7 1 0 T 0.0 0 15.3 22 200 M M 3 128 29 180
21 84 53 69 12 0 4 0.00 0.0 0 16.3 29 170 M M 3 12 36 170
22 90 44 67 11 0 2 0.00 0.0 0 21.8 35 360 M M 1 43 10
23 47 33 40 -16 25 0 0.00 0.0 0 18.0 35 360 M M 6 42 360
24 79 28 54 -2 11 0 0.00 0.0 0 17.7 32 190 M M 0 40 180
25 46 26 36 -19 29 0 T T 0 17.3 29 10 M M 8 1 34 10
26 27 18 23 -32 42 0 0.42 0.5 T 21.2 30 40 M M 10 136 37 10
27 29 18 24 -31 41 0 0.54 1.8 2 15.8 24 360 M M 10 13 31 350
28 34 27 31 -23 34 0 0.45 4.5 1 15.9 40 340 M M 10 1236 51 340
29 47 33 40 -14 25 0 0.20 0.6 5 11.8 30 340 M M 2 1 38 340
30 68 34 51 -3 14 0 0.00 0.0 3 14.9 23 190 M M 0 27 180
31 77 42 60 7 5 0 0.00 0.0 0 13.4 25 10 M M 0 30 10
================================================================================
SM 2263 1285 299 67 1.61 7.4 435.8 M 66
================================================================================
AV 73.0 41.5 14.1 FASTST M M 2 MAX(MPH)
MISC ----> 40 340 51 340
================================================================================
NOTES:
# LAST OF SEVERAL OCCURRENCES
COLUMN 17 PEAK WIND IN M.P.H.
PRELIMINARY LOCAL CLIMATOLOGICAL DATA (WS FORM: F-6) , PAGE 2
STATION: AMARILLO
MONTH: OCTOBER
YEAR: 2020
LATITUDE: 35 13 N
LONGITUDE: 101 42 W
[TEMPERATURE DATA] [PRECIPITATION DATA] SYMBOLS USED IN COLUMN 16
AVERAGE MONTHLY: 57.2 TOTAL FOR MONTH: 1.61 1 = FOG OR MIST
DPTR FM NORMAL: -1.1 DPTR FM NORMAL: -0.05 2 = FOG REDUCING VISIBILITY
HIGHEST: 94 ON 14, 9 GRTST 24HR 1.24 ON 25-26 TO 1/4 MILE OR LESS
LOWEST: 18 ON 27,26 3 = THUNDER
SNOW, ICE PELLETS, HAIL 4 = ICE PELLETS
TOTAL MONTH: 7.4 INCHES 5 = HAIL
GRTST 24HR 4.5 ON 28-28 6 = FREEZING RAIN OR DRIZZLE
GRTST DEPTH: 5 ON 29 7 = DUSTSTORM OR SANDSTORM:
VSBY 1/2 MILE OR LESS
8 = SMOKE OR HAZE
[NO. OF DAYS WITH] [WEATHER - DAYS WITH] 9 = BLOWING SNOW
X = TORNADO
MAX 32 OR BELOW: 2 0.01 INCH OR MORE: 4
MAX 90 OR ABOVE: 8 0.10 INCH OR MORE: 4
MIN 32 OR BELOW: 5 0.50 INCH OR MORE: 1
MIN 0 OR BELOW: 0 1.00 INCH OR MORE: 0
[HDD (BASE 65) ]
TOTAL THIS MO. 299 CLEAR (SCALE 0-3) 24
DPTR FM NORMAL 63 PTCLDY (SCALE 4-7) 4
TOTAL FM JUL 1 365 CLOUDY (SCALE 8-10) 3
DPTR FM NORMAL 87
[CDD (BASE 65) ]
TOTAL THIS MO. 67
DPTR FM NORMAL 39 [PRESSURE DATA]
TOTAL FM JAN 1 1849 HIGHEST SLP 30.41 ON 16
DPTR FM NORMAL 451 LOWEST SLP 29.57 ON 11
[REMARKS]
#FINAL-10-20#